114.119.153.114 - - [01/Mar/2024:17:48:57 +0900] "GET /vflex/wp-content/uploads/2022/12/graphic-designer-150x150.png HTTP/1.1" 200 5316 "https://b2csoftwares.com/vflex/custom-application-development" "Mozilla/5.0 (Linux; Android 7.0;) AppleWebKit/537.36 (KHTML, like Gecko) Mobile Safari/537.36 (compatible; PetalBot;+https://webmaster.petalsearch.com/site/petalbot)"
207.46.13.6 - - [01/Mar/2024:17:49:34 +0900] "GET /wanderlus/wp-content/themes/wanderlus/assets/images/ICELAND-PIC.png HTTP/1.1" 200 27733 "-" "Mozilla/5.0 AppleWebKit/537.36 (KHTML, like Gecko; compatible; bingbot/2.0; +http://www.bing.com/bingbot.htm) Chrome/116.0.1938.76 Safari/537.36"
154.202.97.31 - - [01/Mar/2024:17:51:46 +0900] "GET / HTTP/1.1" 200 10532 "-" "Mozilla/5.0 (Windows NT 10.0; WOW64) AppleWebKit/537.36 (KHTML, like Gecko) Chrome/114.0.0.0 YaBrowser/22.7.0 Yowser/2.5 Safari/537.36"
154.201.61.82 - - [01/Mar/2024:17:52:19 +0900] "GET / HTTP/1.1" 200 10532 "https://www.b2csoftwares.com/" "Mozilla/5.0 (Windows NT 10.0; WOW64) AppleWebKit/537.36 (KHTML, like Gecko) Chrome/114.0.0.0 YaBrowser/22.7.0 Yowser/2.5 Safari/537.36"
154.202.111.25 - - [01/Mar/2024:17:52:20 +0900] "GET /tel:08000614395 HTTP/1.1" 200 10532 "https://www.b2csoftwares.com/" "Mozilla/5.0 (Windows NT 10.0; WOW64) AppleWebKit/537.36 (KHTML, like Gecko) Chrome/114.0.0.0 YaBrowser/22.7.0 Yowser/2.5 Safari/537.36"
154.202.120.16 - - [01/Mar/2024:17:52:20 +0900] "GET /tel:+1-917-724-2928 HTTP/1.1" 200 10532 "https://www.b2csoftwares.com/" "Mozilla/5.0 (Windows NT 10.0; WOW64) AppleWebKit/537.36 (KHTML, like Gecko) Chrome/114.0.0.0 YaBrowser/22.7.0 Yowser/2.5 Safari/537.36"
154.202.98.196 - - [01/Mar/2024:17:52:27 +0900] "GET /?name_req=Edcel+Sandoval&email_req=edcel.m.sandoval%40gmail.com&phone_number=&content=Hi%2C%0D%0A%0D%0AI+just+came+across+your+b2csoftwares.com+website.+I+really+like+the+clean+design+and+usability+of+it.+It%E2%80%99s+really+nice.%0D%0A%0D%0AThis+is+Edcel.+I+worked+as+a+Social+Media+Management+professional.+We+specialized+in+constantly+updating+the+social+media+profiles+of+brands+over+the+last+few+years+using+eye+catching+images+and+engaging+captions.+By+doing+this+routine%2C+it+builds+trust+when+people+see+that+you+have+an+up+to+date+social+media+profiles.+Trust+builds+confidence+for+buyers.+And+when+they+are+confident%2C+they+are+likely+to+convert+into+customers.%0D%0A%0D%0AI%27d+happy+to+give+you+a+complimentary+3-days+test+of+our+service.+A+total+of+3+posts.%0D%0A%0D%0AI+would+love+the+chance+to+discuss+how+we+can+contribute+to+the+growth+of+b2csoftwares.com+through+effective+social+media+management.+Are+you+available+for+a+quick+chat+to+explore+this+further%3F+I%E2%80%99d+be+delighted+to+get+in+touch.%0D%0A%0D%0AAll+the+best%2C%0D%0AEdcel+Sandoval%0D%0ASocial+Media+Management+Specialist%0D%0Aedcel.m.sandoval%40gmail.com HTTP/1.1" 200 10532 "https://www.b2csoftwares.com/" "Mozilla/5.0 (Windows NT 10.0; WOW64) AppleWebKit/537.36 (KHTML, like Gecko) Chrome/114.0.0.0 YaBrowser/22.7.0 Yowser/2.5 Safari/537.36"
114.119.138.202 - - [01/Mar/2024:17:53:03 +0900] "GET /vflex/end-user-solutions HTTP/1.1" 301 - "https://b2csoftwares.com/vflex/custom-application-development" "Mozilla/5.0 (Linux; Android 7.0;) AppleWebKit/537.36 (KHTML, like Gecko) Mobile Safari/537.36 (compatible; PetalBot;+https://webmaster.petalsearch.com/site/petalbot)"
114.119.138.202 - - [01/Mar/2024:17:53:05 +0900] "GET /vflex/end-user-solutions/ HTTP/1.1" 200 4941 "https://b2csoftwares.com/vflex/custom-application-development" "Mozilla/5.0 (Linux; Android 7.0;) AppleWebKit/537.36 (KHTML, like Gecko) Mobile Safari/537.36 (compatible; PetalBot;+https://webmaster.petalsearch.com/site/petalbot)"
114.119.152.195 - - [01/Mar/2024:17:56:53 +0900] "GET /med/courses/intense-revision/ HTTP/1.1" 301 246 "https://medscience.co.uk" "Mozilla/5.0 (Linux; Android 7.0;) AppleWebKit/537.36 (KHTML, like Gecko) Mobile Safari/537.36 (compatible; PetalBot;+https://webmaster.petalsearch.com/site/petalbot)"
114.119.152.195 - - [01/Mar/2024:17:56:55 +0900] "GET /index.php HTTP/1.1" 200 10532 "https://medscience.co.uk" "Mozilla/5.0 (Linux; Android 7.0;) AppleWebKit/537.36 (KHTML, like Gecko) Mobile Safari/537.36 (compatible; PetalBot;+https://webmaster.petalsearch.com/site/petalbot)"
173.212.244.48 - - [01/Mar/2024:18:00:44 +0900] "POST /pactap/wp-cron.php?doing_wp_cron=1709283644.3390059471130371093750 HTTP/1.1" 200 - "-" "WordPress/6.4.3; https://www.b2csoftwares.com/pactap"
114.119.153.211 - - [01/Mar/2024:18:00:43 +0900] "GET /pactap/product-category/plastic-plates-trays/index.php HTTP/1.1" 301 - "https://www.b2csoftwares.com/pactap/product-category/plastic-plates-trays/index.php" "Mozilla/5.0 (Linux; Android 7.0;) AppleWebKit/537.36 (KHTML, like Gecko) Mobile Safari/537.36 (compatible; PetalBot;+https://webmaster.petalsearch.com/site/petalbot)"
114.119.153.211 - - [01/Mar/2024:18:00:46 +0900] "GET /pactap/product-category/plastic-plates-trays/ HTTP/1.1" 200 10637 "https://www.b2csoftwares.com/pactap/product-category/plastic-plates-trays/index.php" "Mozilla/5.0 (Linux; Android 7.0;) AppleWebKit/537.36 (KHTML, like Gecko) Mobile Safari/537.36 (compatible; PetalBot;+https://webmaster.petalsearch.com/site/petalbot)"
195.191.219.131 - - [01/Mar/2024:18:13:16 +0900] "GET /robots.txt HTTP/1.1" 301 246 "-" "Mozilla/5.0 (compatible; MJ12bot/v1.4.8; http://mj12bot.com/)"
195.191.219.131 - - [01/Mar/2024:18:13:16 +0900] "GET /index.php HTTP/1.1" 200 48556 "-" "Mozilla/5.0 (compatible; MJ12bot/v1.4.8; http://mj12bot.com/)"
195.191.219.131 - - [01/Mar/2024:18:13:18 +0900] "GET / HTTP/1.1" 301 237 "-" "Mozilla/5.0 (compatible; MJ12bot/v1.4.8; http://mj12bot.com/)"
195.191.219.131 - - [01/Mar/2024:18:13:20 +0900] "GET / HTTP/1.1" 200 10532 "-" "Mozilla/5.0 (compatible; MJ12bot/v1.4.8; http://mj12bot.com/)"
195.191.219.131 - - [01/Mar/2024:18:13:33 +0900] "GET / HTTP/1.1" 200 10532 "-" "Mozilla/5.0 (compatible; MJ12bot/v1.4.8; http://mj12bot.com/)"
173.212.244.48 - - [01/Mar/2024:18:44:34 +0900] "POST /pactap/wp-cron.php?doing_wp_cron=1709286274.7095789909362792968750 HTTP/1.1" 200 - "-" "WordPress/6.4.3; https://www.b2csoftwares.com/pactap"
114.119.155.232 - - [01/Mar/2024:18:44:33 +0900] "GET /pactap/products HTTP/1.1" 301 - "https://www.b2csoftwares.com/pactap/product/side-gusset-pouches/" "Mozilla/5.0 (Linux; Android 7.0;) AppleWebKit/537.36 (KHTML, like Gecko) Mobile Safari/537.36 (compatible; PetalBot;+https://webmaster.petalsearch.com/site/petalbot)"
114.119.155.232 - - [01/Mar/2024:18:44:36 +0900] "GET /pactap/products/ HTTP/1.1" 200 12408 "https://www.b2csoftwares.com/pactap/product/side-gusset-pouches/" "Mozilla/5.0 (Linux; Android 7.0;) AppleWebKit/537.36 (KHTML, like Gecko) Mobile Safari/537.36 (compatible; PetalBot;+https://webmaster.petalsearch.com/site/petalbot)"
173.212.244.48 - - [01/Mar/2024:18:47:23 +0900] "POST /pactap/wp-cron.php?doing_wp_cron=1709286443.3938279151916503906250 HTTP/1.1" 200 - "-" "WordPress/6.4.3; https://www.b2csoftwares.com/pactap"
114.119.137.145 - - [01/Mar/2024:18:47:22 +0900] "GET /pactap/product/wooden-forks/ HTTP/1.1" 200 10745 "https://www.b2csoftwares.com/pactap/product-category/wooden-paper-straws-and-cutlery/index.php" "Mozilla/5.0 (Linux; Android 7.0;) AppleWebKit/537.36 (KHTML, like Gecko) Mobile Safari/537.36 (compatible; PetalBot;+https://webmaster.petalsearch.com/site/petalbot)"
173.212.244.48 - - [01/Mar/2024:18:52:05 +0900] "POST /pactap/wp-cron.php?doing_wp_cron=1709286725.4272398948669433593750 HTTP/1.1" 200 - "-" "WordPress/6.4.3; https://www.b2csoftwares.com/pactap"
114.119.153.114 - - [01/Mar/2024:18:52:04 +0900] "GET /pactap/about HTTP/1.1" 301 - "https://www.b2csoftwares.com/pactap/product/side-gusset-pouches/" "Mozilla/5.0 (Linux; Android 7.0;) AppleWebKit/537.36 (KHTML, like Gecko) Mobile Safari/537.36 (compatible; PetalBot;+https://webmaster.petalsearch.com/site/petalbot)"
114.119.153.114 - - [01/Mar/2024:18:52:07 +0900] "GET /pactap/about/ HTTP/1.1" 200 12462 "https://www.b2csoftwares.com/pactap/product/side-gusset-pouches/" "Mozilla/5.0 (Linux; Android 7.0;) AppleWebKit/537.36 (KHTML, like Gecko) Mobile Safari/537.36 (compatible; PetalBot;+https://webmaster.petalsearch.com/site/petalbot)"
114.119.144.51 - - [01/Mar/2024:18:54:18 +0900] "GET /pactap HTTP/1.1" 301 244 "https://www.b2csoftwares.com/pactap/product/side-gusset-pouches/" "Mozilla/5.0 (Linux; Android 7.0;) AppleWebKit/537.36 (KHTML, like Gecko) Mobile Safari/537.36 (compatible; PetalBot;+https://webmaster.petalsearch.com/site/petalbot)"
173.212.244.48 - - [01/Mar/2024:18:54:20 +0900] "POST /pactap/wp-cron.php?doing_wp_cron=1709286860.4320039749145507812500 HTTP/1.1" 200 - "-" "WordPress/6.4.3; https://www.b2csoftwares.com/pactap"
114.119.144.51 - - [01/Mar/2024:18:54:19 +0900] "GET /pactap/ HTTP/1.1" 200 12801 "https://www.b2csoftwares.com/pactap/product/side-gusset-pouches/" "Mozilla/5.0 (Linux; Android 7.0;) AppleWebKit/537.36 (KHTML, like Gecko) Mobile Safari/537.36 (compatible; PetalBot;+https://webmaster.petalsearch.com/site/petalbot)"
114.119.144.51 - - [01/Mar/2024:19:02:32 +0900] "GET /vflex/wp-content/uploads/2022/12/video-calling.png HTTP/1.1" 200 57403 "https://b2csoftwares.com/vflex/audio-and-video-conference" "Mozilla/5.0 (Linux; Android 7.0;) AppleWebKit/537.36 (KHTML, like Gecko) Mobile Safari/537.36 (compatible; PetalBot;+https://webmaster.petalsearch.com/site/petalbot)"
52.167.144.137 - - [01/Mar/2024:19:38:37 +0900] "GET /wanderlus/wp-content/themes/wanderlus/assets/images/JAMAICA-TRAVEL-SPECIALIST.png HTTP/1.1" 200 134633 "-" "Mozilla/5.0 AppleWebKit/537.36 (KHTML, like Gecko; compatible; bingbot/2.0; +http://www.bing.com/bingbot.htm) Chrome/116.0.1938.76 Safari/537.36"
173.212.244.48 - - [01/Mar/2024:19:48:33 +0900] "POST /pactap/wp-cron.php?doing_wp_cron=1709290113.1844830513000488281250 HTTP/1.1" 200 - "-" "WordPress/6.4.3; https://www.b2csoftwares.com/pactap"
114.119.138.202 - - [01/Mar/2024:19:48:32 +0900] "GET /pactap/product/laminated-rolls/ HTTP/1.1" 200 10778 "https://www.b2csoftwares.com/pactap/product-category/laminated-rolls" "Mozilla/5.0 (Linux; Android 7.0;) AppleWebKit/537.36 (KHTML, like Gecko) Mobile Safari/537.36 (compatible; PetalBot;+https://webmaster.petalsearch.com/site/petalbot)"
114.119.155.232 - - [01/Mar/2024:19:51:27 +0900] "GET /med/courses/entrance-exams/ HTTP/1.1" 301 246 "https://medscience.co.uk" "Mozilla/5.0 (Linux; Android 7.0;) AppleWebKit/537.36 (KHTML, like Gecko) Mobile Safari/537.36 (compatible; PetalBot;+https://webmaster.petalsearch.com/site/petalbot)"
114.119.155.232 - - [01/Mar/2024:19:51:28 +0900] "GET /index.php HTTP/1.1" 200 10532 "https://medscience.co.uk" "Mozilla/5.0 (Linux; Android 7.0;) AppleWebKit/537.36 (KHTML, like Gecko) Mobile Safari/537.36 (compatible; PetalBot;+https://webmaster.petalsearch.com/site/petalbot)"
198.235.24.25 - - [01/Mar/2024:20:07:34 +0900] "GET / HTTP/1.1" 200 48556 "-" "Expanse, a Palo Alto Networks company, searches across the global IPv4 space multiple times per day to identify customers' presences on the Internet. If you would like to be excluded from our scans, please send IP addresses/domains to: scaninfo@paloaltonetworks.com"
64.124.8.41 - - [01/Mar/2024:20:29:30 +0900] "GET /robots.txt HTTP/1.1" 200 10532 "-" "Mozilla/5.0 (compatible; ImagesiftBot; +imagesift.com)"
64.124.8.41 - - [01/Mar/2024:20:29:30 +0900] "GET /images/united-tyre.png HTTP/1.1" 304 - "-" "Mozilla/5.0 (compatible; ImagesiftBot; +imagesift.com)"
64.124.8.41 - - [01/Mar/2024:20:41:50 +0900] "GET /images/logo.png HTTP/1.1" 304 - "-" "Mozilla/5.0 (compatible; ImagesiftBot; +imagesift.com)"
114.119.153.114 - - [01/Mar/2024:20:43:22 +0900] "GET /vflex/wp-content/uploads/2022/12/target-1-150x150.png HTTP/1.1" 200 7712 "https://b2csoftwares.com/vflex/banking-and-finance" "Mozilla/5.0 (Linux; Android 7.0;) AppleWebKit/537.36 (KHTML, like Gecko) Mobile Safari/537.36 (compatible; PetalBot;+https://webmaster.petalsearch.com/site/petalbot)"
40.77.167.79 - - [01/Mar/2024:20:46:35 +0900] "GET /wanderlus/wp-content/themes/wanderlus/assets/images/North-America-DS-Cover.png HTTP/1.1" 200 294159 "-" "Mozilla/5.0 AppleWebKit/537.36 (KHTML, like Gecko; compatible; bingbot/2.0; +http://www.bing.com/bingbot.htm) Chrome/116.0.1938.76 Safari/537.36"
104.168.132.215 - - [01/Mar/2024:21:16:09 +0900] "GET / HTTP/1.1" 200 10532 "-" "Mozilla/5.0 (Windows NT 10.0; WOW64) AppleWebKit/537.36 (KHTML, like Gecko) Chrome/114.0.0.0 YaBrowser/22.7.0 Yowser/2.5 Safari/537.36"
104.168.132.215 - - [01/Mar/2024:21:16:11 +0900] "GET /index.php HTTP/1.1" 200 10532 "https://www.b2csoftwares.com/" "Mozilla/5.0 (Windows NT 10.0; WOW64) AppleWebKit/537.36 (KHTML, like Gecko) Chrome/114.0.0.0 YaBrowser/22.7.0 Yowser/2.5 Safari/537.36"
104.168.132.215 - - [01/Mar/2024:21:16:13 +0900] "GET / HTTP/1.1" 200 10532 "https://www.b2csoftwares.com/" "Mozilla/5.0 (Windows NT 10.0; WOW64) AppleWebKit/537.36 (KHTML, like Gecko) Chrome/114.0.0.0 YaBrowser/22.7.0 Yowser/2.5 Safari/537.36"
104.168.132.215 - - [01/Mar/2024:21:16:16 +0900] "GET /tel:08000614395 HTTP/1.1" 200 10532 "https://www.b2csoftwares.com/" "Mozilla/5.0 (Windows NT 10.0; WOW64) AppleWebKit/537.36 (KHTML, like Gecko) Chrome/114.0.0.0 YaBrowser/22.7.0 Yowser/2.5 Safari/537.36"
104.168.132.215 - - [01/Mar/2024:21:16:19 +0900] "GET /tel:+1-917-724-2928 HTTP/1.1" 200 10532 "https://www.b2csoftwares.com/" "Mozilla/5.0 (Windows NT 10.0; WOW64) AppleWebKit/537.36 (KHTML, like Gecko) Chrome/114.0.0.0 YaBrowser/22.7.0 Yowser/2.5 Safari/537.36"
104.168.132.215 - - [01/Mar/2024:21:16:20 +0900] "GET /?name_req=Bobbie+Rosario&email_req=aiprofitsiphon%40vauleonline.co&phone_number=0365+0840596&content=Dear+b2csoftwares.com%2C%0D%0A%0D%0AIt%27s+time+to+seize+this+opportunity+and+secure+your+financial+future.%0D%0A%0D%0AThe+power+of+our+A.I.-powered+system+combined+with+the+%245+billion+dollar+loophole+is+at+your+fingertips.%0D%0A%0D%0ADon%27t+let+this+chance+slip+away%21%0D%0A%0D%0AAct+now+and+be+part+of+a+community+that+is+experiencing+the+benefits+of+this+profit+glitch%3A+https%3A%2F%2Fwww.vauleonline.co%2Faiprofitsiphon+.%0D%0A%0D%0AStart+your+journey+towards+financial+freedom+today%2C+with+just+10+minutes+per+day+and+no+upfront+cost.%0D%0A%0D%0ATo+your+success%2C%0D%0ABobbie+Rosario%0D%0A%0D%0AUNSUBSCRIBE%3A+https%3A%2F%2Fwww.vauleonline.co%2Funsubscribe+%0D%0AAddress%3A+770+Stiles+Street%0D%0APittsburgh%2C+PA+15219 HTTP/1.1" 200 10532 "https://www.b2csoftwares.com/" "Mozilla/5.0 (Windows NT 10.0; WOW64) AppleWebKit/537.36 (KHTML, like Gecko) Chrome/114.0.0.0 YaBrowser/22.7.0 Yowser/2.5 Safari/537.36"
114.119.153.211 - - [01/Mar/2024:21:39:06 +0900] "GET /vflex/about-us HTTP/1.1" 301 - "https://b2csoftwares.com/vflex/custom-application-development" "Mozilla/5.0 (Linux; Android 7.0;) AppleWebKit/537.36 (KHTML, like Gecko) Mobile Safari/537.36 (compatible; PetalBot;+https://webmaster.petalsearch.com/site/petalbot)"
173.212.244.48 - - [01/Mar/2024:21:39:11 +0900] "POST /vflex/wp-cron.php HTTP/1.1" 200 - "-" "WordPress/6.4.3; https://b2csoftwares.com/vflex"
173.212.244.48 - - [01/Mar/2024:21:39:11 +0900] "GET /vflex/ HTTP/1.1" 200 7326 "-" "WordPress/6.4.3; https://b2csoftwares.com/vflex"
114.119.153.211 - - [01/Mar/2024:21:39:11 +0900] "GET /vflex/about-us/ HTTP/1.1" 200 5797 "https://b2csoftwares.com/vflex/custom-application-development" "Mozilla/5.0 (Linux; Android 7.0;) AppleWebKit/537.36 (KHTML, like Gecko) Mobile Safari/537.36 (compatible; PetalBot;+https://webmaster.petalsearch.com/site/petalbot)"
173.212.244.48 - - [01/Mar/2024:21:39:11 +0900] "GET /vflex/ HTTP/1.1" 200 7326 "-" "WordPress/6.4.3; https://b2csoftwares.com/vflex"
173.212.244.48 - - [01/Mar/2024:21:39:12 +0900] "GET /vflex/ HTTP/1.1" 200 7326 "-" "WordPress/6.4.3; https://b2csoftwares.com/vflex"
173.212.244.48 - - [01/Mar/2024:21:39:12 +0900] "GET /vflex/ HTTP/1.1" 200 7326 "-" "WordPress/6.4.3; https://b2csoftwares.com/vflex"
173.212.244.48 - - [01/Mar/2024:21:39:07 +0900] "POST /vflex/wp-cron.php?doing_wp_cron=1709296747.5680758953094482421875 HTTP/1.1" 200 - "-" "WordPress/6.4.3; https://b2csoftwares.com/vflex"
154.51.131.142 - - [01/Mar/2024:21:43:10 +0900] "GET / HTTP/1.1" 301 237 "-" "Mozilla/5.0 (Windows NT 10.0; Win64; x64) AppleWebKit/537.36 (KHTML, like Gecko) Chrome/79.0.3945.130 Safari/537.36"
154.51.131.142 - - [01/Mar/2024:21:43:10 +0900] "GET / HTTP/1.1" 200 10532 "-" "Mozilla/5.0 (Windows NT 10.0; Win64; x64) AppleWebKit/537.36 (KHTML, like Gecko) Chrome/79.0.3945.130 Safari/537.36"
45.94.31.231 - - [01/Mar/2024:22:04:49 +0900] "HEAD /wordpress HTTP/1.1" 301 - "-" "Mozilla/5.0 (Windows NT 10.0; Win64; x64) AppleWebKit/537.36 (KHTML, like Gecko) Chrome/74.0.3729.169 Safari/537.36"
45.94.31.231 - - [01/Mar/2024:22:04:49 +0900] "HEAD /index.php HTTP/1.1" 200 - "http://www.b2csoftwares.com/wordpress" "Mozilla/5.0 (Windows NT 10.0; Win64; x64) AppleWebKit/537.36 (KHTML, like Gecko) Chrome/74.0.3729.169 Safari/537.36"
45.94.31.231 - - [01/Mar/2024:22:04:49 +0900] "HEAD / HTTP/1.1" 301 - "-" "Mozilla/5.0 (Windows NT 10.0; Win64; x64) AppleWebKit/537.36 (KHTML, like Gecko) Chrome/74.0.3729.169 Safari/537.36"
45.94.31.231 - - [01/Mar/2024:22:04:49 +0900] "HEAD / HTTP/1.1" 200 - "http://www.b2csoftwares.com/" "Mozilla/5.0 (Windows NT 10.0; Win64; x64) AppleWebKit/537.36 (KHTML, like Gecko) Chrome/74.0.3729.169 Safari/537.36"
45.94.31.231 - - [01/Mar/2024:22:04:49 +0900] "HEAD /wp HTTP/1.1" 301 - "-" "Mozilla/5.0 (Windows NT 10.0; Win64; x64) AppleWebKit/537.36 (KHTML, like Gecko) Chrome/74.0.3729.169 Safari/537.36"
45.94.31.231 - - [01/Mar/2024:22:04:50 +0900] "HEAD /index.php HTTP/1.1" 200 - "http://www.b2csoftwares.com/wp" "Mozilla/5.0 (Windows NT 10.0; Win64; x64) AppleWebKit/537.36 (KHTML, like Gecko) Chrome/74.0.3729.169 Safari/537.36"
45.94.31.231 - - [01/Mar/2024:22:04:50 +0900] "HEAD /bc HTTP/1.1" 301 - "-" "Mozilla/5.0 (Windows NT 10.0; Win64; x64) AppleWebKit/537.36 (KHTML, like Gecko) Chrome/74.0.3729.169 Safari/537.36"
45.94.31.231 - - [01/Mar/2024:22:04:50 +0900] "HEAD /index.php HTTP/1.1" 200 - "http://www.b2csoftwares.com/bc" "Mozilla/5.0 (Windows NT 10.0; Win64; x64) AppleWebKit/537.36 (KHTML, like Gecko) Chrome/74.0.3729.169 Safari/537.36"
45.94.31.231 - - [01/Mar/2024:22:04:50 +0900] "HEAD /bk HTTP/1.1" 301 - "-" "Mozilla/5.0 (Windows NT 10.0; Win64; x64) AppleWebKit/537.36 (KHTML, like Gecko) Chrome/74.0.3729.169 Safari/537.36"
45.94.31.231 - - [01/Mar/2024:22:04:50 +0900] "HEAD /index.php HTTP/1.1" 200 - "http://www.b2csoftwares.com/bk" "Mozilla/5.0 (Windows NT 10.0; Win64; x64) AppleWebKit/537.36 (KHTML, like Gecko) Chrome/74.0.3729.169 Safari/537.36"
45.94.31.231 - - [01/Mar/2024:22:04:50 +0900] "HEAD /backup HTTP/1.1" 301 - "-" "Mozilla/5.0 (Windows NT 10.0; Win64; x64) AppleWebKit/537.36 (KHTML, like Gecko) Chrome/74.0.3729.169 Safari/537.36"
45.94.31.231 - - [01/Mar/2024:22:04:50 +0900] "HEAD /index.php HTTP/1.1" 200 - "http://www.b2csoftwares.com/backup" "Mozilla/5.0 (Windows NT 10.0; Win64; x64) AppleWebKit/537.36 (KHTML, like Gecko) Chrome/74.0.3729.169 Safari/537.36"
45.94.31.231 - - [01/Mar/2024:22:04:50 +0900] "HEAD /old HTTP/1.1" 301 - "-" "Mozilla/5.0 (Windows NT 10.0; Win64; x64) AppleWebKit/537.36 (KHTML, like Gecko) Chrome/74.0.3729.169 Safari/537.36"
45.94.31.231 - - [01/Mar/2024:22:04:50 +0900] "HEAD /old/ HTTP/1.1" 301 - "http://www.b2csoftwares.com/old" "Mozilla/5.0 (Windows NT 10.0; Win64; x64) AppleWebKit/537.36 (KHTML, like Gecko) Chrome/74.0.3729.169 Safari/537.36"
45.94.31.231 - - [01/Mar/2024:22:04:50 +0900] "HEAD / HTTP/1.1" 200 - "http://www.b2csoftwares.com/old/" "Mozilla/5.0 (Windows NT 10.0; Win64; x64) AppleWebKit/537.36 (KHTML, like Gecko) Chrome/74.0.3729.169 Safari/537.36"
45.94.31.231 - - [01/Mar/2024:22:04:50 +0900] "HEAD /new HTTP/1.1" 301 - "-" "Mozilla/5.0 (Windows NT 10.0; Win64; x64) AppleWebKit/537.36 (KHTML, like Gecko) Chrome/74.0.3729.169 Safari/537.36"
45.94.31.231 - - [01/Mar/2024:22:04:50 +0900] "HEAD /index.php HTTP/1.1" 200 - "http://www.b2csoftwares.com/new" "Mozilla/5.0 (Windows NT 10.0; Win64; x64) AppleWebKit/537.36 (KHTML, like Gecko) Chrome/74.0.3729.169 Safari/537.36"
45.94.31.231 - - [01/Mar/2024:22:04:50 +0900] "HEAD /main HTTP/1.1" 301 - "-" "Mozilla/5.0 (Windows NT 10.0; Win64; x64) AppleWebKit/537.36 (KHTML, like Gecko) Chrome/74.0.3729.169 Safari/537.36"
45.94.31.231 - - [01/Mar/2024:22:04:50 +0900] "HEAD /index.php HTTP/1.1" 200 - "http://www.b2csoftwares.com/main" "Mozilla/5.0 (Windows NT 10.0; Win64; x64) AppleWebKit/537.36 (KHTML, like Gecko) Chrome/74.0.3729.169 Safari/537.36"
45.94.31.231 - - [01/Mar/2024:22:04:50 +0900] "HEAD /home HTTP/1.1" 301 - "-" "Mozilla/5.0 (Windows NT 10.0; Win64; x64) AppleWebKit/537.36 (KHTML, like Gecko) Chrome/74.0.3729.169 Safari/537.36"
45.94.31.231 - - [01/Mar/2024:22:04:50 +0900] "HEAD /index.php HTTP/1.1" 200 - "http://www.b2csoftwares.com/home" "Mozilla/5.0 (Windows NT 10.0; Win64; x64) AppleWebKit/537.36 (KHTML, like Gecko) Chrome/74.0.3729.169 Safari/537.36"
173.212.244.48 - - [01/Mar/2024:22:24:56 +0900] "POST /pactap/wp-cron.php?doing_wp_cron=1709299495.9658839702606201171875 HTTP/1.1" 200 - "-" "WordPress/6.4.3; https://www.b2csoftwares.com/pactap"
114.119.153.211 - - [01/Mar/2024:22:24:54 +0900] "GET /pactap/product/wooden-spoons/ HTTP/1.1" 200 10785 "https://www.b2csoftwares.com/pactap/product-category/wooden-paper-straws-and-cutlery/index.php" "Mozilla/5.0 (Linux; Android 7.0;) AppleWebKit/537.36 (KHTML, like Gecko) Mobile Safari/537.36 (compatible; PetalBot;+https://webmaster.petalsearch.com/site/petalbot)"
166.88.120.159 - - [01/Mar/2024:22:26:27 +0900] "GET / HTTP/1.1" 200 10532 "-" "Mozilla/5.0 (Windows NT 10.0; WOW64) AppleWebKit/537.36 (KHTML, like Gecko) Chrome/114.0.0.0 YaBrowser/22.7.0 Yowser/2.5 Safari/537.36"
20.9.140.144 - - [01/Mar/2024:22:39:44 +0900] "GET /.env HTTP/1.1" 301 246 "-" "Mozilla/5.0 (X11; Linux x86_64) AppleWebKit/537.36 (KHTML, like Gecko) Chrome/81.0.4044.129 Safari/537.36"
20.9.140.144 - - [01/Mar/2024:22:39:44 +0900] "POST / HTTP/1.1" 301 237 "-" "Mozilla/5.0 (X11; Linux x86_64) AppleWebKit/537.36 (KHTML, like Gecko) Chrome/81.0.4044.129 Safari/537.36"
173.212.244.48 - - [01/Mar/2024:22:59:00 +0900] "POST /pactap/wp-cron.php?doing_wp_cron=1709301539.9019789695739746093750 HTTP/1.1" 200 - "-" "WordPress/6.4.3; https://www.b2csoftwares.com/pactap"
66.249.66.87 - - [01/Mar/2024:22:58:59 +0900] "GET /pactap/terms-conditions HTTP/1.1" 301 - "-" "Mozilla/5.0 (Linux; Android 6.0.1; Nexus 5X Build/MMB29P) AppleWebKit/537.36 (KHTML, like Gecko) Chrome/121.0.6167.139 Mobile Safari/537.36 (compatible; Googlebot/2.1; +http://www.google.com/bot.html)"
66.249.66.86 - - [01/Mar/2024:22:59:02 +0900] "GET /pactap/terms-conditions/ HTTP/1.1" 200 19915 "-" "Mozilla/5.0 (Linux; Android 6.0.1; Nexus 5X Build/MMB29P) AppleWebKit/537.36 (KHTML, like Gecko) Chrome/121.0.6167.139 Mobile Safari/537.36 (compatible; Googlebot/2.1; +http://www.google.com/bot.html)"
66.249.66.85 - - [01/Mar/2024:22:59:05 +0900] "GET /pactap/wp-content/themes/pactap/assets/js/wow.min.js HTTP/1.1" 200 2741 "https://www.b2csoftwares.com/pactap/terms-conditions/" "Mozilla/5.0 (Linux; Android 6.0.1; Nexus 5X Build/MMB29P) AppleWebKit/537.36 (KHTML, like Gecko) Chrome/121.0.6167.139 Mobile Safari/537.36 (compatible; Googlebot/2.1; +http://www.google.com/bot.html)"
13.89.202.50 - - [01/Mar/2024:23:13:57 +0900] "GET /robots.txt HTTP/1.1" 301 246 "-" "Mozilla/5.0 (Windows NT 10.0; Win64; x64) AppleWebKit/537.36 (KHTML, like Gecko) Chrome/93.0.4577.63 Safari/537.36"
13.89.202.50 - - [01/Mar/2024:23:13:57 +0900] "GET /index.php HTTP/1.1" 200 10532 "-" "Mozilla/5.0 (Windows NT 10.0; Win64; x64) AppleWebKit/537.36 (KHTML, like Gecko) Chrome/93.0.4577.63 Safari/537.36"
101.44.249.178 - - [01/Mar/2024:23:24:57 +0900] "GET / HTTP/1.1" 200 10532 "https://b2csoftwares.com/#GetinTouch" "Mozilla/5.0 (Macintosh; Intel Mac OS X 10_15_7) AppleWebKit/537.36 (KHTML, like Gecko) Chrome/114.0.0.0 Safari/537.36"
141.164.84.1 - - [01/Mar/2024:23:40:00 +0900] "GET / HTTP/1.1" 200 10532 "-" "Mozilla/5.0 (X11; Linux x86_64) AppleWebKit/537.36 (KHTML, like Gecko) Chrome/119.0.6045.105 Safari/537.36"
141.164.84.1 - - [01/Mar/2024:23:40:00 +0900] "GET /css/bootstrap.min.css HTTP/1.1" 200 20088 "https://b2csoftwares.com/" "Mozilla/5.0 (X11; Linux x86_64) AppleWebKit/537.36 (KHTML, like Gecko) Chrome/119.0.6045.105 Safari/537.36"
141.164.84.1 - - [01/Mar/2024:23:40:01 +0900] "GET /css/font-awesome.css HTTP/1.1" 200 7439 "https://b2csoftwares.com/" "Mozilla/5.0 (X11; Linux x86_64) AppleWebKit/537.36 (KHTML, like Gecko) Chrome/119.0.6045.105 Safari/537.36"
192.210.224.172 - - [01/Mar/2024:23:40:01 +0900] "GET /css/owl.carousel.css HTTP/1.1" 200 1750 "https://b2csoftwares.com/" "Mozilla/5.0 (X11; Linux x86_64) AppleWebKit/537.36 (KHTML, like Gecko) Chrome/119.0.6045.105 Safari/537.36"
141.164.84.1 - - [01/Mar/2024:23:40:01 +0900] "GET /css/font-awesome.min.css HTTP/1.1" 200 7053 "https://b2csoftwares.com/" "Mozilla/5.0 (X11; Linux x86_64) AppleWebKit/537.36 (KHTML, like Gecko) Chrome/119.0.6045.105 Safari/537.36"
38.170.4.37 - - [01/Mar/2024:23:40:01 +0900] "GET /megamenu/easy-responsive-tabs.css HTTP/1.1" 200 707 "https://b2csoftwares.com/" "Mozilla/5.0 (X11; Linux x86_64) AppleWebKit/537.36 (KHTML, like Gecko) Chrome/119.0.6045.105 Safari/537.36"
149.20.242.83 - - [01/Mar/2024:23:40:01 +0900] "GET /megamenu/styles.css HTTP/1.1" 200 3266 "https://b2csoftwares.com/" "Mozilla/5.0 (X11; Linux x86_64) AppleWebKit/537.36 (KHTML, like Gecko) Chrome/119.0.6045.105 Safari/537.36"
192.210.224.172 - - [01/Mar/2024:23:40:01 +0900] "GET /css/custom.css HTTP/1.1" 200 27352 "https://b2csoftwares.com/" "Mozilla/5.0 (X11; Linux x86_64) AppleWebKit/537.36 (KHTML, like Gecko) Chrome/119.0.6045.105 Safari/537.36"
38.170.4.37 - - [01/Mar/2024:23:40:01 +0900] "GET /css/responsive.css HTTP/1.1" 200 4833 "https://b2csoftwares.com/" "Mozilla/5.0 (X11; Linux x86_64) AppleWebKit/537.36 (KHTML, like Gecko) Chrome/119.0.6045.105 Safari/537.36"
149.20.242.83 - - [01/Mar/2024:23:40:01 +0900] "GET /css/responsive_2.css HTTP/1.1" 200 2066 "https://b2csoftwares.com/" "Mozilla/5.0 (X11; Linux x86_64) AppleWebKit/537.36 (KHTML, like Gecko) Chrome/119.0.6045.105 Safari/537.36"
38.152.12.16 - - [01/Mar/2024:23:40:01 +0900] "GET /css/custom2.css HTTP/1.1" 200 8947 "https://b2csoftwares.com/" "Mozilla/5.0 (X11; Linux x86_64) AppleWebKit/537.36 (KHTML, like Gecko) Chrome/119.0.6045.105 Safari/537.36"
69.58.64.34 - - [01/Mar/2024:23:40:02 +0900] "GET /css/animate.css HTTP/1.1" 200 6581 "https://b2csoftwares.com/" "Mozilla/5.0 (X11; Linux x86_64) AppleWebKit/537.36 (KHTML, like Gecko) Chrome/119.0.6045.105 Safari/537.36"
192.210.224.172 - - [01/Mar/2024:23:40:02 +0900] "GET /megamenu/easyResponsiveTabs.js HTTP/1.1" 200 1319 "https://b2csoftwares.com/" "Mozilla/5.0 (X11; Linux x86_64) AppleWebKit/537.36 (KHTML, like Gecko) Chrome/119.0.6045.105 Safari/537.36"
38.170.4.37 - - [01/Mar/2024:23:40:02 +0900] "GET /js/owl.carousel.js HTTP/1.1" 200 17543 "https://b2csoftwares.com/" "Mozilla/5.0 (X11; Linux x86_64) AppleWebKit/537.36 (KHTML, like Gecko) Chrome/119.0.6045.105 Safari/537.36"
149.20.242.83 - - [01/Mar/2024:23:40:02 +0900] "GET /megamenu/jquery.appear.min.js HTTP/1.1" 200 1360 "https://b2csoftwares.com/" "Mozilla/5.0 (X11; Linux x86_64) AppleWebKit/537.36 (KHTML, like Gecko) Chrome/119.0.6045.105 Safari/537.36"
38.152.12.16 - - [01/Mar/2024:23:40:02 +0900] "GET /megamenu/custom1.js HTTP/1.1" 200 2176 "https://b2csoftwares.com/" "Mozilla/5.0 (X11; Linux x86_64) AppleWebKit/537.36 (KHTML, like Gecko) Chrome/119.0.6045.105 Safari/537.36"
69.58.64.34 - - [01/Mar/2024:23:40:02 +0900] "GET /js/jquery-1.12.0.min.js HTTP/1.1" 200 33845 "https://b2csoftwares.com/" "Mozilla/5.0 (X11; Linux x86_64) AppleWebKit/537.36 (KHTML, like Gecko) Chrome/119.0.6045.105 Safari/537.36"
141.164.84.1 - - [01/Mar/2024:23:40:02 +0900] "GET /js/selectordie.js HTTP/1.1" 200 6265 "https://b2csoftwares.com/" "Mozilla/5.0 (X11; Linux x86_64) AppleWebKit/537.36 (KHTML, like Gecko) Chrome/119.0.6045.105 Safari/537.36"
192.210.224.172 - - [01/Mar/2024:23:40:02 +0900] "GET /fonts/fontawesome-webfont.woff2?v=4.7.0 HTTP/1.1" 200 77160 "https://b2csoftwares.com/css/font-awesome.css" "Mozilla/5.0 (X11; Linux x86_64) AppleWebKit/537.36 (KHTML, like Gecko) Chrome/119.0.6045.105 Safari/537.36"
149.20.242.83 - - [01/Mar/2024:23:40:02 +0900] "GET /images/clients/client-3.png HTTP/1.1" 200 3863 "https://b2csoftwares.com/" "Mozilla/5.0 (X11; Linux x86_64) AppleWebKit/537.36 (KHTML, like Gecko) Chrome/119.0.6045.105 Safari/537.36"
38.170.4.37 - - [01/Mar/2024:23:40:02 +0900] "GET /images/logo.png HTTP/1.1" 200 9439 "https://b2csoftwares.com/" "Mozilla/5.0 (X11; Linux x86_64) AppleWebKit/537.36 (KHTML, like Gecko) Chrome/119.0.6045.105 Safari/537.36"
141.164.84.1 - - [01/Mar/2024:23:40:02 +0900] "GET /images/clients/client-7.png HTTP/1.1" 200 20266 "https://b2csoftwares.com/" "Mozilla/5.0 (X11; Linux x86_64) AppleWebKit/537.36 (KHTML, like Gecko) Chrome/119.0.6045.105 Safari/537.36"
149.20.242.83 - - [01/Mar/2024:23:40:02 +0900] "GET /images/banner-bg-1.jpg HTTP/1.1" 200 52127 "https://b2csoftwares.com/" "Mozilla/5.0 (X11; Linux x86_64) AppleWebKit/537.36 (KHTML, like Gecko) Chrome/119.0.6045.105 Safari/537.36"
69.58.64.34 - - [01/Mar/2024:23:40:02 +0900] "GET /images/clients/client-6.png HTTP/1.1" 200 8103 "https://b2csoftwares.com/" "Mozilla/5.0 (X11; Linux x86_64) AppleWebKit/537.36 (KHTML, like Gecko) Chrome/119.0.6045.105 Safari/537.36"
38.170.4.37 - - [01/Mar/2024:23:40:02 +0900] "GET /images/clients/client-2.png HTTP/1.1" 200 9839 "https://b2csoftwares.com/" "Mozilla/5.0 (X11; Linux x86_64) AppleWebKit/537.36 (KHTML, like Gecko) Chrome/119.0.6045.105 Safari/537.36"
38.152.12.16 - - [01/Mar/2024:23:40:02 +0900] "GET /images/banner-right-img.png HTTP/1.1" 200 228431 "https://b2csoftwares.com/" "Mozilla/5.0 (X11; Linux x86_64) AppleWebKit/537.36 (KHTML, like Gecko) Chrome/119.0.6045.105 Safari/537.36"
192.210.224.172 - - [01/Mar/2024:23:40:02 +0900] "GET /images/clients/client-8.png HTTP/1.1" 200 15681 "https://b2csoftwares.com/" "Mozilla/5.0 (X11; Linux x86_64) AppleWebKit/537.36 (KHTML, like Gecko) Chrome/119.0.6045.105 Safari/537.36"
38.170.4.37 - - [01/Mar/2024:23:40:03 +0900] "GET /images/clients/client-9.png HTTP/1.1" 200 5153 "https://b2csoftwares.com/" "Mozilla/5.0 (X11; Linux x86_64) AppleWebKit/537.36 (KHTML, like Gecko) Chrome/119.0.6045.105 Safari/537.36"
192.210.224.172 - - [01/Mar/2024:23:40:03 +0900] "GET /images/clients/client-11.png HTTP/1.1" 200 14245 "https://b2csoftwares.com/" "Mozilla/5.0 (X11; Linux x86_64) AppleWebKit/537.36 (KHTML, like Gecko) Chrome/119.0.6045.105 Safari/537.36"
69.58.64.34 - - [01/Mar/2024:23:40:03 +0900] "GET /images/clients/client-4.png HTTP/1.1" 200 4128 "https://b2csoftwares.com/" "Mozilla/5.0 (X11; Linux x86_64) AppleWebKit/537.36 (KHTML, like Gecko) Chrome/119.0.6045.105 Safari/537.36"
141.164.84.1 - - [01/Mar/2024:23:40:03 +0900] "GET /images/clients/client-13.png HTTP/1.1" 200 9507 "https://b2csoftwares.com/" "Mozilla/5.0 (X11; Linux x86_64) AppleWebKit/537.36 (KHTML, like Gecko) Chrome/119.0.6045.105 Safari/537.36"
149.20.242.83 - - [01/Mar/2024:23:40:03 +0900] "GET /images/clients/client-10.jpg HTTP/1.1" 200 12554 "https://b2csoftwares.com/" "Mozilla/5.0 (X11; Linux x86_64) AppleWebKit/537.36 (KHTML, like Gecko) Chrome/119.0.6045.105 Safari/537.36"
38.170.4.37 - - [01/Mar/2024:23:40:03 +0900] "GET /images/clients/client-5.png HTTP/1.1" 200 13760 "https://b2csoftwares.com/" "Mozilla/5.0 (X11; Linux x86_64) AppleWebKit/537.36 (KHTML, like Gecko) Chrome/119.0.6045.105 Safari/537.36"
192.210.224.172 - - [01/Mar/2024:23:40:03 +0900] "GET /images/clients/client-12.png HTTP/1.1" 200 7135 "https://b2csoftwares.com/" "Mozilla/5.0 (X11; Linux x86_64) AppleWebKit/537.36 (KHTML, like Gecko) Chrome/119.0.6045.105 Safari/537.36"
149.20.242.83 - - [01/Mar/2024:23:40:03 +0900] "GET /js/custom.js HTTP/1.1" 200 2216 "https://b2csoftwares.com/" "Mozilla/5.0 (X11; Linux x86_64) AppleWebKit/537.36 (KHTML, like Gecko) Chrome/119.0.6045.105 Safari/537.36"
38.170.4.37 - - [01/Mar/2024:23:40:03 +0900] "GET /images/mobile_app.png HTTP/1.1" 200 9228 "https://b2csoftwares.com/" "Mozilla/5.0 (X11; Linux x86_64) AppleWebKit/537.36 (KHTML, like Gecko) Chrome/119.0.6045.105 Safari/537.36"
69.58.64.34 - - [01/Mar/2024:23:40:03 +0900] "GET /js/bootstrap.min.js HTTP/1.1" 200 12031 "https://b2csoftwares.com/" "Mozilla/5.0 (X11; Linux x86_64) AppleWebKit/537.36 (KHTML, like Gecko) Chrome/119.0.6045.105 Safari/537.36"
141.164.84.1 - - [01/Mar/2024:23:40:03 +0900] "GET /js/wow.min.js HTTP/1.1" 200 2209 "https://b2csoftwares.com/" "Mozilla/5.0 (X11; Linux x86_64) AppleWebKit/537.36 (KHTML, like Gecko) Chrome/119.0.6045.105 Safari/537.36"
192.210.224.172 - - [01/Mar/2024:23:40:03 +0900] "GET /images/web_icon.png HTTP/1.1" 200 6958 "https://b2csoftwares.com/" "Mozilla/5.0 (X11; Linux x86_64) AppleWebKit/537.36 (KHTML, like Gecko) Chrome/119.0.6045.105 Safari/537.36"
149.20.242.83 - - [01/Mar/2024:23:40:03 +0900] "GET /images/sap-icon.png HTTP/1.1" 200 4173 "https://b2csoftwares.com/" "Mozilla/5.0 (X11; Linux x86_64) AppleWebKit/537.36 (KHTML, like Gecko) Chrome/119.0.6045.105 Safari/537.36"
38.152.12.16 - - [01/Mar/2024:23:40:03 +0900] "GET /images/digital_icon.png HTTP/1.1" 200 7865 "https://b2csoftwares.com/" "Mozilla/5.0 (X11; Linux x86_64) AppleWebKit/537.36 (KHTML, like Gecko) Chrome/119.0.6045.105 Safari/537.36"
38.170.4.37 - - [01/Mar/2024:23:40:03 +0900] "GET /images/about-bg.jpg HTTP/1.1" 200 10532 "https://b2csoftwares.com/css/custom2.css" "Mozilla/5.0 (X11; Linux x86_64) AppleWebKit/537.36 (KHTML, like Gecko) Chrome/119.0.6045.105 Safari/537.36"
192.210.224.172 - - [01/Mar/2024:23:40:03 +0900] "GET /images/hire-icon.png HTTP/1.1" 200 3731 "https://b2csoftwares.com/" "Mozilla/5.0 (X11; Linux x86_64) AppleWebKit/537.36 (KHTML, like Gecko) Chrome/119.0.6045.105 Safari/537.36"
149.20.242.83 - - [01/Mar/2024:23:40:03 +0900] "GET /images/win-icon.png HTTP/1.1" 200 29909 "https://b2csoftwares.com/" "Mozilla/5.0 (X11; Linux x86_64) AppleWebKit/537.36 (KHTML, like Gecko) Chrome/119.0.6045.105 Safari/537.36"
69.58.64.34 - - [01/Mar/2024:23:40:03 +0900] "GET /images/arrow_right.png HTTP/1.1" 200 258 "https://b2csoftwares.com/css/owl.carousel.css" "Mozilla/5.0 (X11; Linux x86_64) AppleWebKit/537.36 (KHTML, like Gecko) Chrome/119.0.6045.105 Safari/537.36"
141.164.84.1 - - [01/Mar/2024:23:40:03 +0900] "GET /images/arrow_left.png HTTP/1.1" 200 259 "https://b2csoftwares.com/css/owl.carousel.css" "Mozilla/5.0 (X11; Linux x86_64) AppleWebKit/537.36 (KHTML, like Gecko) Chrome/119.0.6045.105 Safari/537.36"
38.152.12.16 - - [01/Mar/2024:23:40:04 +0900] "GET /images/win/up-work-logo.png HTTP/1.1" 200 2707 "https://b2csoftwares.com/" "Mozilla/5.0 (X11; Linux x86_64) AppleWebKit/537.36 (KHTML, like Gecko) Chrome/119.0.6045.105 Safari/537.36"
38.170.4.37 - - [01/Mar/2024:23:40:04 +0900] "GET /images/win/uc-logo.png HTTP/1.1" 200 3876 "https://b2csoftwares.com/" "Mozilla/5.0 (X11; Linux x86_64) AppleWebKit/537.36 (KHTML, like Gecko) Chrome/119.0.6045.105 Safari/537.36"
192.210.224.172 - - [01/Mar/2024:23:40:04 +0900] "GET /images/win/sulekh-logo.png HTTP/1.1" 200 3836 "https://b2csoftwares.com/" "Mozilla/5.0 (X11; Linux x86_64) AppleWebKit/537.36 (KHTML, like Gecko) Chrome/119.0.6045.105 Safari/537.36"
149.20.242.83 - - [01/Mar/2024:23:40:04 +0900] "GET /images/win/ld-logo.png HTTP/1.1" 200 2770 "https://b2csoftwares.com/" "Mozilla/5.0 (X11; Linux x86_64) AppleWebKit/537.36 (KHTML, like Gecko) Chrome/119.0.6045.105 Safari/537.36"
69.58.64.34 - - [01/Mar/2024:23:40:04 +0900] "GET /images/CIO-logo.png HTTP/1.1" 200 15909 "https://b2csoftwares.com/" "Mozilla/5.0 (X11; Linux x86_64) AppleWebKit/537.36 (KHTML, like Gecko) Chrome/119.0.6045.105 Safari/537.36"
141.164.84.1 - - [01/Mar/2024:23:40:04 +0900] "GET /images/good-logo.png HTTP/1.1" 200 13251 "https://b2csoftwares.com/" "Mozilla/5.0 (X11; Linux x86_64) AppleWebKit/537.36 (KHTML, like Gecko) Chrome/119.0.6045.105 Safari/537.36"
38.170.4.37 - - [01/Mar/2024:23:40:04 +0900] "GET /images/clucich.png HTTP/1.1" 200 4260 "https://b2csoftwares.com/" "Mozilla/5.0 (X11; Linux x86_64) AppleWebKit/537.36 (KHTML, like Gecko) Chrome/119.0.6045.105 Safari/537.36"
192.210.224.172 - - [01/Mar/2024:23:40:04 +0900] "GET /images/win/google-partner.png HTTP/1.1" 200 3969 "https://b2csoftwares.com/" "Mozilla/5.0 (X11; Linux x86_64) AppleWebKit/537.36 (KHTML, like Gecko) Chrome/119.0.6045.105 Safari/537.36"
149.20.242.83 - - [01/Mar/2024:23:40:04 +0900] "GET /images/Discover-and-Design.jpg HTTP/1.1" 200 11552 "https://b2csoftwares.com/" "Mozilla/5.0 (X11; Linux x86_64) AppleWebKit/537.36 (KHTML, like Gecko) Chrome/119.0.6045.105 Safari/537.36"
38.152.12.16 - - [01/Mar/2024:23:40:04 +0900] "GET /images/amazon-logo.png HTTP/1.1" 200 10573 "https://b2csoftwares.com/" "Mozilla/5.0 (X11; Linux x86_64) AppleWebKit/537.36 (KHTML, like Gecko) Chrome/119.0.6045.105 Safari/537.36"
38.170.4.37 - - [01/Mar/2024:23:40:04 +0900] "GET /images/prograess-arrow-down.jpg HTTP/1.1" 200 2705 "https://b2csoftwares.com/" "Mozilla/5.0 (X11; Linux x86_64) AppleWebKit/537.36 (KHTML, like Gecko) Chrome/119.0.6045.105 Safari/537.36"
192.210.224.172 - - [01/Mar/2024:23:40:04 +0900] "GET /images/prograess-arrow-up.jpg HTTP/1.1" 200 2812 "https://b2csoftwares.com/" "Mozilla/5.0 (X11; Linux x86_64) AppleWebKit/537.36 (KHTML, like Gecko) Chrome/119.0.6045.105 Safari/537.36"
69.58.64.34 - - [01/Mar/2024:23:40:04 +0900] "GET /images/Development.jpg HTTP/1.1" 200 10764 "https://b2csoftwares.com/" "Mozilla/5.0 (X11; Linux x86_64) AppleWebKit/537.36 (KHTML, like Gecko) Chrome/119.0.6045.105 Safari/537.36"
141.164.84.1 - - [01/Mar/2024:23:40:04 +0900] "GET /images/Testing-and-QA.jpg HTTP/1.1" 200 11492 "https://b2csoftwares.com/" "Mozilla/5.0 (X11; Linux x86_64) AppleWebKit/537.36 (KHTML, like Gecko) Chrome/119.0.6045.105 Safari/537.36"
149.20.242.83 - - [01/Mar/2024:23:40:04 +0900] "GET /images/Deployment.jpg HTTP/1.1" 200 11085 "https://b2csoftwares.com/" "Mozilla/5.0 (X11; Linux x86_64) AppleWebKit/537.36 (KHTML, like Gecko) Chrome/119.0.6045.105 Safari/537.36"
38.152.12.16 - - [01/Mar/2024:23:40:04 +0900] "GET /images/Support-and-Maintenance.jpg HTTP/1.1" 200 11775 "https://b2csoftwares.com/" "Mozilla/5.0 (X11; Linux x86_64) AppleWebKit/537.36 (KHTML, like Gecko) Chrome/119.0.6045.105 Safari/537.36"
192.210.224.172 - - [01/Mar/2024:23:40:04 +0900] "GET /images/grocery.png HTTP/1.1" 200 635883 "https://b2csoftwares.com/" "Mozilla/5.0 (X11; Linux x86_64) AppleWebKit/537.36 (KHTML, like Gecko) Chrome/119.0.6045.105 Safari/537.36"
38.170.4.37 - - [01/Mar/2024:23:40:04 +0900] "GET /images/asian-telecom.png HTTP/1.1" 200 650504 "https://b2csoftwares.com/" "Mozilla/5.0 (X11; Linux x86_64) AppleWebKit/537.36 (KHTML, like Gecko) Chrome/119.0.6045.105 Safari/537.36"
149.20.242.83 - - [01/Mar/2024:23:40:04 +0900] "GET /images/hostop.png HTTP/1.1" 200 787606 "https://b2csoftwares.com/" "Mozilla/5.0 (X11; Linux x86_64) AppleWebKit/537.36 (KHTML, like Gecko) Chrome/119.0.6045.105 Safari/537.36"
38.152.12.16 - - [01/Mar/2024:23:40:05 +0900] "GET /images/usa.png HTTP/1.1" 200 32687 "https://b2csoftwares.com/" "Mozilla/5.0 (X11; Linux x86_64) AppleWebKit/537.36 (KHTML, like Gecko) Chrome/119.0.6045.105 Safari/537.36"
69.58.64.34 - - [01/Mar/2024:23:40:04 +0900] "GET /images/united-tyre.png HTTP/1.1" 200 893058 "https://b2csoftwares.com/" "Mozilla/5.0 (X11; Linux x86_64) AppleWebKit/537.36 (KHTML, like Gecko) Chrome/119.0.6045.105 Safari/537.36"
192.210.224.172 - - [01/Mar/2024:23:40:05 +0900] "GET /images/uk.jpg HTTP/1.1" 200 37614 "https://b2csoftwares.com/" "Mozilla/5.0 (X11; Linux x86_64) AppleWebKit/537.36 (KHTML, like Gecko) Chrome/119.0.6045.105 Safari/537.36"
141.164.84.1 - - [01/Mar/2024:23:40:04 +0900] "GET /images/v4u.png HTTP/1.1" 200 880983 "https://b2csoftwares.com/" "Mozilla/5.0 (X11; Linux x86_64) AppleWebKit/537.36 (KHTML, like Gecko) Chrome/119.0.6045.105 Safari/537.36"
38.152.12.16 - - [01/Mar/2024:23:40:05 +0900] "GET /images/indialocation.jpg HTTP/1.1" 200 43464 "https://b2csoftwares.com/" "Mozilla/5.0 (X11; Linux x86_64) AppleWebKit/537.36 (KHTML, like Gecko) Chrome/119.0.6045.105 Safari/537.36"
192.210.224.172 - - [01/Mar/2024:23:40:05 +0900] "GET /images/banglore.jpg HTTP/1.1" 200 8695 "https://b2csoftwares.com/" "Mozilla/5.0 (X11; Linux x86_64) AppleWebKit/537.36 (KHTML, like Gecko) Chrome/119.0.6045.105 Safari/537.36"
149.20.242.83 - - [01/Mar/2024:23:40:05 +0900] "GET /images/singapore.jpg HTTP/1.1" 200 101832 "https://b2csoftwares.com/" "Mozilla/5.0 (X11; Linux x86_64) AppleWebKit/537.36 (KHTML, like Gecko) Chrome/119.0.6045.105 Safari/537.36"
192.171.81.234 - - [01/Mar/2024:23:40:22 +0900] "HEAD /sitemap.xml HTTP/1.1" 200 - "-" "python-requests/2.28.1"
40.83.1.135 - - [01/Mar/2024:23:51:14 +0900] "GET /robots.txt HTTP/1.1" 301 246 "-" "Mozilla/5.0 (Windows NT 10.0; Win64; x64) AppleWebKit/537.36 (KHTML, like Gecko) Chrome/91.0.4472.77 Safari/537.36"
40.83.1.135 - - [01/Mar/2024:23:51:15 +0900] "GET /index.php HTTP/1.1" 200 10532 "-" "Mozilla/5.0 (Windows NT 10.0; Win64; x64) AppleWebKit/537.36 (KHTML, like Gecko) Chrome/91.0.4472.77 Safari/537.36"
172.177.191.109 - - [01/Mar/2024:23:57:54 +0900] "GET /wp-content/plugins/hellopress/wp_filemanager.php HTTP/1.1" 301 246 "-" "-"
173.212.244.48 - - [02/Mar/2024:00:11:34 +0900] "POST /pactap/wp-cron.php?doing_wp_cron=1709305894.1678299903869628906250 HTTP/1.1" 200 - "-" "WordPress/6.4.3; https://www.b2csoftwares.com/pactap"
114.119.137.145 - - [02/Mar/2024:00:11:33 +0900] "GET /pactap/product-category/plastic-cups-and-lids HTTP/1.1" 301 - "https://www.b2csoftwares.com/pactap/products" "Mozilla/5.0 (Linux; Android 7.0;) AppleWebKit/537.36 (KHTML, like Gecko) Mobile Safari/537.36 (compatible; PetalBot;+https://webmaster.petalsearch.com/site/petalbot)"
114.119.137.145 - - [02/Mar/2024:00:11:36 +0900] "GET /pactap/product-category/plastic-cups-and-lids/ HTTP/1.1" 200 10633 "https://www.b2csoftwares.com/pactap/products" "Mozilla/5.0 (Linux; Android 7.0;) AppleWebKit/537.36 (KHTML, like Gecko) Mobile Safari/537.36 (compatible; PetalBot;+https://webmaster.petalsearch.com/site/petalbot)"
172.232.54.192 - - [02/Mar/2024:01:52:30 +0900] "HEAD /jobs HTTP/1.1" 200 - "-" "Mozilla/5.0 (X11; Linux x86_64) AppleWebKit/537.36 (KHTML, like Gecko) Chrome/99.0.4844.74 Safari/537.36 Edg/99.0.1150.46"
172.232.54.192 - - [02/Mar/2024:01:52:31 +0900] "GET /jobs HTTP/1.1" 200 10532 "-" "Mozilla/5.0 (X11; Linux x86_64) AppleWebKit/537.36 (KHTML, like Gecko) Chrome/99.0.4844.74 Safari/537.36 Edg/99.0.1150.46"
78.31.71.220 - - [02/Mar/2024:02:25:23 +0900] "GET /wp-content/themes/bricks/style.css HTTP/1.1" 200 10532 "www.google.com" "Mozlila/5.0 (Linux; Android 7.0; SM-G892A Bulid/NRD90M; wv) AppleWebKit/537.36 (KHTML, like Gecko) Version/4.0 Chrome/60.0.3112.107 Moblie Safari/537.36"
78.31.71.220 - - [02/Mar/2024:02:25:23 +0900] "GET /wp-content/themes/bricks/style.css HTTP/1.1" 301 246 "www.google.com" "Mozlila/5.0 (Linux; Android 7.0; SM-G892A Bulid/NRD90M; wv) AppleWebKit/537.36 (KHTML, like Gecko) Version/4.0 Chrome/60.0.3112.107 Moblie Safari/537.36"
43.163.8.36 - - [02/Mar/2024:02:46:12 +0900] "GET / HTTP/1.1" 301 237 "-" "Mozilla/5.0 (iPhone; CPU iPhone OS 13_2_3 like Mac OS X) AppleWebKit/605.1.15 (KHTML, like Gecko) Version/13.0.3 Mobile/15E148 Safari/604.1"
43.163.8.36 - - [02/Mar/2024:02:46:16 +0900] "GET / HTTP/1.1" 200 10532 "http://www.b2csoftwares.com" "Mozilla/5.0 (iPhone; CPU iPhone OS 13_2_3 like Mac OS X) AppleWebKit/605.1.15 (KHTML, like Gecko) Version/13.0.3 Mobile/15E148 Safari/604.1"
207.46.13.153 - - [02/Mar/2024:02:53:28 +0900] "GET /nextgen/wp-content/uploads/2023/03/GamingGambling.png HTTP/1.1" 200 4419857 "-" "Mozilla/5.0 AppleWebKit/537.36 (KHTML, like Gecko; compatible; bingbot/2.0; +http://www.bing.com/bingbot.htm) Chrome/116.0.1938.76 Safari/537.36"
103.101.88.189 - - [02/Mar/2024:02:57:29 +0900] "GET / HTTP/1.1" 200 10532 "-" "Mozilla/5.0 (Windows NT 10.0; WOW64) AppleWebKit/537.36 (KHTML, like Gecko) Chrome/114.0.0.0 YaBrowser/22.7.0 Yowser/2.5 Safari/537.36"
103.101.88.189 - - [02/Mar/2024:02:57:30 +0900] "GET /index.php HTTP/1.1" 200 10532 "https://www.b2csoftwares.com/" "Mozilla/5.0 (Windows NT 10.0; WOW64) AppleWebKit/537.36 (KHTML, like Gecko) Chrome/114.0.0.0 YaBrowser/22.7.0 Yowser/2.5 Safari/537.36"
103.101.88.189 - - [02/Mar/2024:02:57:30 +0900] "GET / HTTP/1.1" 200 10532 "https://www.b2csoftwares.com/" "Mozilla/5.0 (Windows NT 10.0; WOW64) AppleWebKit/537.36 (KHTML, like Gecko) Chrome/114.0.0.0 YaBrowser/22.7.0 Yowser/2.5 Safari/537.36"
103.101.88.189 - - [02/Mar/2024:02:57:31 +0900] "GET /tel:08000614395 HTTP/1.1" 200 10532 "https://www.b2csoftwares.com/" "Mozilla/5.0 (Windows NT 10.0; WOW64) AppleWebKit/537.36 (KHTML, like Gecko) Chrome/114.0.0.0 YaBrowser/22.7.0 Yowser/2.5 Safari/537.36"
103.101.88.189 - - [02/Mar/2024:02:57:31 +0900] "GET /tel:+1-917-724-2928 HTTP/1.1" 200 10532 "https://www.b2csoftwares.com/" "Mozilla/5.0 (Windows NT 10.0; WOW64) AppleWebKit/537.36 (KHTML, like Gecko) Chrome/114.0.0.0 YaBrowser/22.7.0 Yowser/2.5 Safari/537.36"
103.101.88.189 - - [02/Mar/2024:02:57:33 +0900] "GET /?name_req=Temeka+Perin&email_req=temeka.perin%40yahoo.com&phone_number=034+337+15+67&content=Greetings%21%0D%0A%0D%0AAre+you+ready+to+embark+on+an+entrepreneurial+journey+online%3F+I%27m+excited+to+offer+you+an+incredibly+user-friendly+solution+to+launch+your+own+business+in+the+digital+realm.+Let%27s+explore+this+opportunity%3A+https%3A%2F%2Fbit.ly%2Fre6554raer45 HTTP/1.1" 200 10532 "https://www.b2csoftwares.com/" "Mozilla/5.0 (Windows NT 10.0; WOW64) AppleWebKit/537.36 (KHTML, like Gecko) Chrome/114.0.0.0 YaBrowser/22.7.0 Yowser/2.5 Safari/537.36"
78.31.71.220 - - [02/Mar/2024:03:29:29 +0900] "GET /wp-content/themes/bricks/style.css HTTP/1.1" 200 10532 "www.google.com" "Mozlila/5.0 (Linux; Android 7.0; SM-G892A Bulid/NRD90M; wv) AppleWebKit/537.36 (KHTML, like Gecko) Version/4.0 Chrome/60.0.3112.107 Moblie Safari/537.36"
78.31.71.220 - - [02/Mar/2024:03:29:29 +0900] "GET /wp-content/themes/bricks/style.css HTTP/1.1" 301 246 "www.google.com" "Mozlila/5.0 (Linux; Android 7.0; SM-G892A Bulid/NRD90M; wv) AppleWebKit/537.36 (KHTML, like Gecko) Version/4.0 Chrome/60.0.3112.107 Moblie Safari/537.36"
78.31.71.220 - - [02/Mar/2024:03:30:03 +0900] "GET /wp-content/themes/bricks/style.css HTTP/1.1" 200 10532 "www.google.com" "Mozlila/5.0 (Linux; Android 7.0; SM-G892A Bulid/NRD90M; wv) AppleWebKit/537.36 (KHTML, like Gecko) Version/4.0 Chrome/60.0.3112.107 Moblie Safari/537.36"
78.31.71.220 - - [02/Mar/2024:03:30:03 +0900] "GET /wp-content/themes/bricks/style.css HTTP/1.1" 301 246 "www.google.com" "Mozlila/5.0 (Linux; Android 7.0; SM-G892A Bulid/NRD90M; wv) AppleWebKit/537.36 (KHTML, like Gecko) Version/4.0 Chrome/60.0.3112.107 Moblie Safari/537.36"
202.178.112.40 - - [02/Mar/2024:03:32:18 +0900] "GET / HTTP/1.1" 301 237 "-" "Mozilla/5.0 (Windows NT 10.0; Win64; x64) AppleWebKit/537.36 (KHTML, like Gecko) Chrome/88.0.4240.193 Safari/537.36"
66.249.66.35 - - [02/Mar/2024:03:36:31 +0900] "GET /robots.txt HTTP/1.1" 200 10532 "-" "Mozilla/5.0 (compatible; Googlebot/2.1; +http://www.google.com/bot.html)"
66.249.66.34 - - [02/Mar/2024:03:36:31 +0900] "GET /vflex/wp-content/uploads/2022/12/virtualization-icon-2-150x150.png HTTP/1.1" 200 7584 "-" "Googlebot-Image/1.0"
78.31.71.220 - - [02/Mar/2024:03:39:12 +0900] "GET /wp-content/themes/bricks/style.css HTTP/1.1" 200 10532 "www.google.com" "Mozlila/5.0 (Linux; Android 7.0; SM-G892A Bulid/NRD90M; wv) AppleWebKit/537.36 (KHTML, like Gecko) Version/4.0 Chrome/60.0.3112.107 Moblie Safari/537.36"
78.31.71.220 - - [02/Mar/2024:03:39:12 +0900] "GET /wp-content/themes/bricks/style.css HTTP/1.1" 301 246 "www.google.com" "Mozlila/5.0 (Linux; Android 7.0; SM-G892A Bulid/NRD90M; wv) AppleWebKit/537.36 (KHTML, like Gecko) Version/4.0 Chrome/60.0.3112.107 Moblie Safari/537.36"
78.31.71.220 - - [02/Mar/2024:04:11:11 +0900] "GET /wp-content/themes/bricks/style.css HTTP/1.1" 200 10532 "www.google.com" "Mozlila/5.0 (Linux; Android 7.0; SM-G892A Bulid/NRD90M; wv) AppleWebKit/537.36 (KHTML, like Gecko) Version/4.0 Chrome/60.0.3112.107 Moblie Safari/537.36"
78.31.71.220 - - [02/Mar/2024:04:11:11 +0900] "GET /wp-content/themes/bricks/style.css HTTP/1.1" 301 246 "www.google.com" "Mozlila/5.0 (Linux; Android 7.0; SM-G892A Bulid/NRD90M; wv) AppleWebKit/537.36 (KHTML, like Gecko) Version/4.0 Chrome/60.0.3112.107 Moblie Safari/537.36"
114.119.152.60 - - [02/Mar/2024:04:23:26 +0900] "GET /robots.txt HTTP/1.1" 200 10532 "-" "Mozilla/5.0 (compatible;PetalBot;+https://webmaster.petalsearch.com/site/petalbot)"
78.31.71.220 - - [02/Mar/2024:04:25:57 +0900] "GET /wp-content/themes/bricks/style.css HTTP/1.1" 200 10532 "www.google.com" "Mozlila/5.0 (Linux; Android 7.0; SM-G892A Bulid/NRD90M; wv) AppleWebKit/537.36 (KHTML, like Gecko) Version/4.0 Chrome/60.0.3112.107 Moblie Safari/537.36"
78.31.71.220 - - [02/Mar/2024:04:25:57 +0900] "GET /wp-content/themes/bricks/style.css HTTP/1.1" 301 246 "www.google.com" "Mozlila/5.0 (Linux; Android 7.0; SM-G892A Bulid/NRD90M; wv) AppleWebKit/537.36 (KHTML, like Gecko) Version/4.0 Chrome/60.0.3112.107 Moblie Safari/537.36"
114.119.137.145 - - [02/Mar/2024:04:27:01 +0900] "GET /pactap/product/paper-straws/ HTTP/1.1" 200 10792 "https://www.b2csoftwares.com/pactap/product-category/wooden-paper-straws-and-cutlery/index.php" "Mozilla/5.0 (Linux; Android 7.0;) AppleWebKit/537.36 (KHTML, like Gecko) Mobile Safari/537.36 (compatible; PetalBot;+https://webmaster.petalsearch.com/site/petalbot)"
173.212.244.48 - - [02/Mar/2024:04:27:02 +0900] "POST /pactap/wp-cron.php?doing_wp_cron=1709321221.9562659263610839843750 HTTP/1.1" 200 - "-" "WordPress/6.4.3; https://www.b2csoftwares.com/pactap"
109.234.35.41 - - [02/Mar/2024:04:36:22 +0900] "GET / HTTP/1.0" 200 48556 "-" "Mozilla/5.0 (Windows NT 6.3; Win64; x64) AppleWebKit/537.36 (KHTML, like Gecko) Chrome/75.0.3770.100 Safari/537.36"
