114.119.153.114 - - [03/Mar/2024:00:30:45 +0900] "GET /vflex/wp-content/themes/vflex/images/automation.png HTTP/1.1" 200 9855 "https://b2csoftwares.com/vflex/artificial-intelligence" "Mozilla/5.0 (Linux; Android 7.0;) AppleWebKit/537.36 (KHTML, like Gecko) Mobile Safari/537.36 (compatible; PetalBot;+https://webmaster.petalsearch.com/site/petalbot)"
114.119.152.195 - - [03/Mar/2024:00:32:27 +0900] "GET /vflex/career/android-developer/ HTTP/1.1" 200 4122 "https://b2csoftwares.com/vflex/career/" "Mozilla/5.0 (Linux; Android 7.0;) AppleWebKit/537.36 (KHTML, like Gecko) Mobile Safari/537.36 (compatible; PetalBot;+https://webmaster.petalsearch.com/site/petalbot)"
107.151.182.62 - - [03/Mar/2024:01:04:52 +0900] "GET / HTTP/1.1" 200 10532 "-" "Mozilla/5.0 (Windows NT 10.0; Win64; x64) AppleWebKit/537.36 (KHTML, like Gecko) Chrome/60.0.3112.113 Safari/537.36"
107.151.182.62 - - [03/Mar/2024:01:04:53 +0900] "GET /favicon.ico HTTP/1.1" 200 10532 "-" "Mozilla/5.0 (Windows NT 10.0; WOW64) AppleWebKit/537.36 (KHTML, like Gecko) Chrome/66.0.3359.117 Safari/537.36"
109.252.89.177 - - [03/Mar/2024:01:24:43 +0900] "GET / HTTP/1.1" 301 237 "-" "python-requests/2.31.0"
109.252.89.177 - - [03/Mar/2024:01:24:44 +0900] "GET / HTTP/1.1" 200 10532 "-" "python-requests/2.31.0"
212.193.53.133 - - [03/Mar/2024:01:33:59 +0900] "GET / HTTP/1.1" 301 237 "-" "Mozilla/5.0 (Macintosh; Intel Mac OS X 10.16; rv:85.0) Gecko/20100101 Firefox/85.0"
212.193.53.133 - - [03/Mar/2024:01:33:59 +0900] "GET / HTTP/1.1" 200 10532 "-" "Mozilla/5.0 (Macintosh; Intel Mac OS X 10.16; rv:85.0) Gecko/20100101 Firefox/85.0"
212.193.53.133 - - [03/Mar/2024:01:34:00 +0900] "GET / HTTP/1.1" 301 237 "-" "Mozilla/4.0 (compatible; MSIE 6.0; Windows NT 5.1; SV1)"
212.193.53.133 - - [03/Mar/2024:01:34:00 +0900] "GET / HTTP/1.1" 200 10532 "-" "Mozilla/4.0 (compatible; MSIE 6.0; Windows NT 5.1; SV1)"
85.143.219.238 - - [03/Mar/2024:01:34:07 +0900] "GET /robots.txt HTTP/1.1" 301 246 "-" "Mozilla/5.0 (Macintosh; Intel Mac OS X 10.11; rv:45.0) Gecko/20100101 Firefox/45.0"
85.143.219.238 - - [03/Mar/2024:01:34:08 +0900] "GET / HTTP/1.1" 301 237 "-" "Mozilla/5.0 (Macintosh; Intel Mac OS X 10.11; rv:45.0) Gecko/20100101 Firefox/45.0"
203.2.64.59 - - [03/Mar/2024:01:42:17 +0900] "GET / HTTP/1.1" 301 237 "-" "Mozilla/5.0 (iPhone; CPU iPhone OS 13_2_3 like Mac OS X) AppleWebKit/605.1.15 (KHTML, like Gecko) Version/13.0.3 Mobile/15E148 Safari/604.1"
203.2.64.59 - - [03/Mar/2024:01:42:22 +0900] "GET / HTTP/1.1" 200 10532 "http://www.b2csoftwares.com" "Mozilla/5.0 (iPhone; CPU iPhone OS 13_2_3 like Mac OS X) AppleWebKit/605.1.15 (KHTML, like Gecko) Version/13.0.3 Mobile/15E148 Safari/604.1"
23.106.18.224 - - [03/Mar/2024:02:00:36 +0900] "GET / HTTP/1.1" 200 10532 "-" "Mozilla/5.0 (Windows NT 10.0; WOW64; x64) AppleWebKit/537.36 (KHTML, like Gecko) Chrome/114.0.0.0 Safari/537.36 OPR/89.0.4447.51"
23.106.18.224 - - [03/Mar/2024:02:00:40 +0900] "GET /index.php HTTP/1.1" 200 10532 "https://www.b2csoftwares.com/" "Mozilla/5.0 (Windows NT 10.0; WOW64; x64) AppleWebKit/537.36 (KHTML, like Gecko) Chrome/114.0.0.0 Safari/537.36 OPR/89.0.4447.51"
23.106.18.224 - - [03/Mar/2024:02:00:44 +0900] "GET / HTTP/1.1" 200 10532 "https://www.b2csoftwares.com/" "Mozilla/5.0 (Windows NT 10.0; WOW64; x64) AppleWebKit/537.36 (KHTML, like Gecko) Chrome/114.0.0.0 Safari/537.36 OPR/89.0.4447.51"
23.106.18.224 - - [03/Mar/2024:02:00:48 +0900] "GET /tel:08000614395 HTTP/1.1" 200 10532 "https://www.b2csoftwares.com/" "Mozilla/5.0 (Windows NT 10.0; WOW64; x64) AppleWebKit/537.36 (KHTML, like Gecko) Chrome/114.0.0.0 Safari/537.36 OPR/89.0.4447.51"
23.106.18.224 - - [03/Mar/2024:02:00:51 +0900] "GET /tel:+1-917-724-2928 HTTP/1.1" 200 10532 "https://www.b2csoftwares.com/" "Mozilla/5.0 (Windows NT 10.0; WOW64; x64) AppleWebKit/537.36 (KHTML, like Gecko) Chrome/114.0.0.0 Safari/537.36 OPR/89.0.4447.51"
23.106.18.224 - - [03/Mar/2024:02:00:55 +0900] "GET /?name_req=Jordan+Ronalds&email_req=jordan.ronalds%40gmail.com&phone_number=030+25+94+94&content=By+far%2C+the+biggest+mistake+men+make+when+they+want+to+make+a+woman+wet%E2%80%A6%0D%0A%0D%0A%0D%0AIs+thinking+that+LUSTING+FOR+YOU+somehow+comes+from+LIKING+you.%0D%0A%0D%0A%0D%0ABut+nothing+could+be+further+from+the+truth.%0D%0A%0D%0A%0D%0AYou+see%2C+whether+or+not+a+girl+%E2%80%98likes%E2%80%99+you+and+approves+of+you%E2%80%A6%0D%0A%0D%0A%0D%0AHas+nothing+to+do+with+whether+or+not+she+wants+to+wrap+her+legs+around+you+and+draw+you+deep+inside+her.%0D%0A%0D%0A%0D%0AIn+fact%E2%80%A6%0D%0A%0D%0A%0D%0AWomen+are+more+likely+to+fantasize+about+getting+bent+over+and+ravaged+by+a+guy+they+don%E2%80%99t+particularly+%E2%80%9Clike%E2%80%9D+in+the+traditional+sense.%0D%0A%0D%0A%0D%0ADiscover+how+to+make+her+fantasize+about+getting+pounded+by+you+here%0D%0A%0D%0A%0D%0A%3D%3D%3E+https://cb0b7yrgodl5gkf5flilycvjqe.hop.clickbank.net+%0D%0A%0D%0A%0D%0A%0D%0AThat%E2%80%99s+because+LUST+and+LIKING+exist+in+different+areas+of+her+brain%E2%80%A6%0D%0A%0D%0A%0D%0A%E2%80%9CLiking%E2%80%9D+is+generated+in+the+rational%2C+logical+part+of+the+brain%E2%80%A6%0D%0A%0D%0A%0D%0AAnd+lust+is+activated+in+the+deeper%2C+more+primal%2C+animal+part+of+the+brain%E2%80%A6%0D%0A%0D%0A%0D%0AThe+good+news+is%E2%80%A6%0D%0A%0D%0A%0D%0AThat+a+woman%E2%80%99s+primal%2C+animal+brain+is+much+more+powerful+than+her+logical%2C+reasonable+one%E2%80%A6%0D%0A%0D%0A%0D%0AAnd+guys+who+know+how+to+activate+it%E2%80%A6%0D%0A%0D%0A%0D%0AHave+an+insane+amount+of+choice+with+women..%0D%0A%0D%0A%0D%0AHere%E2%80%99s+how+to+activate+the+LUST+part+of+her+brain%0D%0A%0D%0A%0D%0Ahttps://cb0b7yrgodl5gkf5flilycvjqe.hop.clickbank.net+%3C%3D%3D+Watch+now%0D%0A%0D%0A%0D%0A%0D%0A%0D%0AWhen+you+think+about+it%2C+we+men+aren%E2%80%99t+that+different:%0D%0A%0D%0A%0D%0AI%E2%80%99m+sure+there%E2%80%99s+been+a+girl+you+didn%E2%80%99t+particularly+%E2%80%9Clike%E2%80%9D+or+connect+with%E2%80%A6%0D%0A%0D%0A%0D%0ABut+you+wouldn%E2%80%99t+hesitate+to+slide+into+bed+with+her+and+tear+her+panties+off.%0D%0A%0D%0A%0D%0AThe+main+difference+between+men%E2%80%99s+and+women%E2%80%99s+brains%E2%80%A6%0D%0A%0D%0A%0D%0AIs+where+a+man%E2%80%99s+primal+lust+is+triggered+by+a+woman%E2%80%99s+physical+appearance%E2%80%A6%0D%0A%0D%0A%0D%0AA+woman%E2%80%99s+primal+lust+is+triggered+by+the+signals+his+body+language+gives+off%E2%80%A6%0D%0A%0D%0A%0D%0AThat%E2%80%99s+why+carrying+yourself+a+certain+way+will+make+a+woman+squirm+in+her+seat%E2%80%A6%0D%0A%0D%0A%0D%0AIt%E2%80%99ll+make+her+want+to+reach+down+and+start+touching+herself%E2%80%A6%0D%0A%0D%0A%0D%0AAnd+she%E2%80%99ll+be+picturing+your+face+as+she+crests+over%E2%80%A6%0D%0A%0D%0A%0D%0ALearn+how+it%E2%80%99s+done+in+this+short%2C+instructional+video:+https://cb0b7yrgodl5gkf5flilycvjqe.hop.clickbank.net+%0D%0A%0D%0A%0D%0AThank+me+later...%0D%0A%0D%0A%0D%0A-Jordan%0D%0A%0D%0A%0D%0A%0D%0A%0D%0A%0D%0A%0D%0A%0D%0A%0D%0A%0D%0A%0D%0A%0D%0A%0D%0A%0D%0A%0D%0A%0D%0A%0D%0A%0D%0A%0D%0A%0D%0A%0D%0A%0D%0A%0D%0A%0D%0A%0D%0A%0D%0A%0D%0A%0D%0A%0D%0A%0D%0A%0D%0A%0D%0A%0D%0A%0D%0A%0D%0A%0D%0A%0D%0A%0D%0A%0D%0A%0D%0A%0D%0A%0D%0A%0D%0A%0D%0A%0D%0A%0D%0A%0D%0A%0D%0A%0D%0A%0D%0ATo+unsubscribe+reply+with+the+word+unsubscribe+in+the+subject+line+and+include+your+domain+name+to+media.acquisition1%40gmail.com%0D%0A HTTP/1.1" 200 10532 "https://www.b2csoftwares.com/" "Mozilla/5.0 (Windows NT 10.0; WOW64; x64) AppleWebKit/537.36 (KHTML, like Gecko) Chrome/114.0.0.0 Safari/537.36 OPR/89.0.4447.51"
60.205.185.165 - - [03/Mar/2024:02:47:35 +0900] "GET / HTTP/1.1" 301 237 "-" "Mozilla/5.0 (Windows NT 10.0; Win64; x64) AppleWebKit/537.36 (KHTML, like Gecko) Chrome/91.0.4472.114 Safari/537.36"
60.205.185.165 - - [03/Mar/2024:02:47:37 +0900] "GET / HTTP/1.1" 200 48556 "-" "Mozilla/5.0 (Windows NT 10.0; Win64; x64) AppleWebKit/537.36 (KHTML, like Gecko) Chrome/91.0.4472.114 Safari/537.36"
60.205.185.165 - - [03/Mar/2024:02:47:40 +0900] "POST /xmlrpc.php HTTP/1.1" 200 48556 "-" "Mozilla/5.0 (Windows NT 10.0; Win64; x64) AppleWebKit/537.36 (KHTML, like Gecko) Chrome/91.0.4472.114 Safari/537.36"
60.205.185.165 - - [03/Mar/2024:02:47:45 +0900] "POST /wordpress/xmlrpc.php HTTP/1.1" 200 48556 "-" "Mozilla/5.0 (Windows NT 10.0; Win64; x64) AppleWebKit/537.36 (KHTML, like Gecko) Chrome/91.0.4472.114 Safari/537.36"
60.205.185.165 - - [03/Mar/2024:02:47:47 +0900] "POST /wp/xmlrpc.php HTTP/1.1" 200 48556 "-" "Mozilla/5.0 (Windows NT 10.0; Win64; x64) AppleWebKit/537.36 (KHTML, like Gecko) Chrome/91.0.4472.114 Safari/537.36"
60.205.185.165 - - [03/Mar/2024:02:47:48 +0900] "GET / HTTP/1.1" 301 237 "-" "Mozilla/5.0 (Windows NT 6.1; Win64; x64; rv:25.0) Gecko/20100101 Firefox/29.0"
60.205.185.165 - - [03/Mar/2024:02:47:49 +0900] "GET / HTTP/1.1" 200 48556 "-" "Mozilla/5.0 (Windows NT 6.1; Win64; x64; rv:25.0) Gecko/20100101 Firefox/29.0"
60.205.185.165 - - [03/Mar/2024:02:47:51 +0900] "GET /wp-login.php HTTP/1.1" 200 48556 "-" "Mozilla/5.0 (Windows NT 6.1; Win64; x64; rv:25.0) Gecko/20100101 Firefox/29.0"
60.205.185.165 - - [03/Mar/2024:02:48:05 +0900] "GET /login HTTP/1.1" 200 48556 "-" "Mozilla/5.0 (Windows NT 6.1; Win64; x64; rv:25.0) Gecko/20100101 Firefox/29.0"
114.119.155.232 - - [03/Mar/2024:02:48:15 +0900] "GET /images/sap-icon.png HTTP/1.1" 200 4173 "http://b2csoftwares.com/med/courses/vacation-work-experience" "Mozilla/5.0 (Linux; Android 7.0;) AppleWebKit/537.36 (KHTML, like Gecko) Mobile Safari/537.36 (compatible; PetalBot;+https://webmaster.petalsearch.com/site/petalbot)"
84.17.51.4 - - [03/Mar/2024:03:00:58 +0900] "GET / HTTP/1.0" 301 237 "http://b2csoftwares.com/" "Mozilla/5.0 (Windows NT 6.1; WOW64) AppleWebKit/537.36 (KHTML, like Gecko) Chrome/67.0.3396.87 Safari/537.36 OPR/54.0.2952.64 (Edition Yx)"
84.17.51.4 - - [03/Mar/2024:03:00:59 +0900] "GET / HTTP/1.0" 200 48556 "https://www.b2csoftwares.com/" "Mozilla/5.0 (Windows NT 6.1; WOW64) AppleWebKit/537.36 (KHTML, like Gecko) Chrome/67.0.3396.87 Safari/537.36 OPR/54.0.2952.64 (Edition Yx)"
84.17.51.4 - - [03/Mar/2024:03:00:59 +0900] "POST / HTTP/1.0" 200 48556 "https://www.b2csoftwares.com/" "Mozilla/5.0 (Windows NT 6.1; WOW64) AppleWebKit/537.36 (KHTML, like Gecko) Chrome/67.0.3396.87 Safari/537.36 OPR/54.0.2952.64 (Edition Yx)"
173.212.244.48 - - [03/Mar/2024:03:20:02 +0900] "POST /pactap/wp-cron.php?doing_wp_cron=1709403602.3632450103759765625000 HTTP/1.1" 200 - "-" "WordPress/6.4.3; https://www.b2csoftwares.com/pactap"
114.119.144.51 - - [03/Mar/2024:03:20:01 +0900] "GET /pactap/cookie-policy HTTP/1.1" 301 - "https://www.b2csoftwares.com/pactap/product/wooden-sporks/" "Mozilla/5.0 (Linux; Android 7.0;) AppleWebKit/537.36 (KHTML, like Gecko) Mobile Safari/537.36 (compatible; PetalBot;+https://webmaster.petalsearch.com/site/petalbot)"
114.119.144.51 - - [03/Mar/2024:03:20:06 +0900] "GET /pactap/cookie-policy/ HTTP/1.1" 200 13809 "https://www.b2csoftwares.com/pactap/product/wooden-sporks/" "Mozilla/5.0 (Linux; Android 7.0;) AppleWebKit/537.36 (KHTML, like Gecko) Mobile Safari/537.36 (compatible; PetalBot;+https://webmaster.petalsearch.com/site/petalbot)"
114.119.138.202 - - [03/Mar/2024:03:21:55 +0900] "GET /med/courses/intense-revision HTTP/1.1" 301 246 "-" "Mozilla/5.0 (Linux; Android 7.0;) AppleWebKit/537.36 (KHTML, like Gecko) Mobile Safari/537.36 (compatible; PetalBot;+https://webmaster.petalsearch.com/site/petalbot)"
114.119.138.202 - - [03/Mar/2024:03:21:57 +0900] "GET /index.php HTTP/1.1" 200 10532 "-" "Mozilla/5.0 (Linux; Android 7.0;) AppleWebKit/537.36 (KHTML, like Gecko) Mobile Safari/537.36 (compatible; PetalBot;+https://webmaster.petalsearch.com/site/petalbot)"
172.241.245.17 - - [03/Mar/2024:03:46:35 +0900] "GET / HTTP/1.1" 200 10532 "-" "Mozilla/5.0 (Windows NT 10.0; WOW64; x64) AppleWebKit/537.36 (KHTML, like Gecko) Chrome/114.0.0.0 Safari/537.36 OPR/89.0.4447.51"
172.241.245.17 - - [03/Mar/2024:03:46:36 +0900] "GET /index.php HTTP/1.1" 200 10532 "https://www.b2csoftwares.com/" "Mozilla/5.0 (Windows NT 10.0; WOW64; x64) AppleWebKit/537.36 (KHTML, like Gecko) Chrome/114.0.0.0 Safari/537.36 OPR/89.0.4447.51"
172.241.245.17 - - [03/Mar/2024:03:46:38 +0900] "GET / HTTP/1.1" 200 10532 "https://www.b2csoftwares.com/" "Mozilla/5.0 (Windows NT 10.0; WOW64; x64) AppleWebKit/537.36 (KHTML, like Gecko) Chrome/114.0.0.0 Safari/537.36 OPR/89.0.4447.51"
172.241.245.17 - - [03/Mar/2024:03:46:39 +0900] "GET /tel:08000614395 HTTP/1.1" 200 10532 "https://www.b2csoftwares.com/" "Mozilla/5.0 (Windows NT 10.0; WOW64; x64) AppleWebKit/537.36 (KHTML, like Gecko) Chrome/114.0.0.0 Safari/537.36 OPR/89.0.4447.51"
172.241.245.17 - - [03/Mar/2024:03:46:40 +0900] "GET /tel:+1-917-724-2928 HTTP/1.1" 200 10532 "https://www.b2csoftwares.com/" "Mozilla/5.0 (Windows NT 10.0; WOW64; x64) AppleWebKit/537.36 (KHTML, like Gecko) Chrome/114.0.0.0 Safari/537.36 OPR/89.0.4447.51"
172.241.245.17 - - [03/Mar/2024:03:46:42 +0900] "GET /?name_req=Matthew+Stover&email_req=matthew.stover%40googlemail.com&phone_number=480+5790&content=Hello%2C%0D%0A%0D%0ADo+you+need+traffic+from+other+websites+owners+like+you+%3F%0D%0A%0D%0AAdvertise+Your+Offer+to+More+Than+4+Million+Engaged+Website+Owners.%0D%0A%0D%0ACheck+it+out+here+https%3A%2F%2Fzwoops.com%2FCFP%2F%0D%0A%0D%0ACheers%2C%0D%0A%0D%0AMatthew%0D%0A%0D%0A%0D%0A%0D%0A%0D%0A%0D%0A%0D%0A%0D%0A%0D%0A%0D%0A%0D%0AYou+can+Unsubscribe+here+%3A++https%3A%2F%2Fzwoops.com%2Fremoveme HTTP/1.1" 200 10532 "https://www.b2csoftwares.com/" "Mozilla/5.0 (Windows NT 10.0; WOW64; x64) AppleWebKit/537.36 (KHTML, like Gecko) Chrome/114.0.0.0 Safari/537.36 OPR/89.0.4447.51"
114.119.153.114 - - [03/Mar/2024:05:42:45 +0900] "GET /pactap/product-category/plastic-straws-and-cutlery/index.php HTTP/1.1" 301 - "https://www.b2csoftwares.com/pactap/product-category/plastic-straws-and-cutlery/index.php" "Mozilla/5.0 (Linux; Android 7.0;) AppleWebKit/537.36 (KHTML, like Gecko) Mobile Safari/537.36 (compatible; PetalBot;+https://webmaster.petalsearch.com/site/petalbot)"
173.212.244.48 - - [03/Mar/2024:05:42:46 +0900] "POST /pactap/wp-cron.php?doing_wp_cron=1709412166.6382648944854736328125 HTTP/1.1" 200 - "-" "WordPress/6.4.3; https://www.b2csoftwares.com/pactap"
114.119.153.114 - - [03/Mar/2024:05:42:51 +0900] "GET /pactap/product-category/plastic-straws-and-cutlery/ HTTP/1.1" 200 10816 "https://www.b2csoftwares.com/pactap/product-category/plastic-straws-and-cutlery/index.php" "Mozilla/5.0 (Linux; Android 7.0;) AppleWebKit/537.36 (KHTML, like Gecko) Mobile Safari/537.36 (compatible; PetalBot;+https://webmaster.petalsearch.com/site/petalbot)"
173.212.244.48 - - [03/Mar/2024:05:43:54 +0900] "POST /vflex/wp-cron.php?doing_wp_cron=1709412234.7433071136474609375000 HTTP/1.1" 200 - "-" "WordPress/6.4.3; https://b2csoftwares.com/vflex"
114.119.152.195 - - [03/Mar/2024:05:43:54 +0900] "GET /vflex/education HTTP/1.1" 301 - "https://b2csoftwares.com/vflex/contact-us" "Mozilla/5.0 (Linux; Android 7.0;) AppleWebKit/537.36 (KHTML, like Gecko) Mobile Safari/537.36 (compatible; PetalBot;+https://webmaster.petalsearch.com/site/petalbot)"
114.119.152.195 - - [03/Mar/2024:05:43:56 +0900] "GET /vflex/education/ HTTP/1.1" 200 5980 "https://b2csoftwares.com/vflex/contact-us" "Mozilla/5.0 (Linux; Android 7.0;) AppleWebKit/537.36 (KHTML, like Gecko) Mobile Safari/537.36 (compatible; PetalBot;+https://webmaster.petalsearch.com/site/petalbot)"
23.82.186.8 - - [03/Mar/2024:05:53:47 +0900] "GET / HTTP/1.1" 200 10532 "-" "Mozilla/5.0 (Windows NT 10.0; WOW64; x64) AppleWebKit/537.36 (KHTML, like Gecko) Chrome/114.0.0.0 Safari/537.36 OPR/89.0.4447.51"
23.82.186.8 - - [03/Mar/2024:05:53:49 +0900] "GET /index.php HTTP/1.1" 200 10532 "https://www.b2csoftwares.com/" "Mozilla/5.0 (Windows NT 10.0; WOW64; x64) AppleWebKit/537.36 (KHTML, like Gecko) Chrome/114.0.0.0 Safari/537.36 OPR/89.0.4447.51"
23.82.186.8 - - [03/Mar/2024:05:53:51 +0900] "GET / HTTP/1.1" 200 10532 "https://www.b2csoftwares.com/" "Mozilla/5.0 (Windows NT 10.0; WOW64; x64) AppleWebKit/537.36 (KHTML, like Gecko) Chrome/114.0.0.0 Safari/537.36 OPR/89.0.4447.51"
23.82.186.8 - - [03/Mar/2024:05:53:54 +0900] "GET /tel:08000614395 HTTP/1.1" 200 10532 "https://www.b2csoftwares.com/" "Mozilla/5.0 (Windows NT 10.0; WOW64; x64) AppleWebKit/537.36 (KHTML, like Gecko) Chrome/114.0.0.0 Safari/537.36 OPR/89.0.4447.51"
23.82.186.8 - - [03/Mar/2024:05:53:55 +0900] "GET /tel:+1-917-724-2928 HTTP/1.1" 200 10532 "https://www.b2csoftwares.com/" "Mozilla/5.0 (Windows NT 10.0; WOW64; x64) AppleWebKit/537.36 (KHTML, like Gecko) Chrome/114.0.0.0 Safari/537.36 OPR/89.0.4447.51"
23.82.186.8 - - [03/Mar/2024:05:53:58 +0900] "GET /?name_req=Roseann+Rapke&email_req=rapke.roseann%40yahoo.com&phone_number=079+0931+5471&content=Hey%2C%0D%0A%0D%0ADo+you+need+traffic+from+other+websites+owners+like+you+%3F%0D%0A%0D%0AAdvertise+Your+Offer+to+More+Than+4+Million+Engaged+Website+Owners.%0D%0A%0D%0ACheck+it+out+here+https%3A%2F%2Fzwoops.com%2FCFP%2F%0D%0A%0D%0ACheers%2C%0D%0A%0D%0ARoseann%0D%0A%0D%0A%0D%0A%0D%0A%0D%0A%0D%0A%0D%0A%0D%0A%0D%0A%0D%0A%0D%0AYou+can+Unsubscribe+here+%3A++https%3A%2F%2Fzwoops.com%2Fremoveme HTTP/1.1" 200 10532 "https://www.b2csoftwares.com/" "Mozilla/5.0 (Windows NT 10.0; WOW64; x64) AppleWebKit/537.36 (KHTML, like Gecko) Chrome/114.0.0.0 Safari/537.36 OPR/89.0.4447.51"
185.81.128.21 - - [03/Mar/2024:05:58:56 +0900] "GET / HTTP/1.1" 200 10532 "-" "Mozilla/5.0 (Windows NT 6.4; WOW64) AppleWebKit/537.36 (KHTML, like Gecko) Chrome/41.0.2225.0 Safari/537.36"
23.94.32.14 - - [03/Mar/2024:06:01:41 +0900] "GET / HTTP/1.1" 200 10532 "-" "Mozilla/5.0 (Windows NT 10.0; WOW64; x64) AppleWebKit/537.36 (KHTML, like Gecko) Chrome/114.0.0.0 Safari/537.36 OPR/89.0.4447.51"
23.94.32.14 - - [03/Mar/2024:06:01:42 +0900] "GET /index.php HTTP/1.1" 200 10532 "https://www.b2csoftwares.com/" "Mozilla/5.0 (Windows NT 10.0; WOW64; x64) AppleWebKit/537.36 (KHTML, like Gecko) Chrome/114.0.0.0 Safari/537.36 OPR/89.0.4447.51"
23.94.32.14 - - [03/Mar/2024:06:01:43 +0900] "GET / HTTP/1.1" 200 10532 "https://www.b2csoftwares.com/" "Mozilla/5.0 (Windows NT 10.0; WOW64; x64) AppleWebKit/537.36 (KHTML, like Gecko) Chrome/114.0.0.0 Safari/537.36 OPR/89.0.4447.51"
23.94.32.14 - - [03/Mar/2024:06:01:44 +0900] "GET /tel:08000614395 HTTP/1.1" 200 10532 "https://www.b2csoftwares.com/" "Mozilla/5.0 (Windows NT 10.0; WOW64; x64) AppleWebKit/537.36 (KHTML, like Gecko) Chrome/114.0.0.0 Safari/537.36 OPR/89.0.4447.51"
23.94.32.14 - - [03/Mar/2024:06:01:45 +0900] "GET /tel:+1-917-724-2928 HTTP/1.1" 200 10532 "https://www.b2csoftwares.com/" "Mozilla/5.0 (Windows NT 10.0; WOW64; x64) AppleWebKit/537.36 (KHTML, like Gecko) Chrome/114.0.0.0 Safari/537.36 OPR/89.0.4447.51"
23.94.32.14 - - [03/Mar/2024:06:01:46 +0900] "GET /?name_req=Janelle+Parramore&email_req=janelle.parramore%40hotmail.com&phone_number=418-230-7503&content=Turn+any+idea+or+content+to+video%2C+instantly%0D%0A%0D%0AYour+complete+video+solution+in+one+AI+tool%0D%0A%0D%0AUse+the+full+power+of+video+to+grow+your+brand%0D%0A%0D%0Ainvideo.sjv.io%2Fm5y1Qe%0D%0A%0D%0A%0D%0A%0D%0A%0D%0A%0D%0A%0D%0A HTTP/1.1" 200 10532 "https://www.b2csoftwares.com/" "Mozilla/5.0 (Windows NT 10.0; WOW64; x64) AppleWebKit/537.36 (KHTML, like Gecko) Chrome/114.0.0.0 Safari/537.36 OPR/89.0.4447.51"
40.88.21.235 - - [03/Mar/2024:06:20:48 +0900] "GET / HTTP/1.1" 301 237 "http://b2csoftwares.com/" "Mozilla/5.0 (compatible; DuckDuckGo-Favicons-Bot/1.0; +http://duckduckgo.com)"
40.88.21.235 - - [03/Mar/2024:06:20:49 +0900] "GET / HTTP/1.1" 200 10532 "https://www.b2csoftwares.com/" "Mozilla/5.0 (compatible; DuckDuckGo-Favicons-Bot/1.0; +http://duckduckgo.com)"
40.88.21.235 - - [03/Mar/2024:06:20:49 +0900] "GET /images/favicon.png HTTP/1.1" 200 2438 "https://www.b2csoftwares.com/images/favicon.png" "Mozilla/5.0 (compatible; DuckDuckGo-Favicons-Bot/1.0; +http://duckduckgo.com)"
173.212.244.48 - - [03/Mar/2024:06:24:19 +0900] "POST /pactap/wp-cron.php?doing_wp_cron=1709414659.5534780025482177734375 HTTP/1.1" 200 - "-" "WordPress/6.4.3; https://www.b2csoftwares.com/pactap"
114.119.144.51 - - [03/Mar/2024:06:24:18 +0900] "GET /pactap/product/plastic-bowls/ HTTP/1.1" 200 10728 "https://www.b2csoftwares.com/pactap/product-category/plastic-containers-bowls-and-boxes" "Mozilla/5.0 (Linux; Android 7.0;) AppleWebKit/537.36 (KHTML, like Gecko) Mobile Safari/537.36 (compatible; PetalBot;+https://webmaster.petalsearch.com/site/petalbot)"
173.212.244.48 - - [03/Mar/2024:06:30:31 +0900] "POST /pactap/wp-cron.php?doing_wp_cron=1709415031.6871650218963623046875 HTTP/1.1" 200 - "-" "WordPress/6.4.3; https://www.b2csoftwares.com/pactap"
114.119.138.202 - - [03/Mar/2024:06:30:31 +0900] "GET /pactap/products/ HTTP/1.1" 200 12408 "https://www.b2csoftwares.com/pactap/product-category/plastic-containers-bowls-and-boxes" "Mozilla/5.0 (Linux; Android 7.0;) AppleWebKit/537.36 (KHTML, like Gecko) Mobile Safari/537.36 (compatible; PetalBot;+https://webmaster.petalsearch.com/site/petalbot)"
205.210.31.18 - - [03/Mar/2024:06:49:47 +0900] "GET / HTTP/1.1" 200 48556 "-" "-"
66.249.66.34 - - [03/Mar/2024:06:49:49 +0900] "GET /robots.txt HTTP/1.1" 200 10532 "-" "Mozilla/5.0 (compatible; Googlebot/2.1; +http://www.google.com/bot.html)"
66.249.66.35 - - [03/Mar/2024:06:49:49 +0900] "GET / HTTP/1.1" 200 10532 "-" "Mozilla/5.0 (compatible; Googlebot/2.1; +http://www.google.com/bot.html)"
66.249.66.35 - - [03/Mar/2024:06:49:49 +0900] "GET / HTTP/1.1" 200 10532 "-" "Mozilla/5.0 (Linux; Android 6.0.1; Nexus 5X Build/MMB29P) AppleWebKit/537.36 (KHTML, like Gecko) Chrome/99.0.4844.84 Mobile Safari/537.36 (compatible; Googlebot/2.1; +http://www.google.com/bot.html)"
66.249.66.33 - - [03/Mar/2024:06:49:50 +0900] "GET /megamenu/easyResponsiveTabs.js HTTP/1.1" 200 1319 "https://b2csoftwares.com/" "Mozilla/5.0 (Linux; Android 6.0.1; Nexus 5X Build/MMB29P) AppleWebKit/537.36 (KHTML, like Gecko) Chrome/121.0.6167.139 Mobile Safari/537.36 (compatible; Googlebot/2.1; +http://www.google.com/bot.html)"
66.249.66.33 - - [03/Mar/2024:06:49:50 +0900] "GET /megamenu/easyResponsiveTabs.js HTTP/1.1" 200 1319 "https://b2csoftwares.com/" "Mozilla/5.0 AppleWebKit/537.36 (KHTML, like Gecko; compatible; Googlebot/2.1; +http://www.google.com/bot.html) Chrome/121.0.6167.139 Safari/537.36"
66.249.66.33 - - [03/Mar/2024:06:49:59 +0900] "GET /images/favicon.png HTTP/1.1" 200 2438 "-" "Googlebot-Image/1.0"
185.81.128.36 - - [03/Mar/2024:07:08:50 +0900] "GET /wp-content/plugins/wp-fastest-cache/readme.txt HTTP/1.1" 200 10532 "-" "Mozilla/5.0 (Windows NT 10.0; Win64; x64) AppleWebKit/537.36 (KHTML, like Gecko) Chrome/120.0.0.0 Safari/537.36 Edg/120.0.2210.91"
79.127.7.152 - - [03/Mar/2024:08:02:47 +0900] "GET /.env HTTP/1.1" 301 246 "-" "Mozilla/5.0 (Macintosh; Intel Mac OS X 10.15; rv:77.0) Gecko/20100101 Firefox/77.0"
79.127.7.152 - - [03/Mar/2024:08:02:48 +0900] "GET /index.php HTTP/1.1" 200 10532 "-" "Mozilla/5.0 (Macintosh; Intel Mac OS X 10.15; rv:77.0) Gecko/20100101 Firefox/77.0"
66.249.66.88 - - [03/Mar/2024:08:04:35 +0900] "GET /ads.txt HTTP/1.1" 301 246 "-" "Mozilla/5.0 (compatible; Googlebot/2.1; +http://www.google.com/bot.html)"
66.249.66.87 - - [03/Mar/2024:08:04:38 +0900] "GET /index.php HTTP/1.1" 200 10532 "-" "Mozilla/5.0 (compatible; Googlebot/2.1; +http://www.google.com/bot.html)"
151.106.8.110 - - [03/Mar/2024:08:15:58 +0900] "GET / HTTP/1.0" 301 237 "http://b2csoftwares.com/" "Mozilla/5.0 (Windows NT 10.0; Win64; x64) AppleWebKit/537.36 (KHTML, like Gecko) Chrome/64.0.3282.140 Safari/537.36 Edge/17.17134"
151.106.8.110 - - [03/Mar/2024:08:15:58 +0900] "GET / HTTP/1.0" 200 48556 "https://www.b2csoftwares.com/" "Mozilla/5.0 (Windows NT 10.0; Win64; x64) AppleWebKit/537.36 (KHTML, like Gecko) Chrome/64.0.3282.140 Safari/537.36 Edge/17.17134"
151.106.8.110 - - [03/Mar/2024:08:15:59 +0900] "POST / HTTP/1.0" 200 48556 "https://www.b2csoftwares.com/" "Mozilla/5.0 (Windows NT 10.0; Win64; x64) AppleWebKit/537.36 (KHTML, like Gecko) Chrome/64.0.3282.140 Safari/537.36 Edge/17.17134"
198.235.24.23 - - [03/Mar/2024:08:16:58 +0900] "GET / HTTP/1.1" 301 237 "-" "-"
198.235.24.23 - - [03/Mar/2024:08:17:00 +0900] "GET / HTTP/1.1" 200 48556 "http://173.212.244.48:80/" "-"
31.217.196.193 - - [03/Mar/2024:09:11:17 +0900] "GET /keytech/wp-content/themes/keytech/assets/css/necessary.css HTTP/1.1" 200 636 "-" "WordPress/6.4.3; https://keytech.fi"
66.249.66.33 - - [03/Mar/2024:10:34:40 +0900] "GET /ads.txt HTTP/1.1" 200 10532 "-" "Mozilla/5.0 (compatible; Googlebot/2.1; +http://www.google.com/bot.html)"
94.156.66.9 - - [03/Mar/2024:10:52:07 +0900] "GET /about.php?auth_key HTTP/1.1" 200 48556 "-" "Mozilla/5.0 (Windows NT 10.0; Win64; x64) AppleWebKit/537.36 (KHTML, like Gecko) Chrome/83.0.4103.116 Safari/537.36"
114.119.153.114 - - [03/Mar/2024:10:52:36 +0900] "GET /vflex/career HTTP/1.1" 301 - "https://b2csoftwares.com/vflex/contact-us" "Mozilla/5.0 (Linux; Android 7.0;) AppleWebKit/537.36 (KHTML, like Gecko) Mobile Safari/537.36 (compatible; PetalBot;+https://webmaster.petalsearch.com/site/petalbot)"
114.119.153.114 - - [03/Mar/2024:10:52:39 +0900] "GET /vflex/career/ HTTP/1.1" 200 4006 "https://b2csoftwares.com/vflex/contact-us" "Mozilla/5.0 (Linux; Android 7.0;) AppleWebKit/537.36 (KHTML, like Gecko) Mobile Safari/537.36 (compatible; PetalBot;+https://webmaster.petalsearch.com/site/petalbot)"
173.212.244.48 - - [03/Mar/2024:10:52:37 +0900] "POST /vflex/wp-cron.php?doing_wp_cron=1709430757.0678570270538330078125 HTTP/1.1" 200 - "-" "WordPress/6.4.3; https://b2csoftwares.com/vflex"
66.249.66.41 - - [03/Mar/2024:11:04:37 +0900] "GET /robots.txt HTTP/1.1" 301 246 "-" "Mozilla/5.0 (compatible; Googlebot/2.1; +http://www.google.com/bot.html)"
66.249.66.42 - - [03/Mar/2024:11:04:37 +0900] "GET /ads.txt HTTP/1.1" 301 246 "-" "Mozilla/5.0 (compatible; Googlebot/2.1; +http://www.google.com/bot.html)"
66.249.66.88 - - [03/Mar/2024:11:04:38 +0900] "GET /robots.txt HTTP/1.1" 200 10532 "-" "Mozilla/5.0 (compatible; Googlebot/2.1; +http://www.google.com/bot.html)"
142.93.211.12 - - [03/Mar/2024:11:17:55 +0900] "GET /auto_seo.php HTTP/1.1" 301 246 "-" "Mozlila/5.0 (Linux; Android 7.0; SM-G892A Bulid/NRD90M; wv) AppleWebKit/537.36 (KHTML, like Gecko) Version/4.0 Chrome/60.0.3112.107 Moblie Safari/537.36"
142.93.211.12 - - [03/Mar/2024:11:17:56 +0900] "GET /index.php HTTP/1.1" 200 10532 "-" "Mozlila/5.0 (Linux; Android 7.0; SM-G892A Bulid/NRD90M; wv) AppleWebKit/537.36 (KHTML, like Gecko) Version/4.0 Chrome/60.0.3112.107 Moblie Safari/537.36"
142.93.211.12 - - [03/Mar/2024:11:17:57 +0900] "GET /inputs.php HTTP/1.1" 301 246 "-" "Mozlila/5.0 (Linux; Android 7.0; SM-G892A Bulid/NRD90M; wv) AppleWebKit/537.36 (KHTML, like Gecko) Version/4.0 Chrome/60.0.3112.107 Moblie Safari/537.36"
142.93.211.12 - - [03/Mar/2024:11:17:57 +0900] "GET /index.php HTTP/1.1" 200 10532 "-" "Mozlila/5.0 (Linux; Android 7.0; SM-G892A Bulid/NRD90M; wv) AppleWebKit/537.36 (KHTML, like Gecko) Version/4.0 Chrome/60.0.3112.107 Moblie Safari/537.36"
142.93.211.12 - - [03/Mar/2024:11:17:58 +0900] "GET /wp-content/auto_seo.php HTTP/1.1" 301 246 "-" "Mozlila/5.0 (Linux; Android 7.0; SM-G892A Bulid/NRD90M; wv) AppleWebKit/537.36 (KHTML, like Gecko) Version/4.0 Chrome/60.0.3112.107 Moblie Safari/537.36"
142.93.211.12 - - [03/Mar/2024:11:17:58 +0900] "GET /index.php HTTP/1.1" 200 10532 "-" "Mozlila/5.0 (Linux; Android 7.0; SM-G892A Bulid/NRD90M; wv) AppleWebKit/537.36 (KHTML, like Gecko) Version/4.0 Chrome/60.0.3112.107 Moblie Safari/537.36"
142.93.211.12 - - [03/Mar/2024:11:17:59 +0900] "GET /wp-content/inputs.php HTTP/1.1" 301 246 "-" "Mozlila/5.0 (Linux; Android 7.0; SM-G892A Bulid/NRD90M; wv) AppleWebKit/537.36 (KHTML, like Gecko) Version/4.0 Chrome/60.0.3112.107 Moblie Safari/537.36"
142.93.211.12 - - [03/Mar/2024:11:18:00 +0900] "GET /index.php HTTP/1.1" 200 10532 "-" "Mozlila/5.0 (Linux; Android 7.0; SM-G892A Bulid/NRD90M; wv) AppleWebKit/537.36 (KHTML, like Gecko) Version/4.0 Chrome/60.0.3112.107 Moblie Safari/537.36"
142.93.211.12 - - [03/Mar/2024:11:18:00 +0900] "GET /wp-include/auto_seo.php HTTP/1.1" 301 246 "-" "Mozlila/5.0 (Linux; Android 7.0; SM-G892A Bulid/NRD90M; wv) AppleWebKit/537.36 (KHTML, like Gecko) Version/4.0 Chrome/60.0.3112.107 Moblie Safari/537.36"
142.93.211.12 - - [03/Mar/2024:11:18:01 +0900] "GET /index.php HTTP/1.1" 200 10532 "-" "Mozlila/5.0 (Linux; Android 7.0; SM-G892A Bulid/NRD90M; wv) AppleWebKit/537.36 (KHTML, like Gecko) Version/4.0 Chrome/60.0.3112.107 Moblie Safari/537.36"
142.93.211.12 - - [03/Mar/2024:11:18:01 +0900] "GET /wp-include/inputs.php HTTP/1.1" 301 246 "-" "Mozlila/5.0 (Linux; Android 7.0; SM-G892A Bulid/NRD90M; wv) AppleWebKit/537.36 (KHTML, like Gecko) Version/4.0 Chrome/60.0.3112.107 Moblie Safari/537.36"
142.93.211.12 - - [03/Mar/2024:11:18:03 +0900] "GET /index.php HTTP/1.1" 200 10532 "-" "Mozlila/5.0 (Linux; Android 7.0; SM-G892A Bulid/NRD90M; wv) AppleWebKit/537.36 (KHTML, like Gecko) Version/4.0 Chrome/60.0.3112.107 Moblie Safari/537.36"
182.1.73.11 - - [03/Mar/2024:11:27:28 +0900] "GET /wp-json/?rest_route=/wp/v2/users/ HTTP/1.1" 200 48556 "-" "Mozilla/5.0 (Windows NT 10.0; Win64; x64) AppleWebKit/537.36 (KHTML, like Gecko) Chrome/90.0.4430.85 Safari/537.36"
197.34.56.0 - - [03/Mar/2024:11:27:33 +0900] "GET /wp-json/?rest_route=/wp/v2/users/ HTTP/1.1" 200 48556 "-" "Mozilla/5.0 (Windows NT 10.0; Win64; x64) AppleWebKit/537.36 (KHTML, like Gecko) Chrome/80.0.3987.132 Safari/537.36"
177.9.218.184 - - [03/Mar/2024:11:27:36 +0900] "GET /wp-json/?rest_route=/wp/v2/users/ HTTP/1.1" 301 271 "-" "Mozilla/5.0 (Windows NT 10.0; Win64; x64) AppleWebKit/537.36 (KHTML, like Gecko) Chrome/90.0.4430.72 Safari/537.36 Edg/90.0.818.42"
177.9.218.184 - - [03/Mar/2024:11:27:38 +0900] "GET /index.php?rest_route=/wp/v2/users/ HTTP/1.1" 200 48556 "http://www.b2csoftwares.com/wp-json/?rest_route=/wp/v2/users/" "Mozilla/5.0 (Windows NT 10.0; Win64; x64) AppleWebKit/537.36 (KHTML, like Gecko) Chrome/90.0.4430.72 Safari/537.36 Edg/90.0.818.42"
173.212.244.48 - - [03/Mar/2024:11:34:15 +0900] "POST /pactap/wp-cron.php?doing_wp_cron=1709433254.7272679805755615234375 HTTP/1.1" 200 - "-" "WordPress/6.4.3; https://www.b2csoftwares.com/pactap"
114.119.152.195 - - [03/Mar/2024:11:34:13 +0900] "GET /pactap/product/non-woven-heat-sealed-bags/ HTTP/1.1" 200 10830 "https://www.b2csoftwares.com/pactap/product-category/non-woven-bags" "Mozilla/5.0 (Linux; Android 7.0;) AppleWebKit/537.36 (KHTML, like Gecko) Mobile Safari/537.36 (compatible; PetalBot;+https://webmaster.petalsearch.com/site/petalbot)"
173.212.244.48 - - [03/Mar/2024:11:35:41 +0900] "POST /pactap/wp-cron.php?doing_wp_cron=1709433341.7624840736389160156250 HTTP/1.1" 200 - "-" "WordPress/6.4.3; https://www.b2csoftwares.com/pactap"
114.119.133.87 - - [03/Mar/2024:11:35:41 +0900] "GET /pactap/product/die-cut-paper-bags/ HTTP/1.1" 200 10836 "https://www.b2csoftwares.com/pactap/product-category/paper-bags" "Mozilla/5.0 (Linux; Android 7.0;) AppleWebKit/537.36 (KHTML, like Gecko) Mobile Safari/537.36 (compatible; PetalBot;+https://webmaster.petalsearch.com/site/petalbot)"
173.212.244.48 - - [03/Mar/2024:11:38:39 +0900] "POST /pactap/wp-cron.php?doing_wp_cron=1709433519.1054739952087402343750 HTTP/1.1" 200 - "-" "WordPress/6.4.3; https://www.b2csoftwares.com/pactap"
114.119.133.87 - - [03/Mar/2024:11:38:38 +0900] "GET /pactap/product/die-cut-paper-bags-2/ HTTP/1.1" 200 10832 "https://www.b2csoftwares.com/pactap/product-category/paper-bags" "Mozilla/5.0 (Linux; Android 7.0;) AppleWebKit/537.36 (KHTML, like Gecko) Mobile Safari/537.36 (compatible; PetalBot;+https://webmaster.petalsearch.com/site/petalbot)"
173.212.244.48 - - [03/Mar/2024:11:42:29 +0900] "POST /pactap/wp-cron.php?doing_wp_cron=1709433749.7994399070739746093750 HTTP/1.1" 200 - "-" "WordPress/6.4.3; https://www.b2csoftwares.com/pactap"
114.119.137.145 - - [03/Mar/2024:11:42:29 +0900] "GET /pactap/product-category/paper-mailer-bags HTTP/1.1" 301 - "https://www.b2csoftwares.com/pactap/products" "Mozilla/5.0 (Linux; Android 7.0;) AppleWebKit/537.36 (KHTML, like Gecko) Mobile Safari/537.36 (compatible; PetalBot;+https://webmaster.petalsearch.com/site/petalbot)"
114.119.137.145 - - [03/Mar/2024:11:42:32 +0900] "GET /pactap/product-category/paper-mailer-bags/ HTTP/1.1" 200 10631 "https://www.b2csoftwares.com/pactap/products" "Mozilla/5.0 (Linux; Android 7.0;) AppleWebKit/537.36 (KHTML, like Gecko) Mobile Safari/537.36 (compatible; PetalBot;+https://webmaster.petalsearch.com/site/petalbot)"
36.41.75.167 - - [03/Mar/2024:12:13:22 +0900] "GET / HTTP/1.1" 301 237 "-" "Mozilla/5.0 (iPhone; CPU iPhone OS 13_2_3 like Mac OS X) AppleWebKit/605.1.15 (KHTML, like Gecko) Version/13.0.3 Mobile/15E148 Safari/604.1"
36.41.75.167 - - [03/Mar/2024:12:13:24 +0900] "GET / HTTP/1.1" 200 10532 "http://b2csoftwares.com" "Mozilla/5.0 (iPhone; CPU iPhone OS 13_2_3 like Mac OS X) AppleWebKit/605.1.15 (KHTML, like Gecko) Version/13.0.3 Mobile/15E148 Safari/604.1"
104.239.0.177 - - [03/Mar/2024:12:16:37 +0900] "GET / HTTP/1.1" 200 10532 "-" "Mozilla/5.0 (Windows NT 10.0; WOW64; x64) AppleWebKit/537.36 (KHTML, like Gecko) Chrome/114.0.0.0 Safari/537.36 OPR/89.0.4447.51"
104.239.0.177 - - [03/Mar/2024:12:16:38 +0900] "GET /index.php HTTP/1.1" 200 10532 "https://www.b2csoftwares.com/" "Mozilla/5.0 (Windows NT 10.0; WOW64; x64) AppleWebKit/537.36 (KHTML, like Gecko) Chrome/114.0.0.0 Safari/537.36 OPR/89.0.4447.51"
104.239.0.177 - - [03/Mar/2024:12:16:39 +0900] "GET / HTTP/1.1" 200 10532 "https://www.b2csoftwares.com/" "Mozilla/5.0 (Windows NT 10.0; WOW64; x64) AppleWebKit/537.36 (KHTML, like Gecko) Chrome/114.0.0.0 Safari/537.36 OPR/89.0.4447.51"
104.239.0.177 - - [03/Mar/2024:12:16:39 +0900] "GET /tel:08000614395 HTTP/1.1" 200 10532 "https://www.b2csoftwares.com/" "Mozilla/5.0 (Windows NT 10.0; WOW64; x64) AppleWebKit/537.36 (KHTML, like Gecko) Chrome/114.0.0.0 Safari/537.36 OPR/89.0.4447.51"
104.239.0.177 - - [03/Mar/2024:12:16:40 +0900] "GET /tel:+1-917-724-2928 HTTP/1.1" 200 10532 "https://www.b2csoftwares.com/" "Mozilla/5.0 (Windows NT 10.0; WOW64; x64) AppleWebKit/537.36 (KHTML, like Gecko) Chrome/114.0.0.0 Safari/537.36 OPR/89.0.4447.51"
104.239.0.177 - - [03/Mar/2024:12:16:42 +0900] "GET /?name_req=Marion+Drennen&email_req=drennen.marion49%40googlemail.com&phone_number=88+663+29+18&content=Hey%2C+%0D%0A%0D%0AEvery+business+owner+needs+ultra+fast+loading+websites+to+convert+random+website+visitors+to+lifetime+happy+customers.%0D%0A%0D%0ABut%2C%0D%0A%0D%0AFinding+a+suitable+hosting+technology+that+gives+ultra+fast+performance+without+charging+a+fortune+is+a+tough+nut+to+crack.%0D%0A%0D%0ANow%2C+%0D%0A%0D%0AIf+you+too+faced+this+issue%2C%0D%0A%0D%0AIt%E2%80%99s+time+to+take+a+breather+as+we+present%E2%80%A6%0D%0A%0D%0ANever+Seen+Before+Technology+That+Hosts+Unlimited+WordPress+Websites+%26+Domains+on+Most+Reliable%2C+Blazing+Fast+Ultraport+Servers+for+Life+For+A+Low%2C+One+Time+Price.%0D%0A%0D%0ACheck+it+now:+https://bit.ly/3Tgh6M0%0D%0A%0D%0AUsing+WP+Host%2C+%0D%0A%0D%0AAnyone+Can+Save+Thousands+Of+Dollars+That+Expensive+Third+Party+Hosting+Platforms+Charge.%0D%0A%0D%0AHere+are+some+of+its+benefits:%0D%0A%0D%0A-+Host+%26+Market+UNLIMITED+WordPress+Websites+%26+Domains+On+The+Most+Reliable+Ultraport+Servers+On+The+Planet%0D%0A-+Get+UNLIMITED+Bandwidth+To+Get+Blazing+Fast+Load+Times+%26+Manage+High+Traffic+Volume+At+No+Extra+Or+Monthly+Cost+%0D%0A-+Get+100s+Of+Premium+WP+Themes+%26+Plugins+Without+Paying+A+Cent+Extra%0D%0A-+Free+End-To-End+SSL+Encryption+To+Ensure+100%25+Website+%26+Data+Safety%0D%0A-+Get+Free+Website+Migration+To+Migrate+Any+Existing+Website+To+WP+Host+Without+Any+Downtime+%0D%0A-+One-Click+WordPress+Installer+To+Get+New+Sites+Live+In+Minutes+%0D%0A-+Enhanced+DDOS+Protection+To+Disarm+Potential+Hackers+%26+Threats%0D%0A-+Enjoy+100%25+Uptime+Guarantee%2C+Minimal+Latency+And+Lightning-Fast+Speed+At+No+Extra+Cost%0D%0A-+Stop+Paying+Through+The+Nose+On+Money+Sucking+Hosting+Companies+Forever%0D%0A-+Detect+And+Remove+Harmful+Files+Completely+With+A+Malware+Scanner%0D%0A-+Included+WordPress+Installer+With+Sophisticated+Control+Panel%0D%0A-+Find+Out+How+Even+Newbies+Are+Saving+Anywhere+Between+$975+To+$18945+Monthly+From+Expensive+Hosting+Platforms+Using+Our+Technology:+https://bit.ly/3Tgh6M0%0D%0A-+Proprietary+Tech+Helps+Join+Thousands+Of+Marketers+Who%E2%80%99re+Using+WordPress+Hosting+To+Attract+Hordes+Of+Customers+%26+Make+Billions+Of+Dollars+%0D%0A%0D%0AJust+imagine+the+kind+of+growth+prospects+in+store+without+any+huge+investment%2C+third+party+dependency+or+experience%3F%0D%0A%0D%0AIt%E2%80%99s+all+going+to+soon+become+your+reality.%0D%0A%0D%0AGet+WP+Host+At+Low+Earlybird+Price+Here:+https://bit.ly/3Tgh6M0%0D%0A%0D%0ASo%2C+I+highly+recommend+you+to+get+your+hands+on+this+like+all+serious+%26+top+marketers+do.%0D%0A%0D%0AI+can+bet+there%E2%80%99s+nothing+easier+and+smarter+than+this.+%0D%0A%0D%0ABTW+if+you+get+something+good%2C+hit+me+up+and+I%E2%80%99ll+be+up+to+it+right+away%3F%0D%0A%0D%0AGet+WP+Host+With+Cool+Bonuses:+https://bit.ly/3Tgh6M0%0D%0A%0D%0ALet%E2%80%99s+Succeed+Together%2C%0D%0A%0D%0AJohn%0D%0A%0D%0AP.S-+There%E2%80%99s+nothing+like+this+available+at+such+a+low+price.+So%2C+grab+it+today+before+it+goes+away+forever:+https://bit.ly/3Tgh6M0%0D%0A HTTP/1.1" 200 10532 "https://www.b2csoftwares.com/" "Mozilla/5.0 (Windows NT 10.0; WOW64; x64) AppleWebKit/537.36 (KHTML, like Gecko) Chrome/114.0.0.0 Safari/537.36 OPR/89.0.4447.51"
173.212.244.48 - - [03/Mar/2024:12:18:15 +0900] "POST /pactap/wp-cron.php?doing_wp_cron=1709435895.7811129093170166015625 HTTP/1.1" 200 - "-" "WordPress/6.4.3; https://www.b2csoftwares.com/pactap"
114.119.153.114 - - [03/Mar/2024:12:18:14 +0900] "GET /pactap/product-category/aluminum-foils/index.php HTTP/1.1" 301 - "https://www.b2csoftwares.com/pactap/product-category/aluminum-foils/index.php" "Mozilla/5.0 (Linux; Android 7.0;) AppleWebKit/537.36 (KHTML, like Gecko) Mobile Safari/537.36 (compatible; PetalBot;+https://webmaster.petalsearch.com/site/petalbot)"
34.224.98.241 - - [03/Mar/2024:13:07:22 +0900] "HEAD /robots.txt HTTP/1.1" 301 - "-" "AdsTxtCrawlerTP/1.2"
34.224.98.241 - - [03/Mar/2024:13:07:24 +0900] "HEAD /index.php HTTP/1.1" 200 - "-" "AdsTxtCrawlerTP/1.2"
34.224.98.241 - - [03/Mar/2024:13:07:25 +0900] "GET /robots.txt HTTP/1.1" 301 246 "-" "AdsTxtCrawlerTP/1.2"
34.224.98.241 - - [03/Mar/2024:13:07:26 +0900] "GET /index.php HTTP/1.1" 200 10532 "-" "AdsTxtCrawlerTP/1.2"
34.224.98.241 - - [03/Mar/2024:13:07:27 +0900] "HEAD /ads.txt HTTP/1.1" 200 - "-" "AdsTxtCrawlerTP/1.2"
34.224.98.241 - - [03/Mar/2024:13:07:28 +0900] "GET /ads.txt HTTP/1.1" 200 10532 "-" "AdsTxtCrawlerTP/1.2"
34.224.98.241 - - [03/Mar/2024:13:07:30 +0900] "HEAD /robots.txt HTTP/1.1" 301 - "-" "AdsTxtCrawlerTP/1.2"
34.224.98.241 - - [03/Mar/2024:13:07:31 +0900] "HEAD /index.php HTTP/1.1" 200 - "-" "AdsTxtCrawlerTP/1.2"
34.224.98.241 - - [03/Mar/2024:13:07:33 +0900] "GET /robots.txt HTTP/1.1" 301 246 "-" "AdsTxtCrawlerTP/1.2"
34.224.98.241 - - [03/Mar/2024:13:07:34 +0900] "GET /index.php HTTP/1.1" 200 10532 "-" "AdsTxtCrawlerTP/1.2"
34.224.98.241 - - [03/Mar/2024:13:07:35 +0900] "HEAD /app-ads.txt HTTP/1.1" 200 - "-" "AdsTxtCrawlerTP/1.2"
34.224.98.241 - - [03/Mar/2024:13:07:37 +0900] "GET /app-ads.txt HTTP/1.1" 200 10532 "-" "AdsTxtCrawlerTP/1.2"
173.249.52.122 - - [03/Mar/2024:13:21:41 +0900] "GET /about.php?520 HTTP/1.1" 301 250 "www.google.com" "Mozlila/5.0 (Linux; Android 7.0; SM-G892A Bulid/NRD90M; wv) AppleWebKit/537.36 (KHTML, like Gecko) Version/4.0 Chrome/60.0.3112.107 Moblie Safari/537.36"
173.249.52.122 - - [03/Mar/2024:13:22:08 +0900] "GET /index.php?520 HTTP/1.1" 200 10532 "www.google.com" "Mozlila/5.0 (Linux; Android 7.0; SM-G892A Bulid/NRD90M; wv) AppleWebKit/537.36 (KHTML, like Gecko) Version/4.0 Chrome/60.0.3112.107 Moblie Safari/537.36"
114.119.153.211 - - [03/Mar/2024:13:28:21 +0900] "GET /med/courses/monthly-subscription HTTP/1.1" 301 246 "-" "Mozilla/5.0 (Linux; Android 7.0;) AppleWebKit/537.36 (KHTML, like Gecko) Mobile Safari/537.36 (compatible; PetalBot;+https://webmaster.petalsearch.com/site/petalbot)"
114.119.153.211 - - [03/Mar/2024:13:28:23 +0900] "GET /index.php HTTP/1.1" 200 10532 "-" "Mozilla/5.0 (Linux; Android 7.0;) AppleWebKit/537.36 (KHTML, like Gecko) Mobile Safari/537.36 (compatible; PetalBot;+https://webmaster.petalsearch.com/site/petalbot)"
173.249.52.122 - - [03/Mar/2024:13:29:06 +0900] "GET /about.php?520 HTTP/1.1" 301 250 "www.google.com" "Mozlila/5.0 (Linux; Android 7.0; SM-G892A Bulid/NRD90M; wv) AppleWebKit/537.36 (KHTML, like Gecko) Version/4.0 Chrome/60.0.3112.107 Moblie Safari/537.36"
173.249.52.122 - - [03/Mar/2024:13:29:27 +0900] "GET /index.php?520 HTTP/1.1" 200 10532 "www.google.com" "Mozlila/5.0 (Linux; Android 7.0; SM-G892A Bulid/NRD90M; wv) AppleWebKit/537.36 (KHTML, like Gecko) Version/4.0 Chrome/60.0.3112.107 Moblie Safari/537.36"
173.212.244.48 - - [03/Mar/2024:13:29:58 +0900] "POST /pactap/wp-cron.php?doing_wp_cron=1709440198.8403151035308837890625 HTTP/1.1" 200 - "-" "WordPress/6.4.3; https://www.b2csoftwares.com/pactap"
114.119.153.114 - - [03/Mar/2024:13:29:57 +0900] "GET /pactap/product/rigid-drawer-boxes/ HTTP/1.1" 200 10838 "https://www.b2csoftwares.com/pactap/product-category/rigid-boxes/index.php" "Mozilla/5.0 (Linux; Android 7.0;) AppleWebKit/537.36 (KHTML, like Gecko) Mobile Safari/537.36 (compatible; PetalBot;+https://webmaster.petalsearch.com/site/petalbot)"
52.167.144.223 - - [03/Mar/2024:13:35:40 +0900] "GET /med/center/mumbai/ HTTP/1.1" 301 246 "-" "Mozilla/5.0 AppleWebKit/537.36 (KHTML, like Gecko; compatible; bingbot/2.0; +http://www.bing.com/bingbot.htm) Chrome/116.0.1938.76 Safari/537.36"
175.44.42.147 - - [03/Mar/2024:14:13:33 +0900] "GET / HTTP/1.1" 200 10532 "https://www.jackonline.store/" "Mozilla/5.0 (Windows NT 10.0; Win64; x64) AppleWebKit/537.36 (KHTML, like Gecko) Chrome/121.0.0.0 Safari/537.36"
66.249.66.86 - - [03/Mar/2024:14:34:38 +0900] "GET /ads.txt HTTP/1.1" 200 10532 "-" "Mozilla/5.0 (compatible; Googlebot/2.1; +http://www.google.com/bot.html)"
167.94.138.51 - - [03/Mar/2024:15:02:19 +0900] "GET / HTTP/1.1" 301 237 "-" "Mozilla/5.0 (compatible; CensysInspect/1.1; +https://about.censys.io/)"
167.94.138.51 - - [03/Mar/2024:15:02:26 +0900] "GET / HTTP/1.1" 200 10532 "-" "Mozilla/5.0 (compatible; CensysInspect/1.1; +https://about.censys.io/)"
167.94.138.51 - - [03/Mar/2024:15:02:28 +0900] "GET /images/favicon.png HTTP/1.1" 200 2438 "-" "Mozilla/5.0 (compatible; CensysInspect/1.1; +https://about.censys.io/)"
167.94.138.51 - - [03/Mar/2024:15:02:30 +0900] "GET /favicon.ico HTTP/1.1" 200 10532 "-" "Mozilla/5.0 (compatible; CensysInspect/1.1; +https://about.censys.io/)"
157.55.39.225 - - [03/Mar/2024:15:05:43 +0900] "GET /robots.txt HTTP/1.1" 200 10532 "-" "Mozilla/5.0 AppleWebKit/537.36 (KHTML, like Gecko; compatible; bingbot/2.0; +http://www.bing.com/bingbot.htm) Chrome/116.0.1938.76 Safari/537.36"
40.77.167.79 - - [03/Mar/2024:15:05:47 +0900] "GET /wanderlus/trip/norway-highlights/ HTTP/1.1" 200 27945 "-" "Mozilla/5.0 AppleWebKit/537.36 (KHTML, like Gecko; compatible; bingbot/2.0; +http://www.bing.com/bingbot.htm) Chrome/116.0.1938.76 Safari/537.36"
173.212.244.48 - - [03/Mar/2024:15:05:52 +0900] "POST /wanderlus/wp-cron.php HTTP/1.1" 200 - "-" "WordPress/6.4.3; https://www.b2csoftwares.com/wanderlus"
173.212.244.48 - - [03/Mar/2024:15:05:52 +0900] "GET /wanderlus/ HTTP/1.1" 200 15901 "-" "WordPress/6.4.3; https://www.b2csoftwares.com/wanderlus"
173.212.244.48 - - [03/Mar/2024:15:05:53 +0900] "GET /wanderlus/ HTTP/1.1" 200 15901 "-" "WordPress/6.4.3; https://www.b2csoftwares.com/wanderlus"
173.212.244.48 - - [03/Mar/2024:15:05:53 +0900] "GET /wanderlus/ HTTP/1.1" 200 15901 "-" "WordPress/6.4.3; https://www.b2csoftwares.com/wanderlus"
173.212.244.48 - - [03/Mar/2024:15:05:54 +0900] "GET /wanderlus/ HTTP/1.1" 200 15901 "-" "WordPress/6.4.3; https://www.b2csoftwares.com/wanderlus"
173.212.244.48 - - [03/Mar/2024:15:05:49 +0900] "POST /wanderlus/wp-cron.php?doing_wp_cron=1709445949.0716159343719482421875 HTTP/1.1" 200 - "-" "WordPress/6.4.3; https://www.b2csoftwares.com/wanderlus"
114.119.137.145 - - [03/Mar/2024:15:56:31 +0900] "GET /pactap/product/bagasse-clamshell/ HTTP/1.1" 200 10777 "https://www.b2csoftwares.com/pactap/product-category/bagasse-containers-bowls-and-boxes" "Mozilla/5.0 (Linux; Android 7.0;) AppleWebKit/537.36 (KHTML, like Gecko) Mobile Safari/537.36 (compatible; PetalBot;+https://webmaster.petalsearch.com/site/petalbot)"
173.212.244.48 - - [03/Mar/2024:15:56:35 +0900] "POST /pactap/wp-cron.php HTTP/1.1" 200 - "-" "WordPress/6.4.3; https://www.b2csoftwares.com/pactap"
173.212.244.48 - - [03/Mar/2024:15:56:35 +0900] "GET /pactap/ HTTP/1.1" 200 12801 "-" "WordPress/6.4.3; https://www.b2csoftwares.com/pactap"
173.212.244.48 - - [03/Mar/2024:15:56:36 +0900] "GET /pactap/ HTTP/1.1" 200 12801 "-" "WordPress/6.4.3; https://www.b2csoftwares.com/pactap"
173.212.244.48 - - [03/Mar/2024:15:56:37 +0900] "GET /pactap/ HTTP/1.1" 200 12801 "-" "WordPress/6.4.3; https://www.b2csoftwares.com/pactap"
173.212.244.48 - - [03/Mar/2024:15:56:37 +0900] "GET /pactap/ HTTP/1.1" 200 12801 "-" "WordPress/6.4.3; https://www.b2csoftwares.com/pactap"
173.212.244.48 - - [03/Mar/2024:15:56:32 +0900] "POST /pactap/wp-cron.php?doing_wp_cron=1709448992.7268099784851074218750 HTTP/1.1" 200 - "-" "WordPress/6.4.3; https://www.b2csoftwares.com/pactap"
173.249.52.122 - - [03/Mar/2024:16:15:52 +0900] "GET /about.php?520 HTTP/1.1" 301 250 "www.google.com" "Mozlila/5.0 (Linux; Android 7.0; SM-G892A Bulid/NRD90M; wv) AppleWebKit/537.36 (KHTML, like Gecko) Version/4.0 Chrome/60.0.3112.107 Moblie Safari/537.36"
173.249.52.122 - - [03/Mar/2024:16:16:24 +0900] "GET /index.php?520 HTTP/1.1" 200 10532 "www.google.com" "Mozlila/5.0 (Linux; Android 7.0; SM-G892A Bulid/NRD90M; wv) AppleWebKit/537.36 (KHTML, like Gecko) Version/4.0 Chrome/60.0.3112.107 Moblie Safari/537.36"
62.122.184.194 - - [03/Mar/2024:16:29:50 +0900] "GET / HTTP/1.0" 301 237 "http://b2csoftwares.com/" "Mozilla/5.0 (Windows NT 10.0; Win64; x64) AppleWebKit/537.36 (KHTML, like Gecko) Chrome/111.0.0.0 Safari/537.36"
62.122.184.194 - - [03/Mar/2024:16:29:50 +0900] "GET / HTTP/1.0" 200 48556 "https://www.b2csoftwares.com/" "Mozilla/5.0 (Windows NT 10.0; Win64; x64) AppleWebKit/537.36 (KHTML, like Gecko) Chrome/111.0.0.0 Safari/537.36"
62.122.184.194 - - [03/Mar/2024:16:29:50 +0900] "POST / HTTP/1.0" 200 48556 "https://www.b2csoftwares.com/" "Mozilla/5.0 (Windows NT 10.0; Win64; x64) AppleWebKit/537.36 (KHTML, like Gecko) Chrome/111.0.0.0 Safari/537.36"
52.167.144.186 - - [03/Mar/2024:16:44:37 +0900] "GET /wanderlus/trip/best-of-dubai-with-abu-dhabi/ HTTP/1.1" 200 25535 "-" "Mozilla/5.0 AppleWebKit/537.36 (KHTML, like Gecko; compatible; bingbot/2.0; +http://www.bing.com/bingbot.htm) Chrome/116.0.1938.76 Safari/537.36"
173.212.244.48 - - [03/Mar/2024:16:44:38 +0900] "POST /wanderlus/wp-cron.php?doing_wp_cron=1709451878.6322031021118164062500 HTTP/1.1" 200 - "-" "WordPress/6.4.3; https://www.b2csoftwares.com/wanderlus"
154.92.121.211 - - [03/Mar/2024:16:56:57 +0900] "GET / HTTP/1.1" 301 237 "-" "Mozilla/5.0 (X11; Linux x86_64; rv:60.9) Gecko/20100101 Goanna/4.1 Firefox/60.9 PaleMoon/28.4.0"
45.134.187.247 - - [03/Mar/2024:16:56:58 +0900] "GET / HTTP/1.1" 200 10532 "-" "Mozilla/5.0 (X11; Linux x86_64; rv:60.9) Gecko/20100101 Goanna/4.1 Firefox/60.9 PaleMoon/28.4.0"
35.203.242.199 - - [03/Mar/2024:16:57:10 +0900] "GET /images/favicon.png HTTP/1.1" 301 255 "-" "python-requests/2.27.1"
35.203.242.199 - - [03/Mar/2024:16:57:11 +0900] "GET /images/favicon.png HTTP/1.1" 200 2438 "-" "python-requests/2.27.1"
114.119.133.87 - - [03/Mar/2024:17:02:30 +0900] "GET /vflex/wp-content/uploads/2022/12/onboarding-1-150x150.png HTTP/1.1" 200 9432 "https://b2csoftwares.com/vflex/human-resource-management" "Mozilla/5.0 (Linux; Android 7.0;) AppleWebKit/537.36 (KHTML, like Gecko) Mobile Safari/537.36 (compatible; PetalBot;+https://webmaster.petalsearch.com/site/petalbot)"
162.142.125.214 - - [03/Mar/2024:17:43:52 +0900] "GET / HTTP/1.1" 200 10532 "-" "Mozilla/5.0 (compatible; CensysInspect/1.1; +https://about.censys.io/)"
162.142.125.214 - - [03/Mar/2024:17:43:54 +0900] "GET /images/favicon.png HTTP/1.1" 200 2438 "-" "Mozilla/5.0 (compatible; CensysInspect/1.1; +https://about.censys.io/)"
162.142.125.214 - - [03/Mar/2024:17:43:54 +0900] "GET /favicon.ico HTTP/1.1" 200 10532 "-" "Mozilla/5.0 (compatible; CensysInspect/1.1; +https://about.censys.io/)"
157.55.39.225 - - [03/Mar/2024:18:06:59 +0900] "GET /robots.txt HTTP/1.1" 200 10532 "-" "Mozilla/5.0 AppleWebKit/537.36 (KHTML, like Gecko; compatible; bingbot/2.0; +http://www.bing.com/bingbot.htm) Chrome/116.0.1938.76 Safari/537.36"
40.77.167.48 - - [03/Mar/2024:18:07:09 +0900] "GET /sitemap.xml.gz HTTP/1.1" 200 10532 "-" "Mozilla/5.0 AppleWebKit/537.36 (KHTML, like Gecko; compatible; bingbot/2.0; +http://www.bing.com/bingbot.htm) Chrome/116.0.1938.76 Safari/537.36"
173.212.244.48 - - [03/Mar/2024:18:17:07 +0900] "POST /vflex/wp-cron.php?doing_wp_cron=1709457427.6070709228515625000000 HTTP/1.1" 200 - "-" "WordPress/6.4.3; https://b2csoftwares.com/vflex"
114.119.153.211 - - [03/Mar/2024:18:17:06 +0900] "GET /vflex/about-us/ HTTP/1.1" 200 5797 "-" "Mozilla/5.0 (Linux; Android 7.0;) AppleWebKit/537.36 (KHTML, like Gecko) Mobile Safari/537.36 (compatible; PetalBot;+https://webmaster.petalsearch.com/site/petalbot)"
104.236.216.165 - - [03/Mar/2024:18:22:23 +0900] "GET /radio.txt HTTP/1.1" 301 246 "-" "Mozilla/5.0 (Windows NT 6.1; WOW64) AppleWebKit/537.36 (KHTML, like Gecko) Chrome/50.0.2661.75 Safari/537.36"
104.236.216.165 - - [03/Mar/2024:18:22:24 +0900] "GET /index.php HTTP/1.1" 200 48556 "-" "Mozilla/5.0 (Windows NT 6.1; WOW64) AppleWebKit/537.36 (KHTML, like Gecko) Chrome/50.0.2661.75 Safari/537.36"
173.212.244.48 - - [03/Mar/2024:18:40:25 +0900] "POST /pactap/wp-cron.php?doing_wp_cron=1709458824.8899440765380859375000 HTTP/1.1" 200 - "-" "WordPress/6.4.3; https://www.b2csoftwares.com/pactap"
