111.225.148.195 - - [16/Apr/2026:19:37:18 +0300] "GET /images/nodejs-icon.svg HTTP/1.1" 200 2352 "https://www.madtomlab.com/hire-developers.html" "Mozilla/5.0 (Linux; Android 5.0) AppleWebKit/537.36 (KHTML, like Gecko) Mobile Safari/537.36 (compatible; Bytespider; https://zhanzhang.toutiao.com/)"
111.225.148.238 - - [16/Apr/2026:19:37:18 +0300] "GET /images/php-icon.svg HTTP/1.1" 304 - "https://www.madtomlab.com/hire-developers.html" "Mozilla/5.0 (Linux; Android 5.0) AppleWebKit/537.36 (KHTML, like Gecko) Mobile Safari/537.36 (compatible; Bytespider; https://zhanzhang.toutiao.com/)"
111.225.148.101 - - [16/Apr/2026:19:37:18 +0300] "GET /images/java-icon.svg HTTP/1.1" 304 - "https://www.madtomlab.com/hire-developers.html" "Mozilla/5.0 (Linux; Android 5.0) AppleWebKit/537.36 (KHTML, like Gecko) Mobile Safari/537.36 (compatible; Bytespider; https://zhanzhang.toutiao.com/)"
111.225.148.102 - - [16/Apr/2026:19:37:18 +0300] "GET /images/dot-net-icon.svg HTTP/1.1" 304 - "https://www.madtomlab.com/hire-developers.html" "Mozilla/5.0 (Linux; Android 5.0) AppleWebKit/537.36 (KHTML, like Gecko) Mobile Safari/537.36 (compatible; Bytespider; https://zhanzhang.toutiao.com/)"
111.225.148.22 - - [16/Apr/2026:19:37:18 +0300] "GET /images/go-lang-icon.svg HTTP/1.1" 304 - "https://www.madtomlab.com/hire-developers.html" "Mozilla/5.0 (Linux; Android 5.0) AppleWebKit/537.36 (KHTML, like Gecko) Mobile Safari/537.36 (compatible; Bytespider; https://zhanzhang.toutiao.com/)"
111.225.148.68 - - [16/Apr/2026:19:37:18 +0300] "GET /images/postgre-sql-tech-icon.svg HTTP/1.1" 304 - "https://www.madtomlab.com/hire-developers.html" "Mozilla/5.0 (Linux; Android 5.0) AppleWebKit/537.36 (KHTML, like Gecko) Mobile Safari/537.36 (compatible; Bytespider; https://zhanzhang.toutiao.com/)"
111.225.148.195 - - [16/Apr/2026:19:37:18 +0300] "GET /images/mongodb-tech-icon.svg HTTP/1.1" 304 - "https://www.madtomlab.com/hire-developers.html" "Mozilla/5.0 (Linux; Android 5.0) AppleWebKit/537.36 (KHTML, like Gecko) Mobile Safari/537.36 (compatible; Bytespider; https://zhanzhang.toutiao.com/)"
111.225.148.102 - - [16/Apr/2026:19:37:18 +0300] "GET /images/dot-net-icon.svg HTTP/1.1" 200 7001 "https://www.madtomlab.com/hire-developers.html" "Mozilla/5.0 (Linux; Android 5.0) AppleWebKit/537.36 (KHTML, like Gecko) Mobile Safari/537.36 (compatible; Bytespider; https://zhanzhang.toutiao.com/)"
111.225.148.22 - - [16/Apr/2026:19:37:18 +0300] "GET /images/go-lang-icon.svg HTTP/1.1" 200 887 "https://www.madtomlab.com/hire-developers.html" "Mozilla/5.0 (Linux; Android 5.0) AppleWebKit/537.36 (KHTML, like Gecko) Mobile Safari/537.36 (compatible; Bytespider; https://zhanzhang.toutiao.com/)"
111.225.148.68 - - [16/Apr/2026:19:37:18 +0300] "GET /images/mongodb-tech-icon.svg HTTP/1.1" 200 7920 "https://www.madtomlab.com/hire-developers.html" "Mozilla/5.0 (Linux; Android 5.0) AppleWebKit/537.36 (KHTML, like Gecko) Mobile Safari/537.36 (compatible; Bytespider; https://zhanzhang.toutiao.com/)"
111.225.148.195 - - [16/Apr/2026:19:37:18 +0300] "GET /images/postgre-sql-tech-icon.svg HTTP/1.1" 200 2092 "https://www.madtomlab.com/hire-developers.html" "Mozilla/5.0 (Linux; Android 5.0) AppleWebKit/537.36 (KHTML, like Gecko) Mobile Safari/537.36 (compatible; Bytespider; https://zhanzhang.toutiao.com/)"
111.225.148.22 - - [16/Apr/2026:19:37:18 +0300] "GET /images/oracle-tech-icon.svg HTTP/1.1" 304 - "https://www.madtomlab.com/hire-developers.html" "Mozilla/5.0 (Linux; Android 5.0) AppleWebKit/537.36 (KHTML, like Gecko) Mobile Safari/537.36 (compatible; Bytespider; https://zhanzhang.toutiao.com/)"
111.225.148.195 - - [16/Apr/2026:19:37:18 +0300] "GET /images/ms-sql-server-tech-icon.svg HTTP/1.1" 304 - "https://www.madtomlab.com/hire-developers.html" "Mozilla/5.0 (Linux; Android 5.0) AppleWebKit/537.36 (KHTML, like Gecko) Mobile Safari/537.36 (compatible; Bytespider; https://zhanzhang.toutiao.com/)"
111.225.148.68 - - [16/Apr/2026:19:37:18 +0300] "GET /images/cassandra-tech-icon.svg HTTP/1.1" 304 - "https://www.madtomlab.com/hire-developers.html" "Mozilla/5.0 (Linux; Android 5.0) AppleWebKit/537.36 (KHTML, like Gecko) Mobile Safari/537.36 (compatible; Bytespider; https://zhanzhang.toutiao.com/)"
111.225.148.238 - - [16/Apr/2026:19:37:18 +0300] "GET /images/us.svg HTTP/1.1" 304 - "https://www.madtomlab.com/hire-developers.html" "Mozilla/5.0 (Linux; Android 5.0) AppleWebKit/537.36 (KHTML, like Gecko) Mobile Safari/537.36 (compatible; Bytespider; https://zhanzhang.toutiao.com/)"
111.225.148.101 - - [16/Apr/2026:19:37:18 +0300] "GET /images/java-icon.svg HTTP/1.1" 200 105622 "https://www.madtomlab.com/hire-developers.html" "Mozilla/5.0 (Linux; Android 5.0) AppleWebKit/537.36 (KHTML, like Gecko) Mobile Safari/537.36 (compatible; Bytespider; https://zhanzhang.toutiao.com/)"
111.225.148.22 - - [16/Apr/2026:19:37:19 +0300] "GET /images/php-icon.svg HTTP/1.1" 200 519 "https://www.madtomlab.com/hire-developers.html" "Mozilla/5.0 (Linux; Android 5.0) AppleWebKit/537.36 (KHTML, like Gecko) Mobile Safari/537.36 (compatible; Bytespider; https://zhanzhang.toutiao.com/)"
111.225.148.195 - - [16/Apr/2026:19:37:19 +0300] "GET /images/oracle-tech-icon.svg HTTP/1.1" 200 2601 "https://www.madtomlab.com/hire-developers.html" "Mozilla/5.0 (Linux; Android 5.0) AppleWebKit/537.36 (KHTML, like Gecko) Mobile Safari/537.36 (compatible; Bytespider; https://zhanzhang.toutiao.com/)"
111.225.148.68 - - [16/Apr/2026:19:37:19 +0300] "GET /images/ms-sql-server-tech-icon.svg HTTP/1.1" 200 7072 "https://www.madtomlab.com/hire-developers.html" "Mozilla/5.0 (Linux; Android 5.0) AppleWebKit/537.36 (KHTML, like Gecko) Mobile Safari/537.36 (compatible; Bytespider; https://zhanzhang.toutiao.com/)"
111.225.148.238 - - [16/Apr/2026:19:37:19 +0300] "GET /images/cassandra-tech-icon.svg HTTP/1.1" 200 7048 "https://www.madtomlab.com/hire-developers.html" "Mozilla/5.0 (Linux; Android 5.0) AppleWebKit/537.36 (KHTML, like Gecko) Mobile Safari/537.36 (compatible; Bytespider; https://zhanzhang.toutiao.com/)"
111.225.148.22 - - [16/Apr/2026:19:37:19 +0300] "GET /images/us.svg HTTP/1.1" 200 9615 "https://www.madtomlab.com/hire-developers.html" "Mozilla/5.0 (Linux; Android 5.0) AppleWebKit/537.36 (KHTML, like Gecko) Mobile Safari/537.36 (compatible; Bytespider; https://zhanzhang.toutiao.com/)"
110.249.202.27 - - [16/Apr/2026:19:37:36 +0300] "GET /media-entertainment.html HTTP/1.1" 200 14771 "-" "Mozilla/5.0 (Linux; Android 5.0) AppleWebKit/537.36 (KHTML, like Gecko) Mobile Safari/537.36 (compatible; Bytespider; https://zhanzhang.toutiao.com/)"
110.249.202.27 - - [16/Apr/2026:19:37:37 +0300] "GET /css2/typography.css HTTP/1.1" 200 887 "https://madtomlab.com/media-entertainment.html" "Mozilla/5.0 (Linux; Android 5.0) AppleWebKit/537.36 (KHTML, like Gecko) Mobile Safari/537.36 (compatible; Bytespider; https://zhanzhang.toutiao.com/)"
110.249.202.27 - - [16/Apr/2026:19:37:37 +0300] "GET /megamenu/easy-responsive-tabs.css HTTP/1.1" 200 707 "https://madtomlab.com/media-entertainment.html" "Mozilla/5.0 (Linux; Android 5.0) AppleWebKit/537.36 (KHTML, like Gecko) Mobile Safari/537.36 (compatible; Bytespider; https://zhanzhang.toutiao.com/)"
110.249.202.212 - - [16/Apr/2026:19:37:37 +0300] "GET /css2/utilities.css HTTP/1.1" 200 803 "https://madtomlab.com/media-entertainment.html" "Mozilla/5.0 (Linux; Android 5.0) AppleWebKit/537.36 (KHTML, like Gecko) Mobile Safari/537.36 (compatible; Bytespider; https://zhanzhang.toutiao.com/)"
110.249.202.4 - - [16/Apr/2026:19:37:37 +0300] "GET /css/custom.css HTTP/1.1" 200 20818 "https://madtomlab.com/media-entertainment.html" "Mozilla/5.0 (Linux; Android 5.0) AppleWebKit/537.36 (KHTML, like Gecko) Mobile Safari/537.36 (compatible; Bytespider; https://zhanzhang.toutiao.com/)"
110.249.202.78 - - [16/Apr/2026:19:37:37 +0300] "GET /megamenu/styles.css HTTP/1.1" 200 4979 "https://madtomlab.com/media-entertainment.html" "Mozilla/5.0 (Linux; Android 5.0) AppleWebKit/537.36 (KHTML, like Gecko) Mobile Safari/537.36 (compatible; Bytespider; https://zhanzhang.toutiao.com/)"
110.249.202.134 - - [16/Apr/2026:19:37:37 +0300] "GET /images/ai-icon.png HTTP/1.1" 206 500 "https://madtomlab.com/media-entertainment.html" "Mozilla/5.0 (Linux; Android 5.0) AppleWebKit/537.36 (KHTML, like Gecko) Mobile Safari/537.36 (compatible; Bytespider; https://zhanzhang.toutiao.com/)"
110.249.202.9 - - [16/Apr/2026:19:37:38 +0300] "GET /images/iot-icon.png HTTP/1.1" 206 500 "https://madtomlab.com/media-entertainment.html" "Mozilla/5.0 (Linux; Android 5.0) AppleWebKit/537.36 (KHTML, like Gecko) Mobile Safari/537.36 (compatible; Bytespider; https://zhanzhang.toutiao.com/)"
110.249.202.134 - - [16/Apr/2026:19:37:38 +0300] "GET /images/ui-icon.png HTTP/1.1" 206 500 "https://madtomlab.com/media-entertainment.html" "Mozilla/5.0 (Linux; Android 5.0) AppleWebKit/537.36 (KHTML, like Gecko) Mobile Safari/537.36 (compatible; Bytespider; https://zhanzhang.toutiao.com/)"
110.249.202.4 - - [16/Apr/2026:19:37:38 +0300] "GET /js/script3.js HTTP/1.1" 200 31 "https://madtomlab.com/media-entertainment.html" "Mozilla/5.0 (Linux; Android 5.0) AppleWebKit/537.36 (KHTML, like Gecko) Mobile Safari/537.36 (compatible; Bytespider; https://zhanzhang.toutiao.com/)"
110.249.202.78 - - [16/Apr/2026:19:37:38 +0300] "GET /js/selectordie.js HTTP/1.1" 200 6265 "https://madtomlab.com/media-entertainment.html" "Mozilla/5.0 (Linux; Android 5.0) AppleWebKit/537.36 (KHTML, like Gecko) Mobile Safari/537.36 (compatible; Bytespider; https://zhanzhang.toutiao.com/)"
110.249.202.9 - - [16/Apr/2026:19:37:38 +0300] "GET /js/owl.carousel.js HTTP/1.1" 200 17543 "https://madtomlab.com/media-entertainment.html" "Mozilla/5.0 (Linux; Android 5.0) AppleWebKit/537.36 (KHTML, like Gecko) Mobile Safari/537.36 (compatible; Bytespider; https://zhanzhang.toutiao.com/)"
110.249.202.212 - - [16/Apr/2026:19:37:38 +0300] "GET /images/mobile-icon.png HTTP/1.1" 206 500 "https://madtomlab.com/media-entertainment.html" "Mozilla/5.0 (Linux; Android 5.0) AppleWebKit/537.36 (KHTML, like Gecko) Mobile Safari/537.36 (compatible; Bytespider; https://zhanzhang.toutiao.com/)"
110.249.202.9 - - [16/Apr/2026:19:37:38 +0300] "GET /images/heart.png HTTP/1.1" 206 500 "https://madtomlab.com/media-entertainment.html" "Mozilla/5.0 (Linux; Android 5.0) AppleWebKit/537.36 (KHTML, like Gecko) Mobile Safari/537.36 (compatible; Bytespider; https://zhanzhang.toutiao.com/)"
110.249.202.78 - - [16/Apr/2026:19:37:38 +0300] "GET /images/ecommerce.png HTTP/1.1" 206 500 "https://madtomlab.com/media-entertainment.html" "Mozilla/5.0 (Linux; Android 5.0) AppleWebKit/537.36 (KHTML, like Gecko) Mobile Safari/537.36 (compatible; Bytespider; https://zhanzhang.toutiao.com/)"
110.249.202.212 - - [16/Apr/2026:19:37:38 +0300] "GET /images/bank.png HTTP/1.1" 206 500 "https://madtomlab.com/media-entertainment.html" "Mozilla/5.0 (Linux; Android 5.0) AppleWebKit/537.36 (KHTML, like Gecko) Mobile Safari/537.36 (compatible; Bytespider; https://zhanzhang.toutiao.com/)"
110.249.202.4 - - [16/Apr/2026:19:37:38 +0300] "GET /images/who-we-are-icon.png HTTP/1.1" 206 500 "https://madtomlab.com/media-entertainment.html" "Mozilla/5.0 (Linux; Android 5.0) AppleWebKit/537.36 (KHTML, like Gecko) Mobile Safari/537.36 (compatible; Bytespider; https://zhanzhang.toutiao.com/)"
110.249.202.27 - - [16/Apr/2026:19:37:39 +0300] "GET /images/artificial-intelligence-icon.png HTTP/1.1" 206 500 "https://madtomlab.com/media-entertainment.html" "Mozilla/5.0 (Linux; Android 5.0) AppleWebKit/537.36 (KHTML, like Gecko) Mobile Safari/537.36 (compatible; Bytespider; https://zhanzhang.toutiao.com/)"
110.249.202.134 - - [16/Apr/2026:19:37:39 +0300] "GET /images/blockchain-icon.png HTTP/1.1" 206 500 "https://madtomlab.com/media-entertainment.html" "Mozilla/5.0 (Linux; Android 5.0) AppleWebKit/537.36 (KHTML, like Gecko) Mobile Safari/537.36 (compatible; Bytespider; https://zhanzhang.toutiao.com/)"
110.249.202.212 - - [16/Apr/2026:19:37:39 +0300] "GET /images/communication-icon.png HTTP/1.1" 206 500 "https://madtomlab.com/media-entertainment.html" "Mozilla/5.0 (Linux; Android 5.0) AppleWebKit/537.36 (KHTML, like Gecko) Mobile Safari/537.36 (compatible; Bytespider; https://zhanzhang.toutiao.com/)"
110.249.202.4 - - [16/Apr/2026:19:37:39 +0300] "GET /images/live-chat-icon.png HTTP/1.1" 206 500 "https://madtomlab.com/media-entertainment.html" "Mozilla/5.0 (Linux; Android 5.0) AppleWebKit/537.36 (KHTML, like Gecko) Mobile Safari/537.36 (compatible; Bytespider; https://zhanzhang.toutiao.com/)"
110.249.202.78 - - [16/Apr/2026:19:37:39 +0300] "GET /images/notification-reminder-icon.png HTTP/1.1" 206 500 "https://madtomlab.com/media-entertainment.html" "Mozilla/5.0 (Linux; Android 5.0) AppleWebKit/537.36 (KHTML, like Gecko) Mobile Safari/537.36 (compatible; Bytespider; https://zhanzhang.toutiao.com/)"
110.249.202.9 - - [16/Apr/2026:19:37:39 +0300] "GET /images/us.svg HTTP/1.1" 206 500 "https://madtomlab.com/media-entertainment.html" "Mozilla/5.0 (Linux; Android 5.0) AppleWebKit/537.36 (KHTML, like Gecko) Mobile Safari/537.36 (compatible; Bytespider; https://zhanzhang.toutiao.com/)"
110.249.202.27 - - [16/Apr/2026:19:37:39 +0300] "GET /images/twitter-icon.png HTTP/1.1" 206 500 "https://madtomlab.com/media-entertainment.html" "Mozilla/5.0 (Linux; Android 5.0) AppleWebKit/537.36 (KHTML, like Gecko) Mobile Safari/537.36 (compatible; Bytespider; https://zhanzhang.toutiao.com/)"
110.249.202.212 - - [16/Apr/2026:19:37:39 +0300] "GET /images/tick3.png HTTP/1.1" 206 500 "https://madtomlab.com/css/custom.css" "Mozilla/5.0 (Linux; Android 5.0) AppleWebKit/537.36 (KHTML, like Gecko) Mobile Safari/537.36 (compatible; Bytespider; https://zhanzhang.toutiao.com/)"
110.249.202.9 - - [16/Apr/2026:19:37:39 +0300] "GET /images/us.svg HTTP/1.1" 304 - "https://madtomlab.com/media-entertainment.html" "Mozilla/5.0 (Linux; Android 5.0) AppleWebKit/537.36 (KHTML, like Gecko) Mobile Safari/537.36 (compatible; Bytespider; https://zhanzhang.toutiao.com/)"
110.249.202.9 - - [16/Apr/2026:19:37:39 +0300] "GET /images/us.svg HTTP/1.1" 200 9615 "https://madtomlab.com/media-entertainment.html" "Mozilla/5.0 (Linux; Android 5.0) AppleWebKit/537.36 (KHTML, like Gecko) Mobile Safari/537.36 (compatible; Bytespider; https://zhanzhang.toutiao.com/)"
110.249.201.155 - - [16/Apr/2026:19:38:01 +0300] "GET /healthcare-app-development.html HTTP/1.1" 200 18330 "-" "Mozilla/5.0 (Linux; Android 5.0) AppleWebKit/537.36 (KHTML, like Gecko) Mobile Safari/537.36 (compatible; Bytespider; https://zhanzhang.toutiao.com/)"
110.249.201.155 - - [16/Apr/2026:19:38:02 +0300] "GET /css/bootstrap.min.css HTTP/1.1" 200 20560 "https://madtomlab.com/healthcare-app-development.html" "Mozilla/5.0 (Linux; Android 5.0) AppleWebKit/537.36 (KHTML, like Gecko) Mobile Safari/537.36 (compatible; Bytespider; https://zhanzhang.toutiao.com/)"
110.249.201.157 - - [16/Apr/2026:19:38:02 +0300] "GET /js/aos.js HTTP/1.1" 200 4506 "https://madtomlab.com/healthcare-app-development.html" "Mozilla/5.0 (Linux; Android 5.0) AppleWebKit/537.36 (KHTML, like Gecko) Mobile Safari/537.36 (compatible; Bytespider; https://zhanzhang.toutiao.com/)"
110.249.201.155 - - [16/Apr/2026:19:38:02 +0300] "GET /js/script3.js HTTP/1.1" 200 31 "https://madtomlab.com/healthcare-app-development.html" "Mozilla/5.0 (Linux; Android 5.0) AppleWebKit/537.36 (KHTML, like Gecko) Mobile Safari/537.36 (compatible; Bytespider; https://zhanzhang.toutiao.com/)"
110.249.201.157 - - [16/Apr/2026:19:38:02 +0300] "GET /images/automative-icon.png HTTP/1.1" 206 500 "https://madtomlab.com/healthcare-app-development.html" "Mozilla/5.0 (Linux; Android 5.0) AppleWebKit/537.36 (KHTML, like Gecko) Mobile Safari/537.36 (compatible; Bytespider; https://zhanzhang.toutiao.com/)"
110.249.201.155 - - [16/Apr/2026:19:38:02 +0300] "GET /images/transportation.png HTTP/1.1" 206 500 "https://madtomlab.com/healthcare-app-development.html" "Mozilla/5.0 (Linux; Android 5.0) AppleWebKit/537.36 (KHTML, like Gecko) Mobile Safari/537.36 (compatible; Bytespider; https://zhanzhang.toutiao.com/)"
110.249.201.157 - - [16/Apr/2026:19:38:02 +0300] "GET /images/healthcarebg.png HTTP/1.1" 206 500 "https://madtomlab.com/healthcare-app-development.html" "Mozilla/5.0 (Linux; Android 5.0) AppleWebKit/537.36 (KHTML, like Gecko) Mobile Safari/537.36 (compatible; Bytespider; https://zhanzhang.toutiao.com/)"
110.249.201.179 - - [16/Apr/2026:19:38:02 +0300] "GET /images/heart.png HTTP/1.1" 206 500 "https://madtomlab.com/healthcare-app-development.html" "Mozilla/5.0 (Linux; Android 5.0) AppleWebKit/537.36 (KHTML, like Gecko) Mobile Safari/537.36 (compatible; Bytespider; https://zhanzhang.toutiao.com/)"
110.249.201.155 - - [16/Apr/2026:19:38:02 +0300] "GET /images/agriculture.png HTTP/1.1" 206 500 "https://madtomlab.com/healthcare-app-development.html" "Mozilla/5.0 (Linux; Android 5.0) AppleWebKit/537.36 (KHTML, like Gecko) Mobile Safari/537.36 (compatible; Bytespider; https://zhanzhang.toutiao.com/)"
110.249.201.157 - - [16/Apr/2026:19:38:02 +0300] "GET /images/mtl.jpg HTTP/1.1" 206 500 "https://madtomlab.com/healthcare-app-development.html" "Mozilla/5.0 (Linux; Android 5.0) AppleWebKit/537.36 (KHTML, like Gecko) Mobile Safari/537.36 (compatible; Bytespider; https://zhanzhang.toutiao.com/)"
110.249.201.179 - - [16/Apr/2026:19:38:02 +0300] "GET /images/security.jpg HTTP/1.1" 206 500 "https://madtomlab.com/healthcare-app-development.html" "Mozilla/5.0 (Linux; Android 5.0) AppleWebKit/537.36 (KHTML, like Gecko) Mobile Safari/537.36 (compatible; Bytespider; https://zhanzhang.toutiao.com/)"
110.249.201.179 - - [16/Apr/2026:19:38:03 +0300] "GET /images/mtl.jpg HTTP/1.1" 304 - "https://madtomlab.com/healthcare-app-development.html" "Mozilla/5.0 (Linux; Android 5.0) AppleWebKit/537.36 (KHTML, like Gecko) Mobile Safari/537.36 (compatible; Bytespider; https://zhanzhang.toutiao.com/)"
110.249.201.157 - - [16/Apr/2026:19:38:03 +0300] "GET /images/mhealth2.jpg HTTP/1.1" 206 500 "https://madtomlab.com/css/custom.css" "Mozilla/5.0 (Linux; Android 5.0) AppleWebKit/537.36 (KHTML, like Gecko) Mobile Safari/537.36 (compatible; Bytespider; https://zhanzhang.toutiao.com/)"
110.249.201.155 - - [16/Apr/2026:19:38:03 +0300] "GET /images/security.jpg HTTP/1.1" 304 - "https://madtomlab.com/healthcare-app-development.html" "Mozilla/5.0 (Linux; Android 5.0) AppleWebKit/537.36 (KHTML, like Gecko) Mobile Safari/537.36 (compatible; Bytespider; https://zhanzhang.toutiao.com/)"
110.249.201.239 - - [16/Apr/2026:19:38:03 +0300] "GET /images/us.svg HTTP/1.1" 206 500 "https://madtomlab.com/healthcare-app-development.html" "Mozilla/5.0 (Linux; Android 5.0) AppleWebKit/537.36 (KHTML, like Gecko) Mobile Safari/537.36 (compatible; Bytespider; https://zhanzhang.toutiao.com/)"
110.249.201.227 - - [16/Apr/2026:19:38:03 +0300] "GET /images/new-zealand.png HTTP/1.1" 206 500 "https://madtomlab.com/healthcare-app-development.html" "Mozilla/5.0 (Linux; Android 5.0) AppleWebKit/537.36 (KHTML, like Gecko) Mobile Safari/537.36 (compatible; Bytespider; https://zhanzhang.toutiao.com/)"
110.249.201.157 - - [16/Apr/2026:19:38:03 +0300] "GET /images/mhealth2.jpg HTTP/1.1" 304 - "https://madtomlab.com/css/custom.css" "Mozilla/5.0 (Linux; Android 5.0) AppleWebKit/537.36 (KHTML, like Gecko) Mobile Safari/537.36 (compatible; Bytespider; https://zhanzhang.toutiao.com/)"
110.249.201.225 - - [16/Apr/2026:19:38:03 +0300] "GET /images/twitter-icon.png HTTP/1.1" 206 500 "https://madtomlab.com/healthcare-app-development.html" "Mozilla/5.0 (Linux; Android 5.0) AppleWebKit/537.36 (KHTML, like Gecko) Mobile Safari/537.36 (compatible; Bytespider; https://zhanzhang.toutiao.com/)"
110.249.201.239 - - [16/Apr/2026:19:38:03 +0300] "GET /images/us.svg HTTP/1.1" 304 - "https://madtomlab.com/healthcare-app-development.html" "Mozilla/5.0 (Linux; Android 5.0) AppleWebKit/537.36 (KHTML, like Gecko) Mobile Safari/537.36 (compatible; Bytespider; https://zhanzhang.toutiao.com/)"
110.249.201.155 - - [16/Apr/2026:19:38:03 +0300] "GET /images/security.jpg HTTP/1.1" 206 57021 "https://madtomlab.com/healthcare-app-development.html" "Mozilla/5.0 (Linux; Android 5.0) AppleWebKit/537.36 (KHTML, like Gecko) Mobile Safari/537.36 (compatible; Bytespider; https://zhanzhang.toutiao.com/)"
110.249.201.157 - - [16/Apr/2026:19:38:03 +0300] "GET /images/mhealth2.jpg HTTP/1.1" 206 54603 "https://madtomlab.com/css/custom.css" "Mozilla/5.0 (Linux; Android 5.0) AppleWebKit/537.36 (KHTML, like Gecko) Mobile Safari/537.36 (compatible; Bytespider; https://zhanzhang.toutiao.com/)"
110.249.201.239 - - [16/Apr/2026:19:38:03 +0300] "GET /images/us.svg HTTP/1.1" 200 9615 "https://madtomlab.com/healthcare-app-development.html" "Mozilla/5.0 (Linux; Android 5.0) AppleWebKit/537.36 (KHTML, like Gecko) Mobile Safari/537.36 (compatible; Bytespider; https://zhanzhang.toutiao.com/)"
110.249.201.179 - - [16/Apr/2026:19:38:03 +0300] "GET /images/mtl.jpg HTTP/1.1" 206 110735 "https://madtomlab.com/healthcare-app-development.html" "Mozilla/5.0 (Linux; Android 5.0) AppleWebKit/537.36 (KHTML, like Gecko) Mobile Safari/537.36 (compatible; Bytespider; https://zhanzhang.toutiao.com/)"
111.225.149.24 - - [16/Apr/2026:19:38:26 +0300] "GET / HTTP/1.1" 200 22448 "-" "Mozilla/5.0 (Linux; Android 5.0) AppleWebKit/537.36 (KHTML, like Gecko) Mobile Safari/537.36 (compatible; Bytespider; https://zhanzhang.toutiao.com/)"
111.225.149.24 - - [16/Apr/2026:19:38:27 +0300] "GET /css2/resources-block.css HTTP/1.1" 200 2762 "https://madtomlab.com/" "Mozilla/5.0 (Linux; Android 5.0) AppleWebKit/537.36 (KHTML, like Gecko) Mobile Safari/537.36 (compatible; Bytespider; https://zhanzhang.toutiao.com/)"
111.225.149.24 - - [16/Apr/2026:19:38:27 +0300] "GET /megamenu/easy-responsive-tabs.css HTTP/1.1" 200 707 "https://madtomlab.com/" "Mozilla/5.0 (Linux; Android 5.0) AppleWebKit/537.36 (KHTML, like Gecko) Mobile Safari/537.36 (compatible; Bytespider; https://zhanzhang.toutiao.com/)"
111.225.149.55 - - [16/Apr/2026:19:38:27 +0300] "GET /css/responsive.css HTTP/1.1" 200 7823 "https://madtomlab.com/" "Mozilla/5.0 (Linux; Android 5.0) AppleWebKit/537.36 (KHTML, like Gecko) Mobile Safari/537.36 (compatible; Bytespider; https://zhanzhang.toutiao.com/)"
111.225.149.192 - - [16/Apr/2026:19:38:27 +0300] "GET /js/script.js HTTP/1.1" 200 169 "https://madtomlab.com/" "Mozilla/5.0 (Linux; Android 5.0) AppleWebKit/537.36 (KHTML, like Gecko) Mobile Safari/537.36 (compatible; Bytespider; https://zhanzhang.toutiao.com/)"
111.225.149.146 - - [16/Apr/2026:19:38:27 +0300] "GET /images/cloud-icon.png HTTP/1.1" 206 500 "https://madtomlab.com/" "Mozilla/5.0 (Linux; Android 5.0) AppleWebKit/537.36 (KHTML, like Gecko) Mobile Safari/537.36 (compatible; Bytespider; https://zhanzhang.toutiao.com/)"
111.225.149.55 - - [16/Apr/2026:19:38:28 +0300] "GET /js/jquery.counterup.min.js HTTP/1.1" 200 577 "https://madtomlab.com/" "Mozilla/5.0 (Linux; Android 5.0) AppleWebKit/537.36 (KHTML, like Gecko) Mobile Safari/537.36 (compatible; Bytespider; https://zhanzhang.toutiao.com/)"
111.225.149.24 - - [16/Apr/2026:19:38:28 +0300] "GET /js/waypoints.min.js HTTP/1.1" 200 2617 "https://madtomlab.com/" "Mozilla/5.0 (Linux; Android 5.0) AppleWebKit/537.36 (KHTML, like Gecko) Mobile Safari/537.36 (compatible; Bytespider; https://zhanzhang.toutiao.com/)"
111.225.149.192 - - [16/Apr/2026:19:38:28 +0300] "GET /megamenu/custom1.js HTTP/1.1" 200 2176 "https://madtomlab.com/" "Mozilla/5.0 (Linux; Android 5.0) AppleWebKit/537.36 (KHTML, like Gecko) Mobile Safari/537.36 (compatible; Bytespider; https://zhanzhang.toutiao.com/)"
111.225.149.146 - - [16/Apr/2026:19:38:28 +0300] "GET /js/custom.js HTTP/1.1" 200 2229 "https://madtomlab.com/" "Mozilla/5.0 (Linux; Android 5.0) AppleWebKit/537.36 (KHTML, like Gecko) Mobile Safari/537.36 (compatible; Bytespider; https://zhanzhang.toutiao.com/)"
111.225.149.60 - - [16/Apr/2026:19:38:28 +0300] "GET /images/backend-icon.png HTTP/1.1" 206 500 "https://madtomlab.com/" "Mozilla/5.0 (Linux; Android 5.0) AppleWebKit/537.36 (KHTML, like Gecko) Mobile Safari/537.36 (compatible; Bytespider; https://zhanzhang.toutiao.com/)"
111.225.149.55 - - [16/Apr/2026:19:38:28 +0300] "GET /images/mobile-icon.png HTTP/1.1" 206 500 "https://madtomlab.com/" "Mozilla/5.0 (Linux; Android 5.0) AppleWebKit/537.36 (KHTML, like Gecko) Mobile Safari/537.36 (compatible; Bytespider; https://zhanzhang.toutiao.com/)"
111.225.149.24 - - [16/Apr/2026:19:38:28 +0300] "GET /images/automative-icon.png HTTP/1.1" 206 500 "https://madtomlab.com/" "Mozilla/5.0 (Linux; Android 5.0) AppleWebKit/537.36 (KHTML, like Gecko) Mobile Safari/537.36 (compatible; Bytespider; https://zhanzhang.toutiao.com/)"
111.225.149.146 - - [16/Apr/2026:19:38:28 +0300] "GET /images/csd-icon.png HTTP/1.1" 206 500 "https://madtomlab.com/" "Mozilla/5.0 (Linux; Android 5.0) AppleWebKit/537.36 (KHTML, like Gecko) Mobile Safari/537.36 (compatible; Bytespider; https://zhanzhang.toutiao.com/)"
111.225.149.60 - - [16/Apr/2026:19:38:28 +0300] "GET /images/cs2.jpg HTTP/1.1" 206 500 "https://madtomlab.com/" "Mozilla/5.0 (Linux; Android 5.0) AppleWebKit/537.36 (KHTML, like Gecko) Mobile Safari/537.36 (compatible; Bytespider; https://zhanzhang.toutiao.com/)"
111.225.149.192 - - [16/Apr/2026:19:38:28 +0300] "GET /images/cs1.jpg HTTP/1.1" 206 500 "https://madtomlab.com/" "Mozilla/5.0 (Linux; Android 5.0) AppleWebKit/537.36 (KHTML, like Gecko) Mobile Safari/537.36 (compatible; Bytespider; https://zhanzhang.toutiao.com/)"
111.225.149.55 - - [16/Apr/2026:19:38:28 +0300] "GET /images/cs6.jpg HTTP/1.1" 206 500 "https://madtomlab.com/" "Mozilla/5.0 (Linux; Android 5.0) AppleWebKit/537.36 (KHTML, like Gecko) Mobile Safari/537.36 (compatible; Bytespider; https://zhanzhang.toutiao.com/)"
111.225.149.24 - - [16/Apr/2026:19:38:28 +0300] "GET /images/client7.png HTTP/1.1" 206 500 "https://madtomlab.com/" "Mozilla/5.0 (Linux; Android 5.0) AppleWebKit/537.36 (KHTML, like Gecko) Mobile Safari/537.36 (compatible; Bytespider; https://zhanzhang.toutiao.com/)"
111.225.149.146 - - [16/Apr/2026:19:38:28 +0300] "GET /images/client12.png HTTP/1.1" 206 500 "https://madtomlab.com/" "Mozilla/5.0 (Linux; Android 5.0) AppleWebKit/537.36 (KHTML, like Gecko) Mobile Safari/537.36 (compatible; Bytespider; https://zhanzhang.toutiao.com/)"
111.225.149.60 - - [16/Apr/2026:19:38:28 +0300] "GET /images/cs2.jpg HTTP/1.1" 304 - "https://madtomlab.com/" "Mozilla/5.0 (Linux; Android 5.0) AppleWebKit/537.36 (KHTML, like Gecko) Mobile Safari/537.36 (compatible; Bytespider; https://zhanzhang.toutiao.com/)"
111.225.149.192 - - [16/Apr/2026:19:38:28 +0300] "GET /images/typescript-icon.png HTTP/1.1" 206 500 "https://madtomlab.com/" "Mozilla/5.0 (Linux; Android 5.0) AppleWebKit/537.36 (KHTML, like Gecko) Mobile Safari/537.36 (compatible; Bytespider; https://zhanzhang.toutiao.com/)"
111.225.149.55 - - [16/Apr/2026:19:38:28 +0300] "GET /images/cs6.jpg HTTP/1.1" 304 - "https://madtomlab.com/" "Mozilla/5.0 (Linux; Android 5.0) AppleWebKit/537.36 (KHTML, like Gecko) Mobile Safari/537.36 (compatible; Bytespider; https://zhanzhang.toutiao.com/)"
111.225.149.24 - - [16/Apr/2026:19:38:28 +0300] "GET /images/css-icon.png HTTP/1.1" 206 500 "https://madtomlab.com/" "Mozilla/5.0 (Linux; Android 5.0) AppleWebKit/537.36 (KHTML, like Gecko) Mobile Safari/537.36 (compatible; Bytespider; https://zhanzhang.toutiao.com/)"
111.225.149.60 - - [16/Apr/2026:19:38:29 +0300] "GET /images/vuejs-icon.png HTTP/1.1" 206 500 "https://madtomlab.com/" "Mozilla/5.0 (Linux; Android 5.0) AppleWebKit/537.36 (KHTML, like Gecko) Mobile Safari/537.36 (compatible; Bytespider; https://zhanzhang.toutiao.com/)"
111.225.149.55 - - [16/Apr/2026:19:38:29 +0300] "GET /images/react-icon.svg HTTP/1.1" 206 500 "https://madtomlab.com/" "Mozilla/5.0 (Linux; Android 5.0) AppleWebKit/537.36 (KHTML, like Gecko) Mobile Safari/537.36 (compatible; Bytespider; https://zhanzhang.toutiao.com/)"
111.225.149.24 - - [16/Apr/2026:19:38:29 +0300] "GET /images/flutter-icon.svg HTTP/1.1" 206 500 "https://madtomlab.com/" "Mozilla/5.0 (Linux; Android 5.0) AppleWebKit/537.36 (KHTML, like Gecko) Mobile Safari/537.36 (compatible; Bytespider; https://zhanzhang.toutiao.com/)"
111.225.149.60 - - [16/Apr/2026:19:38:29 +0300] "GET /images/angular-icon.svg HTTP/1.1" 206 500 "https://madtomlab.com/" "Mozilla/5.0 (Linux; Android 5.0) AppleWebKit/537.36 (KHTML, like Gecko) Mobile Safari/537.36 (compatible; Bytespider; https://zhanzhang.toutiao.com/)"
111.225.149.55 - - [16/Apr/2026:19:38:29 +0300] "GET /images/nodejs-icon.svg HTTP/1.1" 206 500 "https://madtomlab.com/" "Mozilla/5.0 (Linux; Android 5.0) AppleWebKit/537.36 (KHTML, like Gecko) Mobile Safari/537.36 (compatible; Bytespider; https://zhanzhang.toutiao.com/)"
111.225.149.24 - - [16/Apr/2026:19:38:29 +0300] "GET /images/php-icon.svg HTTP/1.1" 206 500 "https://madtomlab.com/" "Mozilla/5.0 (Linux; Android 5.0) AppleWebKit/537.36 (KHTML, like Gecko) Mobile Safari/537.36 (compatible; Bytespider; https://zhanzhang.toutiao.com/)"
111.225.149.60 - - [16/Apr/2026:19:38:29 +0300] "GET /images/java-icon.svg HTTP/1.1" 206 500 "https://madtomlab.com/" "Mozilla/5.0 (Linux; Android 5.0) AppleWebKit/537.36 (KHTML, like Gecko) Mobile Safari/537.36 (compatible; Bytespider; https://zhanzhang.toutiao.com/)"
111.225.149.55 - - [16/Apr/2026:19:38:29 +0300] "GET /images/go-lang-icon.svg HTTP/1.1" 206 500 "https://madtomlab.com/" "Mozilla/5.0 (Linux; Android 5.0) AppleWebKit/537.36 (KHTML, like Gecko) Mobile Safari/537.36 (compatible; Bytespider; https://zhanzhang.toutiao.com/)"
111.225.149.146 - - [16/Apr/2026:19:38:29 +0300] "GET /images/cs2.jpg HTTP/1.1" 206 214217 "https://madtomlab.com/" "Mozilla/5.0 (Linux; Android 5.0) AppleWebKit/537.36 (KHTML, like Gecko) Mobile Safari/537.36 (compatible; Bytespider; https://zhanzhang.toutiao.com/)"
111.225.149.192 - - [16/Apr/2026:19:38:29 +0300] "GET /images/cs6.jpg HTTP/1.1" 206 173965 "https://madtomlab.com/" "Mozilla/5.0 (Linux; Android 5.0) AppleWebKit/537.36 (KHTML, like Gecko) Mobile Safari/537.36 (compatible; Bytespider; https://zhanzhang.toutiao.com/)"
111.225.149.74 - - [16/Apr/2026:19:38:29 +0300] "GET /images/python-icon.svg HTTP/1.1" 206 500 "https://madtomlab.com/" "Mozilla/5.0 (Linux; Android 5.0) AppleWebKit/537.36 (KHTML, like Gecko) Mobile Safari/537.36 (compatible; Bytespider; https://zhanzhang.toutiao.com/)"
111.225.149.24 - - [16/Apr/2026:19:38:29 +0300] "GET /images/dot-net-icon.svg HTTP/1.1" 206 500 "https://madtomlab.com/" "Mozilla/5.0 (Linux; Android 5.0) AppleWebKit/537.36 (KHTML, like Gecko) Mobile Safari/537.36 (compatible; Bytespider; https://zhanzhang.toutiao.com/)"
111.225.149.55 - - [16/Apr/2026:19:38:29 +0300] "GET /images/react-native-icon.svg HTTP/1.1" 206 500 "https://madtomlab.com/" "Mozilla/5.0 (Linux; Android 5.0) AppleWebKit/537.36 (KHTML, like Gecko) Mobile Safari/537.36 (compatible; Bytespider; https://zhanzhang.toutiao.com/)"
111.225.149.24 - - [16/Apr/2026:19:38:30 +0300] "GET /images/xamarin-icon.svg HTTP/1.1" 206 500 "https://madtomlab.com/" "Mozilla/5.0 (Linux; Android 5.0) AppleWebKit/537.36 (KHTML, like Gecko) Mobile Safari/537.36 (compatible; Bytespider; https://zhanzhang.toutiao.com/)"
111.225.149.74 - - [16/Apr/2026:19:38:30 +0300] "GET /images/spark-streaming-tech-icon.svg HTTP/1.1" 206 500 "https://madtomlab.com/" "Mozilla/5.0 (Linux; Android 5.0) AppleWebKit/537.36 (KHTML, like Gecko) Mobile Safari/537.36 (compatible; Bytespider; https://zhanzhang.toutiao.com/)"
111.225.149.55 - - [16/Apr/2026:19:38:30 +0300] "GET /images/kafka-streams-tech-icon.svg HTTP/1.1" 206 500 "https://madtomlab.com/" "Mozilla/5.0 (Linux; Android 5.0) AppleWebKit/537.36 (KHTML, like Gecko) Mobile Safari/537.36 (compatible; Bytespider; https://zhanzhang.toutiao.com/)"
111.225.149.24 - - [16/Apr/2026:19:38:30 +0300] "GET /images/ms-sql-server-tech-icon.svg HTTP/1.1" 206 500 "https://madtomlab.com/" "Mozilla/5.0 (Linux; Android 5.0) AppleWebKit/537.36 (KHTML, like Gecko) Mobile Safari/537.36 (compatible; Bytespider; https://zhanzhang.toutiao.com/)"
111.225.149.60 - - [16/Apr/2026:19:38:30 +0300] "GET /images/postgre-sql-tech-icon.svg HTTP/1.1" 206 500 "https://madtomlab.com/" "Mozilla/5.0 (Linux; Android 5.0) AppleWebKit/537.36 (KHTML, like Gecko) Mobile Safari/537.36 (compatible; Bytespider; https://zhanzhang.toutiao.com/)"
111.225.149.24 - - [16/Apr/2026:19:38:31 +0300] "GET /images/mongodb-tech-icon.svg HTTP/1.1" 206 500 "https://madtomlab.com/" "Mozilla/5.0 (Linux; Android 5.0) AppleWebKit/537.36 (KHTML, like Gecko) Mobile Safari/537.36 (compatible; Bytespider; https://zhanzhang.toutiao.com/)"
111.225.149.55 - - [16/Apr/2026:19:38:31 +0300] "GET /images/amazon-rds.svg HTTP/1.1" 206 500 "https://madtomlab.com/" "Mozilla/5.0 (Linux; Android 5.0) AppleWebKit/537.36 (KHTML, like Gecko) Mobile Safari/537.36 (compatible; Bytespider; https://zhanzhang.toutiao.com/)"
111.225.149.74 - - [16/Apr/2026:19:38:31 +0300] "GET /images/oracle-tech-icon.svg HTTP/1.1" 206 500 "https://madtomlab.com/" "Mozilla/5.0 (Linux; Android 5.0) AppleWebKit/537.36 (KHTML, like Gecko) Mobile Safari/537.36 (compatible; Bytespider; https://zhanzhang.toutiao.com/)"
111.225.149.200 - - [16/Apr/2026:19:38:31 +0300] "GET /images/cassandra-tech-icon.svg HTTP/1.1" 206 500 "https://madtomlab.com/" "Mozilla/5.0 (Linux; Android 5.0) AppleWebKit/537.36 (KHTML, like Gecko) Mobile Safari/537.36 (compatible; Bytespider; https://zhanzhang.toutiao.com/)"
111.225.149.24 - - [16/Apr/2026:19:38:31 +0300] "GET /images/azure-sql-database.svg HTTP/1.1" 206 500 "https://madtomlab.com/" "Mozilla/5.0 (Linux; Android 5.0) AppleWebKit/537.36 (KHTML, like Gecko) Mobile Safari/537.36 (compatible; Bytespider; https://zhanzhang.toutiao.com/)"
111.225.149.55 - - [16/Apr/2026:19:38:31 +0300] "GET /images/google-big-query-icon.png HTTP/1.1" 206 500 "https://madtomlab.com/" "Mozilla/5.0 (Linux; Android 5.0) AppleWebKit/537.36 (KHTML, like Gecko) Mobile Safari/537.36 (compatible; Bytespider; https://zhanzhang.toutiao.com/)"
111.225.149.200 - - [16/Apr/2026:19:38:31 +0300] "GET /images/docker-logo.svg HTTP/1.1" 206 500 "https://madtomlab.com/" "Mozilla/5.0 (Linux; Android 5.0) AppleWebKit/537.36 (KHTML, like Gecko) Mobile Safari/537.36 (compatible; Bytespider; https://zhanzhang.toutiao.com/)"
111.225.149.55 - - [16/Apr/2026:19:38:31 +0300] "GET /images/gitlab.svg HTTP/1.1" 206 500 "https://madtomlab.com/" "Mozilla/5.0 (Linux; Android 5.0) AppleWebKit/537.36 (KHTML, like Gecko) Mobile Safari/537.36 (compatible; Bytespider; https://zhanzhang.toutiao.com/)"
111.225.149.24 - - [16/Apr/2026:19:38:31 +0300] "GET /images/kubernetes.svg HTTP/1.1" 206 500 "https://madtomlab.com/" "Mozilla/5.0 (Linux; Android 5.0) AppleWebKit/537.36 (KHTML, like Gecko) Mobile Safari/537.36 (compatible; Bytespider; https://zhanzhang.toutiao.com/)"
111.225.149.200 - - [16/Apr/2026:19:38:31 +0300] "GET /images/react-icon.svg HTTP/1.1" 304 - "https://madtomlab.com/" "Mozilla/5.0 (Linux; Android 5.0) AppleWebKit/537.36 (KHTML, like Gecko) Mobile Safari/537.36 (compatible; Bytespider; https://zhanzhang.toutiao.com/)"
111.225.149.55 - - [16/Apr/2026:19:38:31 +0300] "GET /images/terraform-tech-icon.svg HTTP/1.1" 206 500 "https://madtomlab.com/" "Mozilla/5.0 (Linux; Android 5.0) AppleWebKit/537.36 (KHTML, like Gecko) Mobile Safari/537.36 (compatible; Bytespider; https://zhanzhang.toutiao.com/)"
111.225.149.24 - - [16/Apr/2026:19:38:32 +0300] "GET /images/grokx-ai.png HTTP/1.1" 206 500 "https://madtomlab.com/" "Mozilla/5.0 (Linux; Android 5.0) AppleWebKit/537.36 (KHTML, like Gecko) Mobile Safari/537.36 (compatible; Bytespider; https://zhanzhang.toutiao.com/)"
111.225.149.74 - - [16/Apr/2026:19:38:32 +0300] "GET /images/copilot-icon.png HTTP/1.1" 206 500 "https://madtomlab.com/" "Mozilla/5.0 (Linux; Android 5.0) AppleWebKit/537.36 (KHTML, like Gecko) Mobile Safari/537.36 (compatible; Bytespider; https://zhanzhang.toutiao.com/)"
111.225.149.55 - - [16/Apr/2026:19:38:32 +0300] "GET /images/companylogo2.png HTTP/1.1" 404 196 "https://madtomlab.com/" "Mozilla/5.0 (Linux; Android 5.0) AppleWebKit/537.36 (KHTML, like Gecko) Mobile Safari/537.36 (compatible; Bytespider; https://zhanzhang.toutiao.com/)"
111.225.149.200 - - [16/Apr/2026:19:38:32 +0300] "GET /images/react-icon.svg HTTP/1.1" 200 1788 "https://madtomlab.com/" "Mozilla/5.0 (Linux; Android 5.0) AppleWebKit/537.36 (KHTML, like Gecko) Mobile Safari/537.36 (compatible; Bytespider; https://zhanzhang.toutiao.com/)"
111.225.149.24 - - [16/Apr/2026:19:38:32 +0300] "GET /images/companylogo1.png HTTP/1.1" 404 196 "https://madtomlab.com/" "Mozilla/5.0 (Linux; Android 5.0) AppleWebKit/537.36 (KHTML, like Gecko) Mobile Safari/537.36 (compatible; Bytespider; https://zhanzhang.toutiao.com/)"
111.225.149.55 - - [16/Apr/2026:19:38:32 +0300] "GET /images/us.svg HTTP/1.1" 206 500 "https://madtomlab.com/" "Mozilla/5.0 (Linux; Android 5.0) AppleWebKit/537.36 (KHTML, like Gecko) Mobile Safari/537.36 (compatible; Bytespider; https://zhanzhang.toutiao.com/)"
111.225.149.74 - - [16/Apr/2026:19:38:32 +0300] "GET /images/callicon2.png HTTP/1.1" 206 448 "https://madtomlab.com/" "Mozilla/5.0 (Linux; Android 5.0) AppleWebKit/537.36 (KHTML, like Gecko) Mobile Safari/537.36 (compatible; Bytespider; https://zhanzhang.toutiao.com/)"
111.225.149.200 - - [16/Apr/2026:19:38:32 +0300] "GET /images/flutter-icon.svg HTTP/1.1" 304 - "https://madtomlab.com/" "Mozilla/5.0 (Linux; Android 5.0) AppleWebKit/537.36 (KHTML, like Gecko) Mobile Safari/537.36 (compatible; Bytespider; https://zhanzhang.toutiao.com/)"
111.225.149.24 - - [16/Apr/2026:19:38:32 +0300] "GET /images/new-zealand.png HTTP/1.1" 206 500 "https://madtomlab.com/" "Mozilla/5.0 (Linux; Android 5.0) AppleWebKit/537.36 (KHTML, like Gecko) Mobile Safari/537.36 (compatible; Bytespider; https://zhanzhang.toutiao.com/)"
111.225.149.55 - - [16/Apr/2026:19:38:32 +0300] "GET /images/angular-icon.svg HTTP/1.1" 304 - "https://madtomlab.com/" "Mozilla/5.0 (Linux; Android 5.0) AppleWebKit/537.36 (KHTML, like Gecko) Mobile Safari/537.36 (compatible; Bytespider; https://zhanzhang.toutiao.com/)"
111.225.149.200 - - [16/Apr/2026:19:38:32 +0300] "GET /images/flutter-icon.svg HTTP/1.1" 200 1367 "https://madtomlab.com/" "Mozilla/5.0 (Linux; Android 5.0) AppleWebKit/537.36 (KHTML, like Gecko) Mobile Safari/537.36 (compatible; Bytespider; https://zhanzhang.toutiao.com/)"
111.225.149.74 - - [16/Apr/2026:19:38:32 +0300] "GET /images/dmca.png HTTP/1.1" 206 500 "https://madtomlab.com/" "Mozilla/5.0 (Linux; Android 5.0) AppleWebKit/537.36 (KHTML, like Gecko) Mobile Safari/537.36 (compatible; Bytespider; https://zhanzhang.toutiao.com/)"
111.225.149.24 - - [16/Apr/2026:19:38:32 +0300] "GET /images/nodejs-icon.svg HTTP/1.1" 304 - "https://madtomlab.com/" "Mozilla/5.0 (Linux; Android 5.0) AppleWebKit/537.36 (KHTML, like Gecko) Mobile Safari/537.36 (compatible; Bytespider; https://zhanzhang.toutiao.com/)"
111.225.149.200 - - [16/Apr/2026:19:38:33 +0300] "GET /images/instagram-icon.png HTTP/1.1" 206 500 "https://madtomlab.com/" "Mozilla/5.0 (Linux; Android 5.0) AppleWebKit/537.36 (KHTML, like Gecko) Mobile Safari/537.36 (compatible; Bytespider; https://zhanzhang.toutiao.com/)"
111.225.149.74 - - [16/Apr/2026:19:38:33 +0300] "GET /images/star.svg HTTP/1.1" 206 500 "https://madtomlab.com/css/custom.css" "Mozilla/5.0 (Linux; Android 5.0) AppleWebKit/537.36 (KHTML, like Gecko) Mobile Safari/537.36 (compatible; Bytespider; https://zhanzhang.toutiao.com/)"
111.225.149.24 - - [16/Apr/2026:19:38:33 +0300] "GET /images/nodejs-icon.svg HTTP/1.1" 200 2352 "https://madtomlab.com/" "Mozilla/5.0 (Linux; Android 5.0) AppleWebKit/537.36 (KHTML, like Gecko) Mobile Safari/537.36 (compatible; Bytespider; https://zhanzhang.toutiao.com/)"
111.225.149.200 - - [16/Apr/2026:19:38:33 +0300] "GET /images/testimonial-bg.png HTTP/1.1" 206 500 "https://madtomlab.com/css/custom.css" "Mozilla/5.0 (Linux; Android 5.0) AppleWebKit/537.36 (KHTML, like Gecko) Mobile Safari/537.36 (compatible; Bytespider; https://zhanzhang.toutiao.com/)"
111.225.149.24 - - [16/Apr/2026:19:38:33 +0300] "GET /images/php-icon.svg HTTP/1.1" 304 - "https://madtomlab.com/" "Mozilla/5.0 (Linux; Android 5.0) AppleWebKit/537.36 (KHTML, like Gecko) Mobile Safari/537.36 (compatible; Bytespider; https://zhanzhang.toutiao.com/)"
111.225.149.74 - - [16/Apr/2026:19:38:33 +0300] "GET /images/go-lang-icon.svg HTTP/1.1" 304 - "https://madtomlab.com/" "Mozilla/5.0 (Linux; Android 5.0) AppleWebKit/537.36 (KHTML, like Gecko) Mobile Safari/537.36 (compatible; Bytespider; https://zhanzhang.toutiao.com/)"
111.225.149.55 - - [16/Apr/2026:19:38:33 +0300] "GET /images/angular-icon.svg HTTP/1.1" 200 815 "https://madtomlab.com/" "Mozilla/5.0 (Linux; Android 5.0) AppleWebKit/537.36 (KHTML, like Gecko) Mobile Safari/537.36 (compatible; Bytespider; https://zhanzhang.toutiao.com/)"
111.225.149.200 - - [16/Apr/2026:19:38:33 +0300] "GET /images/dot-net-icon.svg HTTP/1.1" 304 - "https://madtomlab.com/" "Mozilla/5.0 (Linux; Android 5.0) AppleWebKit/537.36 (KHTML, like Gecko) Mobile Safari/537.36 (compatible; Bytespider; https://zhanzhang.toutiao.com/)"
111.225.149.55 - - [16/Apr/2026:19:38:33 +0300] "GET /images/python-icon.svg HTTP/1.1" 304 - "https://madtomlab.com/" "Mozilla/5.0 (Linux; Android 5.0) AppleWebKit/537.36 (KHTML, like Gecko) Mobile Safari/537.36 (compatible; Bytespider; https://zhanzhang.toutiao.com/)"
111.225.149.24 - - [16/Apr/2026:19:38:33 +0300] "GET /images/php-icon.svg HTTP/1.1" 200 519 "https://madtomlab.com/" "Mozilla/5.0 (Linux; Android 5.0) AppleWebKit/537.36 (KHTML, like Gecko) Mobile Safari/537.36 (compatible; Bytespider; https://zhanzhang.toutiao.com/)"
111.225.149.74 - - [16/Apr/2026:19:38:33 +0300] "GET /images/go-lang-icon.svg HTTP/1.1" 200 887 "https://madtomlab.com/" "Mozilla/5.0 (Linux; Android 5.0) AppleWebKit/537.36 (KHTML, like Gecko) Mobile Safari/537.36 (compatible; Bytespider; https://zhanzhang.toutiao.com/)"
111.225.149.200 - - [16/Apr/2026:19:38:33 +0300] "GET /images/dot-net-icon.svg HTTP/1.1" 200 7001 "https://madtomlab.com/" "Mozilla/5.0 (Linux; Android 5.0) AppleWebKit/537.36 (KHTML, like Gecko) Mobile Safari/537.36 (compatible; Bytespider; https://zhanzhang.toutiao.com/)"
111.225.149.24 - - [16/Apr/2026:19:38:33 +0300] "GET /images/react-native-icon.svg HTTP/1.1" 304 - "https://madtomlab.com/" "Mozilla/5.0 (Linux; Android 5.0) AppleWebKit/537.36 (KHTML, like Gecko) Mobile Safari/537.36 (compatible; Bytespider; https://zhanzhang.toutiao.com/)"
111.225.149.74 - - [16/Apr/2026:19:38:34 +0300] "GET /images/xamarin-icon.svg HTTP/1.1" 304 - "https://madtomlab.com/" "Mozilla/5.0 (Linux; Android 5.0) AppleWebKit/537.36 (KHTML, like Gecko) Mobile Safari/537.36 (compatible; Bytespider; https://zhanzhang.toutiao.com/)"
111.225.149.200 - - [16/Apr/2026:19:38:34 +0300] "GET /images/java-icon.svg HTTP/1.1" 304 - "https://madtomlab.com/" "Mozilla/5.0 (Linux; Android 5.0) AppleWebKit/537.36 (KHTML, like Gecko) Mobile Safari/537.36 (compatible; Bytespider; https://zhanzhang.toutiao.com/)"
111.225.149.24 - - [16/Apr/2026:19:38:34 +0300] "GET /images/react-native-icon.svg HTTP/1.1" 200 5131 "https://madtomlab.com/" "Mozilla/5.0 (Linux; Android 5.0) AppleWebKit/537.36 (KHTML, like Gecko) Mobile Safari/537.36 (compatible; Bytespider; https://zhanzhang.toutiao.com/)"
111.225.149.74 - - [16/Apr/2026:19:38:34 +0300] "GET /images/xamarin-icon.svg HTTP/1.1" 200 1283 "https://madtomlab.com/" "Mozilla/5.0 (Linux; Android 5.0) AppleWebKit/537.36 (KHTML, like Gecko) Mobile Safari/537.36 (compatible; Bytespider; https://zhanzhang.toutiao.com/)"
111.225.149.24 - - [16/Apr/2026:19:38:34 +0300] "GET /images/kafka-streams-tech-icon.svg HTTP/1.1" 304 - "https://madtomlab.com/" "Mozilla/5.0 (Linux; Android 5.0) AppleWebKit/537.36 (KHTML, like Gecko) Mobile Safari/537.36 (compatible; Bytespider; https://zhanzhang.toutiao.com/)"
111.225.149.74 - - [16/Apr/2026:19:38:34 +0300] "GET /images/spark-streaming-tech-icon.svg HTTP/1.1" 304 - "https://madtomlab.com/" "Mozilla/5.0 (Linux; Android 5.0) AppleWebKit/537.36 (KHTML, like Gecko) Mobile Safari/537.36 (compatible; Bytespider; https://zhanzhang.toutiao.com/)"
111.225.149.60 - - [16/Apr/2026:19:38:34 +0300] "GET /images/ms-sql-server-tech-icon.svg HTTP/1.1" 304 - "https://madtomlab.com/" "Mozilla/5.0 (Linux; Android 5.0) AppleWebKit/537.36 (KHTML, like Gecko) Mobile Safari/537.36 (compatible; Bytespider; https://zhanzhang.toutiao.com/)"
111.225.149.24 - - [16/Apr/2026:19:38:34 +0300] "GET /images/mongodb-tech-icon.svg HTTP/1.1" 304 - "https://madtomlab.com/" "Mozilla/5.0 (Linux; Android 5.0) AppleWebKit/537.36 (KHTML, like Gecko) Mobile Safari/537.36 (compatible; Bytespider; https://zhanzhang.toutiao.com/)"
111.225.149.74 - - [16/Apr/2026:19:38:34 +0300] "GET /images/kafka-streams-tech-icon.svg HTTP/1.1" 200 3407 "https://madtomlab.com/" "Mozilla/5.0 (Linux; Android 5.0) AppleWebKit/537.36 (KHTML, like Gecko) Mobile Safari/537.36 (compatible; Bytespider; https://zhanzhang.toutiao.com/)"
111.225.149.60 - - [16/Apr/2026:19:38:35 +0300] "GET /images/spark-streaming-tech-icon.svg HTTP/1.1" 200 4077 "https://madtomlab.com/" "Mozilla/5.0 (Linux; Android 5.0) AppleWebKit/537.36 (KHTML, like Gecko) Mobile Safari/537.36 (compatible; Bytespider; https://zhanzhang.toutiao.com/)"
111.225.149.200 - - [16/Apr/2026:19:38:34 +0300] "GET /images/java-icon.svg HTTP/1.1" 200 105622 "https://madtomlab.com/" "Mozilla/5.0 (Linux; Android 5.0) AppleWebKit/537.36 (KHTML, like Gecko) Mobile Safari/537.36 (compatible; Bytespider; https://zhanzhang.toutiao.com/)"
111.225.149.24 - - [16/Apr/2026:19:38:35 +0300] "GET /images/ms-sql-server-tech-icon.svg HTTP/1.1" 200 7072 "https://madtomlab.com/" "Mozilla/5.0 (Linux; Android 5.0) AppleWebKit/537.36 (KHTML, like Gecko) Mobile Safari/537.36 (compatible; Bytespider; https://zhanzhang.toutiao.com/)"
111.225.149.74 - - [16/Apr/2026:19:38:35 +0300] "GET /images/amazon-rds.svg HTTP/1.1" 304 - "https://madtomlab.com/" "Mozilla/5.0 (Linux; Android 5.0) AppleWebKit/537.36 (KHTML, like Gecko) Mobile Safari/537.36 (compatible; Bytespider; https://zhanzhang.toutiao.com/)"
111.225.149.24 - - [16/Apr/2026:19:38:35 +0300] "GET /images/mongodb-tech-icon.svg HTTP/1.1" 200 7920 "https://madtomlab.com/" "Mozilla/5.0 (Linux; Android 5.0) AppleWebKit/537.36 (KHTML, like Gecko) Mobile Safari/537.36 (compatible; Bytespider; https://zhanzhang.toutiao.com/)"
111.225.149.55 - - [16/Apr/2026:19:38:34 +0300] "GET /images/python-icon.svg HTTP/1.1" 200 179053 "https://madtomlab.com/" "Mozilla/5.0 (Linux; Android 5.0) AppleWebKit/537.36 (KHTML, like Gecko) Mobile Safari/537.36 (compatible; Bytespider; https://zhanzhang.toutiao.com/)"
111.225.149.60 - - [16/Apr/2026:19:38:35 +0300] "GET /images/cassandra-tech-icon.svg HTTP/1.1" 304 - "https://madtomlab.com/" "Mozilla/5.0 (Linux; Android 5.0) AppleWebKit/537.36 (KHTML, like Gecko) Mobile Safari/537.36 (compatible; Bytespider; https://zhanzhang.toutiao.com/)"
111.225.149.74 - - [16/Apr/2026:19:38:35 +0300] "GET /images/azure-sql-database.svg HTTP/1.1" 304 - "https://madtomlab.com/" "Mozilla/5.0 (Linux; Android 5.0) AppleWebKit/537.36 (KHTML, like Gecko) Mobile Safari/537.36 (compatible; Bytespider; https://zhanzhang.toutiao.com/)"
111.225.149.24 - - [16/Apr/2026:19:38:35 +0300] "GET /images/amazon-rds.svg HTTP/1.1" 200 2761 "https://madtomlab.com/" "Mozilla/5.0 (Linux; Android 5.0) AppleWebKit/537.36 (KHTML, like Gecko) Mobile Safari/537.36 (compatible; Bytespider; https://zhanzhang.toutiao.com/)"
111.225.149.60 - - [16/Apr/2026:19:38:35 +0300] "GET /images/gitlab.svg HTTP/1.1" 304 - "https://madtomlab.com/" "Mozilla/5.0 (Linux; Android 5.0) AppleWebKit/537.36 (KHTML, like Gecko) Mobile Safari/537.36 (compatible; Bytespider; https://zhanzhang.toutiao.com/)"
111.225.149.130 - - [16/Apr/2026:19:38:35 +0300] "GET /images/docker-logo.svg HTTP/1.1" 304 - "https://madtomlab.com/" "Mozilla/5.0 (Linux; Android 5.0) AppleWebKit/537.36 (KHTML, like Gecko) Mobile Safari/537.36 (compatible; Bytespider; https://zhanzhang.toutiao.com/)"
111.225.149.74 - - [16/Apr/2026:19:38:35 +0300] "GET /images/cassandra-tech-icon.svg HTTP/1.1" 200 7048 "https://madtomlab.com/" "Mozilla/5.0 (Linux; Android 5.0) AppleWebKit/537.36 (KHTML, like Gecko) Mobile Safari/537.36 (compatible; Bytespider; https://zhanzhang.toutiao.com/)"
111.225.149.24 - - [16/Apr/2026:19:38:35 +0300] "GET /images/kubernetes.svg HTTP/1.1" 304 - "https://madtomlab.com/" "Mozilla/5.0 (Linux; Android 5.0) AppleWebKit/537.36 (KHTML, like Gecko) Mobile Safari/537.36 (compatible; Bytespider; https://zhanzhang.toutiao.com/)"
111.225.149.60 - - [16/Apr/2026:19:38:36 +0300] "GET /images/gitlab.svg HTTP/1.1" 200 8517 "https://madtomlab.com/" "Mozilla/5.0 (Linux; Android 5.0) AppleWebKit/537.36 (KHTML, like Gecko) Mobile Safari/537.36 (compatible; Bytespider; https://zhanzhang.toutiao.com/)"
111.225.149.130 - - [16/Apr/2026:19:38:36 +0300] "GET /images/docker-logo.svg HTTP/1.1" 200 2942 "https://madtomlab.com/" "Mozilla/5.0 (Linux; Android 5.0) AppleWebKit/537.36 (KHTML, like Gecko) Mobile Safari/537.36 (compatible; Bytespider; https://zhanzhang.toutiao.com/)"
111.225.149.238 - - [16/Apr/2026:19:38:36 +0300] "GET /images/azure-sql-database.svg HTTP/1.1" 200 3826 "https://madtomlab.com/" "Mozilla/5.0 (Linux; Android 5.0) AppleWebKit/537.36 (KHTML, like Gecko) Mobile Safari/537.36 (compatible; Bytespider; https://zhanzhang.toutiao.com/)"
111.225.149.24 - - [16/Apr/2026:19:38:36 +0300] "GET /images/kubernetes.svg HTTP/1.1" 200 2405 "https://madtomlab.com/" "Mozilla/5.0 (Linux; Android 5.0) AppleWebKit/537.36 (KHTML, like Gecko) Mobile Safari/537.36 (compatible; Bytespider; https://zhanzhang.toutiao.com/)"
111.225.149.74 - - [16/Apr/2026:19:38:36 +0300] "GET /images/oracle-tech-icon.svg HTTP/1.1" 304 - "https://madtomlab.com/" "Mozilla/5.0 (Linux; Android 5.0) AppleWebKit/537.36 (KHTML, like Gecko) Mobile Safari/537.36 (compatible; Bytespider; https://zhanzhang.toutiao.com/)"
111.225.149.130 - - [16/Apr/2026:19:38:36 +0300] "GET /images/terraform-tech-icon.svg HTTP/1.1" 304 - "https://madtomlab.com/" "Mozilla/5.0 (Linux; Android 5.0) AppleWebKit/537.36 (KHTML, like Gecko) Mobile Safari/537.36 (compatible; Bytespider; https://zhanzhang.toutiao.com/)"
