111.225.149.27 - - [16/Apr/2026:17:38:08 +0300] "GET /images/python-icon.png HTTP/1.1" 206 500 "https://www.madtomlab.com/hire-developers.html" "Mozilla/5.0 (Linux; Android 5.0) AppleWebKit/537.36 (KHTML, like Gecko) Mobile Safari/537.36 (compatible; Bytespider; https://zhanzhang.toutiao.com/)"
111.225.149.22 - - [16/Apr/2026:17:38:08 +0300] "GET /images/dot-net-icon.svg HTTP/1.1" 206 500 "https://www.madtomlab.com/hire-developers.html" "Mozilla/5.0 (Linux; Android 5.0) AppleWebKit/537.36 (KHTML, like Gecko) Mobile Safari/537.36 (compatible; Bytespider; https://zhanzhang.toutiao.com/)"
111.225.149.151 - - [16/Apr/2026:17:38:08 +0300] "GET /images/java-icon.svg HTTP/1.1" 206 500 "https://www.madtomlab.com/hire-developers.html" "Mozilla/5.0 (Linux; Android 5.0) AppleWebKit/537.36 (KHTML, like Gecko) Mobile Safari/537.36 (compatible; Bytespider; https://zhanzhang.toutiao.com/)"
167.99.181.249 - - [16/Apr/2026:17:38:08 +0300] "GET /telescope/requests HTTP/1.1" 404 196 "-" "Mozilla/5.0 (l9scan/2.0.8343e2434323e2231323e2337313; +https://leakix.net)"
111.225.149.235 - - [16/Apr/2026:17:38:08 +0300] "GET /images/go-lang-icon.svg HTTP/1.1" 206 500 "https://www.madtomlab.com/hire-developers.html" "Mozilla/5.0 (Linux; Android 5.0) AppleWebKit/537.36 (KHTML, like Gecko) Mobile Safari/537.36 (compatible; Bytespider; https://zhanzhang.toutiao.com/)"
111.225.149.22 - - [16/Apr/2026:17:38:08 +0300] "GET /images/php-icon.svg HTTP/1.1" 206 500 "https://www.madtomlab.com/hire-developers.html" "Mozilla/5.0 (Linux; Android 5.0) AppleWebKit/537.36 (KHTML, like Gecko) Mobile Safari/537.36 (compatible; Bytespider; https://zhanzhang.toutiao.com/)"
111.225.149.151 - - [16/Apr/2026:17:38:08 +0300] "GET /images/laravel-icon.png HTTP/1.1" 206 500 "https://www.madtomlab.com/hire-developers.html" "Mozilla/5.0 (Linux; Android 5.0) AppleWebKit/537.36 (KHTML, like Gecko) Mobile Safari/537.36 (compatible; Bytespider; https://zhanzhang.toutiao.com/)"
64.23.218.208 - - [16/Apr/2026:17:38:08 +0300] "GET /info.php HTTP/1.1" 404 196 "-" "Mozilla/5.0 (l9scan/2.0.8343e2434323e2231323e2337313; +https://leakix.net)"
111.225.149.204 - - [16/Apr/2026:17:38:09 +0300] "GET /images/react-icon.png HTTP/1.1" 206 500 "https://www.madtomlab.com/hire-developers.html" "Mozilla/5.0 (Linux; Android 5.0) AppleWebKit/537.36 (KHTML, like Gecko) Mobile Safari/537.36 (compatible; Bytespider; https://zhanzhang.toutiao.com/)"
111.225.149.130 - - [16/Apr/2026:17:38:09 +0300] "GET /images/js-icon.png HTTP/1.1" 206 500 "https://www.madtomlab.com/hire-developers.html" "Mozilla/5.0 (Linux; Android 5.0) AppleWebKit/537.36 (KHTML, like Gecko) Mobile Safari/537.36 (compatible; Bytespider; https://zhanzhang.toutiao.com/)"
111.225.149.235 - - [16/Apr/2026:17:38:09 +0300] "GET /images/firebase-icon.png HTTP/1.1" 206 500 "https://www.madtomlab.com/hire-developers.html" "Mozilla/5.0 (Linux; Android 5.0) AppleWebKit/537.36 (KHTML, like Gecko) Mobile Safari/537.36 (compatible; Bytespider; https://zhanzhang.toutiao.com/)"
147.182.149.75 - - [16/Apr/2026:17:38:09 +0300] "GET /.well-known/security.txt HTTP/1.1" 404 196 "-" "Mozilla/5.0 (l9scan/2.0.8343e2434323e2231323e2337313; +https://leakix.net)"
143.110.213.72 - - [16/Apr/2026:17:38:09 +0300] "GET /telescope/requests HTTP/1.1" 404 196 "-" "Mozilla/5.0 (l9scan/2.0.8343e2434323e2231323e2337313; +https://leakix.net)"
167.99.181.249 - - [16/Apr/2026:17:38:09 +0300] "GET /info.php HTTP/1.1" 404 196 "-" "Mozilla/5.0 (l9scan/2.0.8343e2434323e2231323e2337313; +https://leakix.net)"
111.225.149.151 - - [16/Apr/2026:17:38:09 +0300] "GET /images/vuejs-icon.png HTTP/1.1" 206 500 "https://www.madtomlab.com/hire-developers.html" "Mozilla/5.0 (Linux; Android 5.0) AppleWebKit/537.36 (KHTML, like Gecko) Mobile Safari/537.36 (compatible; Bytespider; https://zhanzhang.toutiao.com/)"
111.225.149.204 - - [16/Apr/2026:17:38:09 +0300] "GET /images/html-icon.png HTTP/1.1" 206 500 "https://www.madtomlab.com/hire-developers.html" "Mozilla/5.0 (Linux; Android 5.0) AppleWebKit/537.36 (KHTML, like Gecko) Mobile Safari/537.36 (compatible; Bytespider; https://zhanzhang.toutiao.com/)"
111.225.149.130 - - [16/Apr/2026:17:38:09 +0300] "GET /images/css-icon.png HTTP/1.1" 206 500 "https://www.madtomlab.com/hire-developers.html" "Mozilla/5.0 (Linux; Android 5.0) AppleWebKit/537.36 (KHTML, like Gecko) Mobile Safari/537.36 (compatible; Bytespider; https://zhanzhang.toutiao.com/)"
111.225.149.22 - - [16/Apr/2026:17:38:09 +0300] "GET /images/angular-icon.png HTTP/1.1" 206 500 "https://www.madtomlab.com/hire-developers.html" "Mozilla/5.0 (Linux; Android 5.0) AppleWebKit/537.36 (KHTML, like Gecko) Mobile Safari/537.36 (compatible; Bytespider; https://zhanzhang.toutiao.com/)"
111.225.149.235 - - [16/Apr/2026:17:38:09 +0300] "GET /images/saas-tech-icon.png HTTP/1.1" 206 500 "https://www.madtomlab.com/hire-developers.html" "Mozilla/5.0 (Linux; Android 5.0) AppleWebKit/537.36 (KHTML, like Gecko) Mobile Safari/537.36 (compatible; Bytespider; https://zhanzhang.toutiao.com/)"
143.110.213.72 - - [16/Apr/2026:17:38:09 +0300] "GET /info.php HTTP/1.1" 404 196 "-" "Mozilla/5.0 (l9scan/2.0.8343e2434323e2231323e2337313; +https://leakix.net)"
111.225.149.204 - - [16/Apr/2026:17:38:09 +0300] "GET /images/javascript-icon.png HTTP/1.1" 206 500 "https://www.madtomlab.com/hire-developers.html" "Mozilla/5.0 (Linux; Android 5.0) AppleWebKit/537.36 (KHTML, like Gecko) Mobile Safari/537.36 (compatible; Bytespider; https://zhanzhang.toutiao.com/)"
111.225.149.151 - - [16/Apr/2026:17:38:09 +0300] "GET /images/bootstrap-icon.png HTTP/1.1" 206 500 "https://www.madtomlab.com/hire-developers.html" "Mozilla/5.0 (Linux; Android 5.0) AppleWebKit/537.36 (KHTML, like Gecko) Mobile Safari/537.36 (compatible; Bytespider; https://zhanzhang.toutiao.com/)"
111.225.149.130 - - [16/Apr/2026:17:38:09 +0300] "GET /images/tailwind-css-icon.png HTTP/1.1" 206 500 "https://www.madtomlab.com/hire-developers.html" "Mozilla/5.0 (Linux; Android 5.0) AppleWebKit/537.36 (KHTML, like Gecko) Mobile Safari/537.36 (compatible; Bytespider; https://zhanzhang.toutiao.com/)"
111.225.149.235 - - [16/Apr/2026:17:38:09 +0300] "GET /images/mysql-tech-icon2.png HTTP/1.1" 206 500 "https://www.madtomlab.com/hire-developers.html" "Mozilla/5.0 (Linux; Android 5.0) AppleWebKit/537.36 (KHTML, like Gecko) Mobile Safari/537.36 (compatible; Bytespider; https://zhanzhang.toutiao.com/)"
111.225.149.22 - - [16/Apr/2026:17:38:09 +0300] "GET /images/typescript-icon.png HTTP/1.1" 206 500 "https://www.madtomlab.com/hire-developers.html" "Mozilla/5.0 (Linux; Android 5.0) AppleWebKit/537.36 (KHTML, like Gecko) Mobile Safari/537.36 (compatible; Bytespider; https://zhanzhang.toutiao.com/)"
64.23.218.208 - - [16/Apr/2026:17:38:09 +0300] "GET /.well-known/security.txt HTTP/1.1" 404 196 "-" "Mozilla/5.0 (l9scan/2.0.8343e2434323e2231323e2337313; +https://leakix.net)"
111.225.149.204 - - [16/Apr/2026:17:38:09 +0300] "GET /images/mongodb-tech-icon.svg HTTP/1.1" 206 500 "https://www.madtomlab.com/hire-developers.html" "Mozilla/5.0 (Linux; Android 5.0) AppleWebKit/537.36 (KHTML, like Gecko) Mobile Safari/537.36 (compatible; Bytespider; https://zhanzhang.toutiao.com/)"
111.225.149.151 - - [16/Apr/2026:17:38:09 +0300] "GET /images/postgre-sql-tech-icon.svg HTTP/1.1" 206 500 "https://www.madtomlab.com/hire-developers.html" "Mozilla/5.0 (Linux; Android 5.0) AppleWebKit/537.36 (KHTML, like Gecko) Mobile Safari/537.36 (compatible; Bytespider; https://zhanzhang.toutiao.com/)"
111.225.149.130 - - [16/Apr/2026:17:38:09 +0300] "GET /images/SQL-Lite-logo2.png HTTP/1.1" 206 500 "https://www.madtomlab.com/hire-developers.html" "Mozilla/5.0 (Linux; Android 5.0) AppleWebKit/537.36 (KHTML, like Gecko) Mobile Safari/537.36 (compatible; Bytespider; https://zhanzhang.toutiao.com/)"
104.164.126.33 - - [16/Apr/2026:17:38:10 +0300] "GET / HTTP/1.1" 200 22448 "-" "Mozilla/5.0 (Macintosh; Intel Mac OS X 10_15_7) AppleWebKit/537.36 (KHTML, like Gecko) Chrome/116.0.0.0 Safari/537.36"
111.225.149.235 - - [16/Apr/2026:17:38:10 +0300] "GET /images/redis2.png HTTP/1.1" 206 500 "https://www.madtomlab.com/hire-developers.html" "Mozilla/5.0 (Linux; Android 5.0) AppleWebKit/537.36 (KHTML, like Gecko) Mobile Safari/537.36 (compatible; Bytespider; https://zhanzhang.toutiao.com/)"
111.225.149.22 - - [16/Apr/2026:17:38:10 +0300] "GET /images/cassandra-tech-icon.svg HTTP/1.1" 206 500 "https://www.madtomlab.com/hire-developers.html" "Mozilla/5.0 (Linux; Android 5.0) AppleWebKit/537.36 (KHTML, like Gecko) Mobile Safari/537.36 (compatible; Bytespider; https://zhanzhang.toutiao.com/)"
147.182.149.75 - - [16/Apr/2026:17:38:10 +0300] "GET /actuator/env HTTP/1.1" 404 196 "-" "Mozilla/5.0 (l9scan/2.0.8343e2434323e2231323e2337313; +https://leakix.net)"
167.99.181.249 - - [16/Apr/2026:17:38:10 +0300] "GET /.well-known/security.txt HTTP/1.1" 404 196 "-" "Mozilla/5.0 (l9scan/2.0.8343e2434323e2231323e2337313; +https://leakix.net)"
111.225.149.151 - - [16/Apr/2026:17:38:10 +0300] "GET /images/maria-db-icon.png HTTP/1.1" 206 500 "https://www.madtomlab.com/hire-developers.html" "Mozilla/5.0 (Linux; Android 5.0) AppleWebKit/537.36 (KHTML, like Gecko) Mobile Safari/537.36 (compatible; Bytespider; https://zhanzhang.toutiao.com/)"
111.225.149.130 - - [16/Apr/2026:17:38:10 +0300] "GET /images/ms-sql-server-tech-icon.svg HTTP/1.1" 206 500 "https://www.madtomlab.com/hire-developers.html" "Mozilla/5.0 (Linux; Android 5.0) AppleWebKit/537.36 (KHTML, like Gecko) Mobile Safari/537.36 (compatible; Bytespider; https://zhanzhang.toutiao.com/)"
111.225.149.235 - - [16/Apr/2026:17:38:10 +0300] "GET /images/oracle-tech-icon.svg HTTP/1.1" 206 500 "https://www.madtomlab.com/hire-developers.html" "Mozilla/5.0 (Linux; Android 5.0) AppleWebKit/537.36 (KHTML, like Gecko) Mobile Safari/537.36 (compatible; Bytespider; https://zhanzhang.toutiao.com/)"
111.225.149.22 - - [16/Apr/2026:17:38:10 +0300] "GET /images/google-cloud-platform-icon.png HTTP/1.1" 206 500 "https://www.madtomlab.com/hire-developers.html" "Mozilla/5.0 (Linux; Android 5.0) AppleWebKit/537.36 (KHTML, like Gecko) Mobile Safari/537.36 (compatible; Bytespider; https://zhanzhang.toutiao.com/)"
143.110.213.72 - - [16/Apr/2026:17:38:10 +0300] "GET /.well-known/security.txt HTTP/1.1" 404 196 "-" "Mozilla/5.0 (l9scan/2.0.8343e2434323e2231323e2337313; +https://leakix.net)"
111.225.149.151 - - [16/Apr/2026:17:38:10 +0300] "GET /images/digital-ocean-icon.png HTTP/1.1" 206 500 "https://www.madtomlab.com/hire-developers.html" "Mozilla/5.0 (Linux; Android 5.0) AppleWebKit/537.36 (KHTML, like Gecko) Mobile Safari/537.36 (compatible; Bytespider; https://zhanzhang.toutiao.com/)"
111.225.149.130 - - [16/Apr/2026:17:38:10 +0300] "GET /images/aws-icon.png HTTP/1.1" 206 500 "https://www.madtomlab.com/hire-developers.html" "Mozilla/5.0 (Linux; Android 5.0) AppleWebKit/537.36 (KHTML, like Gecko) Mobile Safari/537.36 (compatible; Bytespider; https://zhanzhang.toutiao.com/)"
111.225.149.27 - - [16/Apr/2026:17:38:10 +0300] "GET /images/microsoft-azure-icon.png HTTP/1.1" 206 500 "https://www.madtomlab.com/hire-developers.html" "Mozilla/5.0 (Linux; Android 5.0) AppleWebKit/537.36 (KHTML, like Gecko) Mobile Safari/537.36 (compatible; Bytespider; https://zhanzhang.toutiao.com/)"
111.225.149.235 - - [16/Apr/2026:17:38:10 +0300] "GET /images/ibm-cloud-icon.png HTTP/1.1" 206 500 "https://www.madtomlab.com/hire-developers.html" "Mozilla/5.0 (Linux; Android 5.0) AppleWebKit/537.36 (KHTML, like Gecko) Mobile Safari/537.36 (compatible; Bytespider; https://zhanzhang.toutiao.com/)"
111.225.149.204 - - [16/Apr/2026:17:38:10 +0300] "GET /images/heroku-icon.png HTTP/1.1" 206 500 "https://www.madtomlab.com/hire-developers.html" "Mozilla/5.0 (Linux; Android 5.0) AppleWebKit/537.36 (KHTML, like Gecko) Mobile Safari/537.36 (compatible; Bytespider; https://zhanzhang.toutiao.com/)"
111.225.149.22 - - [16/Apr/2026:17:38:10 +0300] "GET /images/initial-consultation.png HTTP/1.1" 206 500 "https://www.madtomlab.com/hire-developers.html" "Mozilla/5.0 (Linux; Android 5.0) AppleWebKit/537.36 (KHTML, like Gecko) Mobile Safari/537.36 (compatible; Bytespider; https://zhanzhang.toutiao.com/)"
111.225.149.151 - - [16/Apr/2026:17:38:10 +0300] "GET /images/quick-smooth-onboarding.png HTTP/1.1" 206 500 "https://www.madtomlab.com/hire-developers.html" "Mozilla/5.0 (Linux; Android 5.0) AppleWebKit/537.36 (KHTML, like Gecko) Mobile Safari/537.36 (compatible; Bytespider; https://zhanzhang.toutiao.com/)"
111.225.149.130 - - [16/Apr/2026:17:38:10 +0300] "GET /images/alibaba-cloud.png HTTP/1.1" 206 500 "https://www.madtomlab.com/hire-developers.html" "Mozilla/5.0 (Linux; Android 5.0) AppleWebKit/537.36 (KHTML, like Gecko) Mobile Safari/537.36 (compatible; Bytespider; https://zhanzhang.toutiao.com/)"
111.225.149.27 - - [16/Apr/2026:17:38:10 +0300] "GET /images/developer-selection.png HTTP/1.1" 206 500 "https://www.madtomlab.com/hire-developers.html" "Mozilla/5.0 (Linux; Android 5.0) AppleWebKit/537.36 (KHTML, like Gecko) Mobile Safari/537.36 (compatible; Bytespider; https://zhanzhang.toutiao.com/)"
111.225.149.235 - - [16/Apr/2026:17:38:10 +0300] "GET /images/india-icon.png HTTP/1.1" 206 500 "https://www.madtomlab.com/hire-developers.html" "Mozilla/5.0 (Linux; Android 5.0) AppleWebKit/537.36 (KHTML, like Gecko) Mobile Safari/537.36 (compatible; Bytespider; https://zhanzhang.toutiao.com/)"
64.23.218.208 - - [16/Apr/2026:17:38:10 +0300] "GET /actuator/env HTTP/1.1" 404 196 "-" "Mozilla/5.0 (l9scan/2.0.8343e2434323e2231323e2337313; +https://leakix.net)"
111.225.149.22 - - [16/Apr/2026:17:38:11 +0300] "GET /images/arrow-large.png HTTP/1.1" 206 500 "https://www.madtomlab.com/hire-developers.html" "Mozilla/5.0 (Linux; Android 5.0) AppleWebKit/537.36 (KHTML, like Gecko) Mobile Safari/537.36 (compatible; Bytespider; https://zhanzhang.toutiao.com/)"
111.225.149.151 - - [16/Apr/2026:17:38:11 +0300] "GET /images/us.svg HTTP/1.1" 206 500 "https://www.madtomlab.com/hire-developers.html" "Mozilla/5.0 (Linux; Android 5.0) AppleWebKit/537.36 (KHTML, like Gecko) Mobile Safari/537.36 (compatible; Bytespider; https://zhanzhang.toutiao.com/)"
167.99.181.249 - - [16/Apr/2026:17:38:11 +0300] "GET /actuator/env HTTP/1.1" 404 196 "-" "Mozilla/5.0 (l9scan/2.0.8343e2434323e2231323e2337313; +https://leakix.net)"
111.225.149.27 - - [16/Apr/2026:17:38:11 +0300] "GET /images/canada.png HTTP/1.1" 206 500 "https://www.madtomlab.com/hire-developers.html" "Mozilla/5.0 (Linux; Android 5.0) AppleWebKit/537.36 (KHTML, like Gecko) Mobile Safari/537.36 (compatible; Bytespider; https://zhanzhang.toutiao.com/)"
111.225.149.130 - - [16/Apr/2026:17:38:11 +0300] "GET /images/callicon2.png HTTP/1.1" 206 448 "https://www.madtomlab.com/hire-developers.html" "Mozilla/5.0 (Linux; Android 5.0) AppleWebKit/537.36 (KHTML, like Gecko) Mobile Safari/537.36 (compatible; Bytespider; https://zhanzhang.toutiao.com/)"
111.225.149.235 - - [16/Apr/2026:17:38:11 +0300] "GET /images/new-zealand.png HTTP/1.1" 206 500 "https://www.madtomlab.com/hire-developers.html" "Mozilla/5.0 (Linux; Android 5.0) AppleWebKit/537.36 (KHTML, like Gecko) Mobile Safari/537.36 (compatible; Bytespider; https://zhanzhang.toutiao.com/)"
111.225.149.22 - - [16/Apr/2026:17:38:11 +0300] "GET /images/dmca.png HTTP/1.1" 206 500 "https://www.madtomlab.com/hire-developers.html" "Mozilla/5.0 (Linux; Android 5.0) AppleWebKit/537.36 (KHTML, like Gecko) Mobile Safari/537.36 (compatible; Bytespider; https://zhanzhang.toutiao.com/)"
111.225.149.151 - - [16/Apr/2026:17:38:11 +0300] "GET /images/me-icon.png HTTP/1.1" 206 500 "https://www.madtomlab.com/hire-developers.html" "Mozilla/5.0 (Linux; Android 5.0) AppleWebKit/537.36 (KHTML, like Gecko) Mobile Safari/537.36 (compatible; Bytespider; https://zhanzhang.toutiao.com/)"
111.225.149.130 - - [16/Apr/2026:17:38:11 +0300] "GET /images/instagram-icon.png HTTP/1.1" 206 500 "https://www.madtomlab.com/hire-developers.html" "Mozilla/5.0 (Linux; Android 5.0) AppleWebKit/537.36 (KHTML, like Gecko) Mobile Safari/537.36 (compatible; Bytespider; https://zhanzhang.toutiao.com/)"
111.225.149.235 - - [16/Apr/2026:17:38:11 +0300] "GET /images/dribbble-logo.png HTTP/1.1" 206 500 "https://www.madtomlab.com/hire-developers.html" "Mozilla/5.0 (Linux; Android 5.0) AppleWebKit/537.36 (KHTML, like Gecko) Mobile Safari/537.36 (compatible; Bytespider; https://zhanzhang.toutiao.com/)"
111.225.149.27 - - [16/Apr/2026:17:38:11 +0300] "GET /images/linkedin-icon.png HTTP/1.1" 206 500 "https://www.madtomlab.com/hire-developers.html" "Mozilla/5.0 (Linux; Android 5.0) AppleWebKit/537.36 (KHTML, like Gecko) Mobile Safari/537.36 (compatible; Bytespider; https://zhanzhang.toutiao.com/)"
143.110.213.72 - - [16/Apr/2026:17:38:11 +0300] "GET /actuator/env HTTP/1.1" 404 196 "-" "Mozilla/5.0 (l9scan/2.0.8343e2434323e2231323e2337313; +https://leakix.net)"
111.225.149.22 - - [16/Apr/2026:17:38:11 +0300] "GET /images/google-icon.png HTTP/1.1" 206 500 "https://www.madtomlab.com/hire-developers.html" "Mozilla/5.0 (Linux; Android 5.0) AppleWebKit/537.36 (KHTML, like Gecko) Mobile Safari/537.36 (compatible; Bytespider; https://zhanzhang.toutiao.com/)"
111.225.149.151 - - [16/Apr/2026:17:38:11 +0300] "GET /images/twitter-icon.png HTTP/1.1" 206 500 "https://www.madtomlab.com/hire-developers.html" "Mozilla/5.0 (Linux; Android 5.0) AppleWebKit/537.36 (KHTML, like Gecko) Mobile Safari/537.36 (compatible; Bytespider; https://zhanzhang.toutiao.com/)"
111.225.149.130 - - [16/Apr/2026:17:38:11 +0300] "GET /images/tick3.png HTTP/1.1" 206 500 "https://www.madtomlab.com/css/custom.css" "Mozilla/5.0 (Linux; Android 5.0) AppleWebKit/537.36 (KHTML, like Gecko) Mobile Safari/537.36 (compatible; Bytespider; https://zhanzhang.toutiao.com/)"
111.225.149.235 - - [16/Apr/2026:17:38:11 +0300] "GET /images/mtl.jpg HTTP/1.1" 304 - "https://www.madtomlab.com/hire-developers.html" "Mozilla/5.0 (Linux; Android 5.0) AppleWebKit/537.36 (KHTML, like Gecko) Mobile Safari/537.36 (compatible; Bytespider; https://zhanzhang.toutiao.com/)"
111.225.149.27 - - [16/Apr/2026:17:38:11 +0300] "GET /images/nodejs-icon.svg HTTP/1.1" 304 - "https://www.madtomlab.com/hire-developers.html" "Mozilla/5.0 (Linux; Android 5.0) AppleWebKit/537.36 (KHTML, like Gecko) Mobile Safari/537.36 (compatible; Bytespider; https://zhanzhang.toutiao.com/)"
111.225.149.204 - - [16/Apr/2026:17:38:12 +0300] "GET /images/dot-net-icon.svg HTTP/1.1" 304 - "https://www.madtomlab.com/hire-developers.html" "Mozilla/5.0 (Linux; Android 5.0) AppleWebKit/537.36 (KHTML, like Gecko) Mobile Safari/537.36 (compatible; Bytespider; https://zhanzhang.toutiao.com/)"
111.225.149.130 - - [16/Apr/2026:17:38:12 +0300] "GET /images/java-icon.svg HTTP/1.1" 304 - "https://www.madtomlab.com/hire-developers.html" "Mozilla/5.0 (Linux; Android 5.0) AppleWebKit/537.36 (KHTML, like Gecko) Mobile Safari/537.36 (compatible; Bytespider; https://zhanzhang.toutiao.com/)"
147.182.149.75 - - [16/Apr/2026:17:38:12 +0300] "GET /swagger-ui.html HTTP/1.1" 404 196 "-" "Mozilla/5.0 (l9scan/2.0.8343e2434323e2231323e2337313; +https://leakix.net)"
111.225.149.27 - - [16/Apr/2026:17:38:12 +0300] "GET /images/nodejs-icon.svg HTTP/1.1" 200 2352 "https://www.madtomlab.com/hire-developers.html" "Mozilla/5.0 (Linux; Android 5.0) AppleWebKit/537.36 (KHTML, like Gecko) Mobile Safari/537.36 (compatible; Bytespider; https://zhanzhang.toutiao.com/)"
111.225.149.204 - - [16/Apr/2026:17:38:12 +0300] "GET /images/dot-net-icon.svg HTTP/1.1" 200 7001 "https://www.madtomlab.com/hire-developers.html" "Mozilla/5.0 (Linux; Android 5.0) AppleWebKit/537.36 (KHTML, like Gecko) Mobile Safari/537.36 (compatible; Bytespider; https://zhanzhang.toutiao.com/)"
111.225.149.27 - - [16/Apr/2026:17:38:12 +0300] "GET /images/go-lang-icon.svg HTTP/1.1" 304 - "https://www.madtomlab.com/hire-developers.html" "Mozilla/5.0 (Linux; Android 5.0) AppleWebKit/537.36 (KHTML, like Gecko) Mobile Safari/537.36 (compatible; Bytespider; https://zhanzhang.toutiao.com/)"
111.225.149.22 - - [16/Apr/2026:17:38:12 +0300] "GET /images/php-icon.svg HTTP/1.1" 304 - "https://www.madtomlab.com/hire-developers.html" "Mozilla/5.0 (Linux; Android 5.0) AppleWebKit/537.36 (KHTML, like Gecko) Mobile Safari/537.36 (compatible; Bytespider; https://zhanzhang.toutiao.com/)"
111.225.149.235 - - [16/Apr/2026:17:38:12 +0300] "GET /images/mtl.jpg HTTP/1.1" 206 110735 "https://www.madtomlab.com/hire-developers.html" "Mozilla/5.0 (Linux; Android 5.0) AppleWebKit/537.36 (KHTML, like Gecko) Mobile Safari/537.36 (compatible; Bytespider; https://zhanzhang.toutiao.com/)"
64.23.218.208 - - [16/Apr/2026:17:38:12 +0300] "GET /swagger-ui.html HTTP/1.1" 404 196 "-" "Mozilla/5.0 (l9scan/2.0.8343e2434323e2231323e2337313; +https://leakix.net)"
147.182.149.75 - - [16/Apr/2026:17:38:13 +0300] "GET /swagger/index.html HTTP/1.1" 404 196 "-" "Mozilla/5.0 (l9scan/2.0.8343e2434323e2231323e2337313; +https://leakix.net)"
167.99.181.249 - - [16/Apr/2026:17:38:13 +0300] "GET /swagger-ui.html HTTP/1.1" 404 196 "-" "Mozilla/5.0 (l9scan/2.0.8343e2434323e2231323e2337313; +https://leakix.net)"
111.225.149.204 - - [16/Apr/2026:17:38:13 +0300] "GET /images/cassandra-tech-icon.svg HTTP/1.1" 304 - "https://www.madtomlab.com/hire-developers.html" "Mozilla/5.0 (Linux; Android 5.0) AppleWebKit/537.36 (KHTML, like Gecko) Mobile Safari/537.36 (compatible; Bytespider; https://zhanzhang.toutiao.com/)"
111.225.149.193 - - [16/Apr/2026:17:38:13 +0300] "GET /images/postgre-sql-tech-icon.svg HTTP/1.1" 304 - "https://www.madtomlab.com/hire-developers.html" "Mozilla/5.0 (Linux; Android 5.0) AppleWebKit/537.36 (KHTML, like Gecko) Mobile Safari/537.36 (compatible; Bytespider; https://zhanzhang.toutiao.com/)"
143.110.213.72 - - [16/Apr/2026:17:38:13 +0300] "GET /swagger-ui.html HTTP/1.1" 404 196 "-" "Mozilla/5.0 (l9scan/2.0.8343e2434323e2231323e2337313; +https://leakix.net)"
111.225.149.204 - - [16/Apr/2026:17:38:13 +0300] "GET /images/ms-sql-server-tech-icon.svg HTTP/1.1" 304 - "https://www.madtomlab.com/hire-developers.html" "Mozilla/5.0 (Linux; Android 5.0) AppleWebKit/537.36 (KHTML, like Gecko) Mobile Safari/537.36 (compatible; Bytespider; https://zhanzhang.toutiao.com/)"
111.225.149.193 - - [16/Apr/2026:17:38:13 +0300] "GET /images/cassandra-tech-icon.svg HTTP/1.1" 200 7048 "https://www.madtomlab.com/hire-developers.html" "Mozilla/5.0 (Linux; Android 5.0) AppleWebKit/537.36 (KHTML, like Gecko) Mobile Safari/537.36 (compatible; Bytespider; https://zhanzhang.toutiao.com/)"
64.23.218.208 - - [16/Apr/2026:17:38:13 +0300] "GET /swagger/index.html HTTP/1.1" 404 196 "-" "Mozilla/5.0 (l9scan/2.0.8343e2434323e2231323e2337313; +https://leakix.net)"
111.225.149.204 - - [16/Apr/2026:17:38:14 +0300] "GET /images/postgre-sql-tech-icon.svg HTTP/1.1" 200 2092 "https://www.madtomlab.com/hire-developers.html" "Mozilla/5.0 (Linux; Android 5.0) AppleWebKit/537.36 (KHTML, like Gecko) Mobile Safari/537.36 (compatible; Bytespider; https://zhanzhang.toutiao.com/)"
111.225.149.193 - - [16/Apr/2026:17:38:14 +0300] "GET /images/ms-sql-server-tech-icon.svg HTTP/1.1" 200 7072 "https://www.madtomlab.com/hire-developers.html" "Mozilla/5.0 (Linux; Android 5.0) AppleWebKit/537.36 (KHTML, like Gecko) Mobile Safari/537.36 (compatible; Bytespider; https://zhanzhang.toutiao.com/)"
147.182.149.75 - - [16/Apr/2026:17:38:14 +0300] "GET /swagger/swagger-ui.html HTTP/1.1" 404 196 "-" "Mozilla/5.0 (l9scan/2.0.8343e2434323e2231323e2337313; +https://leakix.net)"
167.99.181.249 - - [16/Apr/2026:17:38:14 +0300] "GET /swagger/index.html HTTP/1.1" 404 196 "-" "Mozilla/5.0 (l9scan/2.0.8343e2434323e2231323e2337313; +https://leakix.net)"
111.225.149.27 - - [16/Apr/2026:17:38:14 +0300] "GET /images/oracle-tech-icon.svg HTTP/1.1" 304 - "https://www.madtomlab.com/hire-developers.html" "Mozilla/5.0 (Linux; Android 5.0) AppleWebKit/537.36 (KHTML, like Gecko) Mobile Safari/537.36 (compatible; Bytespider; https://zhanzhang.toutiao.com/)"
111.225.149.22 - - [16/Apr/2026:17:38:14 +0300] "GET /images/go-lang-icon.svg HTTP/1.1" 200 887 "https://www.madtomlab.com/hire-developers.html" "Mozilla/5.0 (Linux; Android 5.0) AppleWebKit/537.36 (KHTML, like Gecko) Mobile Safari/537.36 (compatible; Bytespider; https://zhanzhang.toutiao.com/)"
143.110.213.72 - - [16/Apr/2026:17:38:14 +0300] "GET /swagger/index.html HTTP/1.1" 404 196 "-" "Mozilla/5.0 (l9scan/2.0.8343e2434323e2231323e2337313; +https://leakix.net)"
111.225.149.27 - - [16/Apr/2026:17:38:14 +0300] "GET /images/php-icon.svg HTTP/1.1" 200 519 "https://www.madtomlab.com/hire-developers.html" "Mozilla/5.0 (Linux; Android 5.0) AppleWebKit/537.36 (KHTML, like Gecko) Mobile Safari/537.36 (compatible; Bytespider; https://zhanzhang.toutiao.com/)"
111.225.149.193 - - [16/Apr/2026:17:38:14 +0300] "GET /images/oracle-tech-icon.svg HTTP/1.1" 200 2601 "https://www.madtomlab.com/hire-developers.html" "Mozilla/5.0 (Linux; Android 5.0) AppleWebKit/537.36 (KHTML, like Gecko) Mobile Safari/537.36 (compatible; Bytespider; https://zhanzhang.toutiao.com/)"
111.225.149.22 - - [16/Apr/2026:17:38:14 +0300] "GET /images/mongodb-tech-icon.svg HTTP/1.1" 304 - "https://www.madtomlab.com/hire-developers.html" "Mozilla/5.0 (Linux; Android 5.0) AppleWebKit/537.36 (KHTML, like Gecko) Mobile Safari/537.36 (compatible; Bytespider; https://zhanzhang.toutiao.com/)"
64.23.218.208 - - [16/Apr/2026:17:38:14 +0300] "GET /swagger/swagger-ui.html HTTP/1.1" 404 196 "-" "Mozilla/5.0 (l9scan/2.0.8343e2434323e2231323e2337313; +https://leakix.net)"
111.225.149.27 - - [16/Apr/2026:17:38:14 +0300] "GET /images/us.svg HTTP/1.1" 304 - "https://www.madtomlab.com/hire-developers.html" "Mozilla/5.0 (Linux; Android 5.0) AppleWebKit/537.36 (KHTML, like Gecko) Mobile Safari/537.36 (compatible; Bytespider; https://zhanzhang.toutiao.com/)"
147.182.149.75 - - [16/Apr/2026:17:38:15 +0300] "GET /webjars/swagger-ui/index.html HTTP/1.1" 404 196 "-" "Mozilla/5.0 (l9scan/2.0.8343e2434323e2231323e2337313; +https://leakix.net)"
167.99.181.249 - - [16/Apr/2026:17:38:15 +0300] "GET /swagger/swagger-ui.html HTTP/1.1" 404 196 "-" "Mozilla/5.0 (l9scan/2.0.8343e2434323e2231323e2337313; +https://leakix.net)"
111.225.149.27 - - [16/Apr/2026:17:38:15 +0300] "GET /images/us.svg HTTP/1.1" 200 9615 "https://www.madtomlab.com/hire-developers.html" "Mozilla/5.0 (Linux; Android 5.0) AppleWebKit/537.36 (KHTML, like Gecko) Mobile Safari/537.36 (compatible; Bytespider; https://zhanzhang.toutiao.com/)"
143.110.213.72 - - [16/Apr/2026:17:38:15 +0300] "GET /swagger/swagger-ui.html HTTP/1.1" 404 196 "-" "Mozilla/5.0 (l9scan/2.0.8343e2434323e2231323e2337313; +https://leakix.net)"
111.225.149.22 - - [16/Apr/2026:17:38:15 +0300] "GET /images/mongodb-tech-icon.svg HTTP/1.1" 200 7920 "https://www.madtomlab.com/hire-developers.html" "Mozilla/5.0 (Linux; Android 5.0) AppleWebKit/537.36 (KHTML, like Gecko) Mobile Safari/537.36 (compatible; Bytespider; https://zhanzhang.toutiao.com/)"
64.23.218.208 - - [16/Apr/2026:17:38:15 +0300] "GET /webjars/swagger-ui/index.html HTTP/1.1" 404 196 "-" "Mozilla/5.0 (l9scan/2.0.8343e2434323e2231323e2337313; +https://leakix.net)"
147.182.149.75 - - [16/Apr/2026:17:38:16 +0300] "GET /swagger.json HTTP/1.1" 404 196 "-" "Mozilla/5.0 (l9scan/2.0.8343e2434323e2231323e2337313; +https://leakix.net)"
167.99.181.249 - - [16/Apr/2026:17:38:16 +0300] "GET /webjars/swagger-ui/index.html HTTP/1.1" 404 196 "-" "Mozilla/5.0 (l9scan/2.0.8343e2434323e2231323e2337313; +https://leakix.net)"
143.110.213.72 - - [16/Apr/2026:17:38:16 +0300] "GET /webjars/swagger-ui/index.html HTTP/1.1" 404 196 "-" "Mozilla/5.0 (l9scan/2.0.8343e2434323e2231323e2337313; +https://leakix.net)"
64.23.218.208 - - [16/Apr/2026:17:38:16 +0300] "GET /swagger.json HTTP/1.1" 404 196 "-" "Mozilla/5.0 (l9scan/2.0.8343e2434323e2231323e2337313; +https://leakix.net)"
147.182.149.75 - - [16/Apr/2026:17:38:17 +0300] "GET /swagger/v1/swagger.json HTTP/1.1" 404 196 "-" "Mozilla/5.0 (l9scan/2.0.8343e2434323e2231323e2337313; +https://leakix.net)"
167.99.181.249 - - [16/Apr/2026:17:38:17 +0300] "GET /swagger.json HTTP/1.1" 404 196 "-" "Mozilla/5.0 (l9scan/2.0.8343e2434323e2231323e2337313; +https://leakix.net)"
143.110.213.72 - - [16/Apr/2026:17:38:17 +0300] "GET /swagger.json HTTP/1.1" 404 196 "-" "Mozilla/5.0 (l9scan/2.0.8343e2434323e2231323e2337313; +https://leakix.net)"
64.23.218.208 - - [16/Apr/2026:17:38:17 +0300] "GET /swagger/v1/swagger.json HTTP/1.1" 404 196 "-" "Mozilla/5.0 (l9scan/2.0.8343e2434323e2231323e2337313; +https://leakix.net)"
147.182.149.75 - - [16/Apr/2026:17:38:18 +0300] "GET /v2/api-docs HTTP/1.1" 404 196 "-" "Mozilla/5.0 (l9scan/2.0.8343e2434323e2231323e2337313; +https://leakix.net)"
167.99.181.249 - - [16/Apr/2026:17:38:18 +0300] "GET /swagger/v1/swagger.json HTTP/1.1" 404 196 "-" "Mozilla/5.0 (l9scan/2.0.8343e2434323e2231323e2337313; +https://leakix.net)"
143.110.213.72 - - [16/Apr/2026:17:38:18 +0300] "GET /swagger/v1/swagger.json HTTP/1.1" 404 196 "-" "Mozilla/5.0 (l9scan/2.0.8343e2434323e2231323e2337313; +https://leakix.net)"
64.23.218.208 - - [16/Apr/2026:17:38:18 +0300] "GET /v2/api-docs HTTP/1.1" 404 196 "-" "Mozilla/5.0 (l9scan/2.0.8343e2434323e2231323e2337313; +https://leakix.net)"
147.182.149.75 - - [16/Apr/2026:17:38:19 +0300] "GET /v3/api-docs HTTP/1.1" 404 196 "-" "Mozilla/5.0 (l9scan/2.0.8343e2434323e2231323e2337313; +https://leakix.net)"
167.99.181.249 - - [16/Apr/2026:17:38:19 +0300] "GET /v2/api-docs HTTP/1.1" 404 196 "-" "Mozilla/5.0 (l9scan/2.0.8343e2434323e2231323e2337313; +https://leakix.net)"
143.110.213.72 - - [16/Apr/2026:17:38:19 +0300] "GET /v2/api-docs HTTP/1.1" 404 196 "-" "Mozilla/5.0 (l9scan/2.0.8343e2434323e2231323e2337313; +https://leakix.net)"
64.23.218.208 - - [16/Apr/2026:17:38:19 +0300] "GET /v3/api-docs HTTP/1.1" 404 196 "-" "Mozilla/5.0 (l9scan/2.0.8343e2434323e2231323e2337313; +https://leakix.net)"
147.182.149.75 - - [16/Apr/2026:17:38:20 +0300] "GET /api-docs/swagger.json HTTP/1.1" 404 196 "-" "Mozilla/5.0 (l9scan/2.0.8343e2434323e2231323e2337313; +https://leakix.net)"
167.99.181.249 - - [16/Apr/2026:17:38:20 +0300] "GET /v3/api-docs HTTP/1.1" 404 196 "-" "Mozilla/5.0 (l9scan/2.0.8343e2434323e2231323e2337313; +https://leakix.net)"
143.110.213.72 - - [16/Apr/2026:17:38:20 +0300] "GET /v3/api-docs HTTP/1.1" 404 196 "-" "Mozilla/5.0 (l9scan/2.0.8343e2434323e2231323e2337313; +https://leakix.net)"
64.23.218.208 - - [16/Apr/2026:17:38:20 +0300] "GET /api-docs/swagger.json HTTP/1.1" 404 196 "-" "Mozilla/5.0 (l9scan/2.0.8343e2434323e2231323e2337313; +https://leakix.net)"
147.182.149.75 - - [16/Apr/2026:17:38:21 +0300] "GET /api/swagger.json HTTP/1.1" 404 196 "-" "Mozilla/5.0 (l9scan/2.0.8343e2434323e2231323e2337313; +https://leakix.net)"
167.99.181.249 - - [16/Apr/2026:17:38:21 +0300] "GET /api-docs/swagger.json HTTP/1.1" 404 196 "-" "Mozilla/5.0 (l9scan/2.0.8343e2434323e2231323e2337313; +https://leakix.net)"
143.110.213.72 - - [16/Apr/2026:17:38:21 +0300] "GET /api-docs/swagger.json HTTP/1.1" 404 196 "-" "Mozilla/5.0 (l9scan/2.0.8343e2434323e2231323e2337313; +https://leakix.net)"
64.23.218.208 - - [16/Apr/2026:17:38:22 +0300] "GET /api/swagger.json HTTP/1.1" 404 196 "-" "Mozilla/5.0 (l9scan/2.0.8343e2434323e2231323e2337313; +https://leakix.net)"
111.225.149.130 - - [16/Apr/2026:17:38:12 +0300] "GET /images/java-icon.svg HTTP/1.1" 200 105622 "https://www.madtomlab.com/hire-developers.html" "Mozilla/5.0 (Linux; Android 5.0) AppleWebKit/537.36 (KHTML, like Gecko) Mobile Safari/537.36 (compatible; Bytespider; https://zhanzhang.toutiao.com/)"
147.182.149.75 - - [16/Apr/2026:17:38:22 +0300] "GET /trace.axd HTTP/1.1" 404 196 "-" "Mozilla/5.0 (l9scan/2.0.8343e2434323e2231323e2337313; +https://leakix.net)"
167.99.181.249 - - [16/Apr/2026:17:38:22 +0300] "GET /api/swagger.json HTTP/1.1" 404 196 "-" "Mozilla/5.0 (l9scan/2.0.8343e2434323e2231323e2337313; +https://leakix.net)"
143.110.213.72 - - [16/Apr/2026:17:38:22 +0300] "GET /api/swagger.json HTTP/1.1" 404 196 "-" "Mozilla/5.0 (l9scan/2.0.8343e2434323e2231323e2337313; +https://leakix.net)"
64.23.218.208 - - [16/Apr/2026:17:38:22 +0300] "GET /trace.axd HTTP/1.1" 404 196 "-" "Mozilla/5.0 (l9scan/2.0.8343e2434323e2231323e2337313; +https://leakix.net)"
147.182.149.75 - - [16/Apr/2026:17:38:23 +0300] "GET /@vite/env HTTP/1.1" 404 196 "-" "Mozilla/5.0 (l9scan/2.0.8343e2434323e2231323e2337313; +https://leakix.net)"
167.99.181.249 - - [16/Apr/2026:17:38:23 +0300] "GET /trace.axd HTTP/1.1" 404 196 "-" "Mozilla/5.0 (l9scan/2.0.8343e2434323e2231323e2337313; +https://leakix.net)"
143.110.213.72 - - [16/Apr/2026:17:38:23 +0300] "GET /trace.axd HTTP/1.1" 404 196 "-" "Mozilla/5.0 (l9scan/2.0.8343e2434323e2231323e2337313; +https://leakix.net)"
64.23.218.208 - - [16/Apr/2026:17:38:23 +0300] "GET /@vite/env HTTP/1.1" 404 196 "-" "Mozilla/5.0 (l9scan/2.0.8343e2434323e2231323e2337313; +https://leakix.net)"
147.182.149.75 - - [16/Apr/2026:17:38:24 +0300] "GET /.vscode/sftp.json HTTP/1.1" 404 196 "-" "Mozilla/5.0 (l9scan/2.0.8343e2434323e2231323e2337313; +https://leakix.net)"
167.99.181.249 - - [16/Apr/2026:17:38:24 +0300] "GET /@vite/env HTTP/1.1" 404 196 "-" "Mozilla/5.0 (l9scan/2.0.8343e2434323e2231323e2337313; +https://leakix.net)"
143.110.213.72 - - [16/Apr/2026:17:38:24 +0300] "GET /@vite/env HTTP/1.1" 404 196 "-" "Mozilla/5.0 (l9scan/2.0.8343e2434323e2231323e2337313; +https://leakix.net)"
64.23.218.208 - - [16/Apr/2026:17:38:24 +0300] "GET /.vscode/sftp.json HTTP/1.1" 404 196 "-" "Mozilla/5.0 (l9scan/2.0.8343e2434323e2231323e2337313; +https://leakix.net)"
147.182.149.75 - - [16/Apr/2026:17:38:25 +0300] "OPTIONS / HTTP/1.1" 200 - "-" "Mozilla/5.0 (l9scan/2.0.8343e2434323e2231323e2337313; +https://leakix.net)"
167.99.181.249 - - [16/Apr/2026:17:38:25 +0300] "GET /.vscode/sftp.json HTTP/1.1" 404 196 "-" "Mozilla/5.0 (l9scan/2.0.8343e2434323e2231323e2337313; +https://leakix.net)"
143.110.213.72 - - [16/Apr/2026:17:38:25 +0300] "GET /.vscode/sftp.json HTTP/1.1" 404 196 "-" "Mozilla/5.0 (l9scan/2.0.8343e2434323e2231323e2337313; +https://leakix.net)"
64.23.218.208 - - [16/Apr/2026:17:38:25 +0300] "OPTIONS / HTTP/1.1" 200 - "-" "Mozilla/5.0 (l9scan/2.0.8343e2434323e2231323e2337313; +https://leakix.net)"
167.99.181.249 - - [16/Apr/2026:17:38:26 +0300] "OPTIONS / HTTP/1.1" 200 - "-" "Mozilla/5.0 (l9scan/2.0.8343e2434323e2231323e2337313; +https://leakix.net)"
147.182.149.75 - - [16/Apr/2026:17:38:26 +0300] "GET /?rest_route=/wp/v2/users/ HTTP/1.1" 200 22448 "-" "Mozilla/5.0 (l9scan/2.0.8343e2434323e2231323e2337313; +https://leakix.net)"
143.110.213.72 - - [16/Apr/2026:17:38:26 +0300] "OPTIONS / HTTP/1.1" 200 - "-" "Mozilla/5.0 (l9scan/2.0.8343e2434323e2231323e2337313; +https://leakix.net)"
64.23.218.208 - - [16/Apr/2026:17:38:26 +0300] "GET /?rest_route=/wp/v2/users/ HTTP/1.1" 200 22448 "-" "Mozilla/5.0 (l9scan/2.0.8343e2434323e2231323e2337313; +https://leakix.net)"
147.182.149.75 - - [16/Apr/2026:17:38:27 +0300] "GET /debug/default/view?panel=config HTTP/1.1" 404 196 "-" "Mozilla/5.0 (l9scan/2.0.8343e2434323e2231323e2337313; +https://leakix.net)"
167.99.181.249 - - [16/Apr/2026:17:38:27 +0300] "GET /?rest_route=/wp/v2/users/ HTTP/1.1" 200 22448 "-" "Mozilla/5.0 (l9scan/2.0.8343e2434323e2231323e2337313; +https://leakix.net)"
143.110.213.72 - - [16/Apr/2026:17:38:27 +0300] "GET /?rest_route=/wp/v2/users/ HTTP/1.1" 200 22448 "-" "Mozilla/5.0 (l9scan/2.0.8343e2434323e2231323e2337313; +https://leakix.net)"
64.23.218.208 - - [16/Apr/2026:17:38:27 +0300] "GET /debug/default/view?panel=config HTTP/1.1" 404 196 "-" "Mozilla/5.0 (l9scan/2.0.8343e2434323e2231323e2337313; +https://leakix.net)"
167.99.181.249 - - [16/Apr/2026:17:38:28 +0300] "GET /debug/default/view?panel=config HTTP/1.1" 404 196 "-" "Mozilla/5.0 (l9scan/2.0.8343e2434323e2231323e2337313; +https://leakix.net)"
143.110.213.72 - - [16/Apr/2026:17:38:28 +0300] "GET /debug/default/view?panel=config HTTP/1.1" 404 196 "-" "Mozilla/5.0 (l9scan/2.0.8343e2434323e2231323e2337313; +https://leakix.net)"
34.122.147.229 - - [16/Apr/2026:17:38:46 +0300] "GET / HTTP/1.1" 200 22448 "-" "Mozilla/5.0 (X11; Linux x86_64) AppleWebKit/537.36 (KHTML, like Gecko) Chrome/125.0.0.0 Safari/537.36"
34.122.147.229 - - [16/Apr/2026:17:38:50 +0300] "GET /css/bootstrap.min.css HTTP/1.1" 200 20560 "http://madtomlab.com/" "Mozilla/5.0 (X11; Linux x86_64) AppleWebKit/537.36 (KHTML, like Gecko) Chrome/125.0.0.0 Safari/537.36"
34.123.170.104 - - [16/Apr/2026:17:38:50 +0300] "GET /css/aos.css HTTP/1.1" 200 2236 "http://madtomlab.com/" "Mozilla/5.0 (X11; Linux x86_64) AppleWebKit/537.36 (KHTML, like Gecko) Chrome/125.0.0.0 Safari/537.36"
34.122.147.229 - - [16/Apr/2026:17:38:50 +0300] "GET /css/owl.carousel.css HTTP/1.1" 200 1642 "http://madtomlab.com/" "Mozilla/5.0 (X11; Linux x86_64) AppleWebKit/537.36 (KHTML, like Gecko) Chrome/125.0.0.0 Safari/537.36"
34.122.147.229 - - [16/Apr/2026:17:38:50 +0300] "GET /css2/resources-block.css HTTP/1.1" 200 2762 "http://madtomlab.com/" "Mozilla/5.0 (X11; Linux x86_64) AppleWebKit/537.36 (KHTML, like Gecko) Chrome/125.0.0.0 Safari/537.36"
34.122.147.229 - - [16/Apr/2026:17:38:50 +0300] "GET /css2/typography.css HTTP/1.1" 200 887 "http://madtomlab.com/" "Mozilla/5.0 (X11; Linux x86_64) AppleWebKit/537.36 (KHTML, like Gecko) Chrome/125.0.0.0 Safari/537.36"
34.122.147.229 - - [16/Apr/2026:17:38:51 +0300] "GET /css2/utilities.css HTTP/1.1" 200 803 "http://madtomlab.com/" "Mozilla/5.0 (X11; Linux x86_64) AppleWebKit/537.36 (KHTML, like Gecko) Chrome/125.0.0.0 Safari/537.36"
34.122.147.229 - - [16/Apr/2026:17:38:51 +0300] "GET /megamenu/easy-responsive-tabs.css HTTP/1.1" 200 707 "http://madtomlab.com/" "Mozilla/5.0 (X11; Linux x86_64) AppleWebKit/537.36 (KHTML, like Gecko) Chrome/125.0.0.0 Safari/537.36"
34.122.147.229 - - [16/Apr/2026:17:38:51 +0300] "GET /megamenu/styles.css HTTP/1.1" 200 4979 "http://madtomlab.com/" "Mozilla/5.0 (X11; Linux x86_64) AppleWebKit/537.36 (KHTML, like Gecko) Chrome/125.0.0.0 Safari/537.36"
34.122.147.229 - - [16/Apr/2026:17:38:51 +0300] "GET /css/custom.css HTTP/1.1" 200 20818 "http://madtomlab.com/" "Mozilla/5.0 (X11; Linux x86_64) AppleWebKit/537.36 (KHTML, like Gecko) Chrome/125.0.0.0 Safari/537.36"
34.122.147.229 - - [16/Apr/2026:17:38:51 +0300] "GET /css/responsive.css HTTP/1.1" 200 7823 "http://madtomlab.com/" "Mozilla/5.0 (X11; Linux x86_64) AppleWebKit/537.36 (KHTML, like Gecko) Chrome/125.0.0.0 Safari/537.36"
34.123.170.104 - - [16/Apr/2026:17:38:51 +0300] "GET /images/ai-icon.png HTTP/1.1" 200 3528 "http://madtomlab.com/" "Mozilla/5.0 (X11; Linux x86_64) AppleWebKit/537.36 (KHTML, like Gecko) Chrome/125.0.0.0 Safari/537.36"
34.123.170.104 - - [16/Apr/2026:17:38:51 +0300] "GET /images/logo.png HTTP/1.1" 200 15088 "http://madtomlab.com/" "Mozilla/5.0 (X11; Linux x86_64) AppleWebKit/537.36 (KHTML, like Gecko) Chrome/125.0.0.0 Safari/537.36"
34.123.170.104 - - [16/Apr/2026:17:38:51 +0300] "GET /images/cloud-icon.png HTTP/1.1" 200 2203 "http://madtomlab.com/" "Mozilla/5.0 (X11; Linux x86_64) AppleWebKit/537.36 (KHTML, like Gecko) Chrome/125.0.0.0 Safari/537.36"
34.123.170.104 - - [16/Apr/2026:17:38:51 +0300] "GET /images/iot-icon.png HTTP/1.1" 200 2000 "http://madtomlab.com/" "Mozilla/5.0 (X11; Linux x86_64) AppleWebKit/537.36 (KHTML, like Gecko) Chrome/125.0.0.0 Safari/537.36"
34.123.170.104 - - [16/Apr/2026:17:38:51 +0300] "GET /images/ui-icon.png HTTP/1.1" 200 1350 "http://madtomlab.com/" "Mozilla/5.0 (X11; Linux x86_64) AppleWebKit/537.36 (KHTML, like Gecko) Chrome/125.0.0.0 Safari/537.36"
34.123.170.104 - - [16/Apr/2026:17:38:52 +0300] "GET /js/jquery-3.1.1.slim.min.js HTTP/1.1" 200 23767 "http://madtomlab.com/" "Mozilla/5.0 (X11; Linux x86_64) AppleWebKit/537.36 (KHTML, like Gecko) Chrome/125.0.0.0 Safari/537.36"
34.123.170.104 - - [16/Apr/2026:17:38:52 +0300] "GET /js/bootstrap.min.js HTTP/1.1" 200 13105 "http://madtomlab.com/" "Mozilla/5.0 (X11; Linux x86_64) AppleWebKit/537.36 (KHTML, like Gecko) Chrome/125.0.0.0 Safari/537.36"
34.122.147.229 - - [16/Apr/2026:17:38:54 +0300] "GET /js/script.js HTTP/1.1" 200 169 "http://madtomlab.com/" "Mozilla/5.0 (X11; Linux x86_64) AppleWebKit/537.36 (KHTML, like Gecko) Chrome/125.0.0.0 Safari/537.36"
34.122.147.229 - - [16/Apr/2026:17:38:54 +0300] "GET /js/waypoints.min.js HTTP/1.1" 200 2617 "http://madtomlab.com/" "Mozilla/5.0 (X11; Linux x86_64) AppleWebKit/537.36 (KHTML, like Gecko) Chrome/125.0.0.0 Safari/537.36"
104.197.69.115 - - [16/Apr/2026:17:38:54 +0300] "GET /js/jquery.counterup.min.js HTTP/1.1" 200 577 "http://madtomlab.com/" "Mozilla/5.0 (X11; Linux x86_64) AppleWebKit/537.36 (KHTML, like Gecko) Chrome/125.0.0.0 Safari/537.36"
34.123.170.104 - - [16/Apr/2026:17:38:54 +0300] "GET /js/jquery.min.js HTTP/1.1" 200 29547 "http://madtomlab.com/" "Mozilla/5.0 (X11; Linux x86_64) AppleWebKit/537.36 (KHTML, like Gecko) Chrome/125.0.0.0 Safari/537.36"
34.122.147.229 - - [16/Apr/2026:17:38:54 +0300] "GET /js/script2.js HTTP/1.1" 200 111 "http://madtomlab.com/" "Mozilla/5.0 (X11; Linux x86_64) AppleWebKit/537.36 (KHTML, like Gecko) Chrome/125.0.0.0 Safari/537.36"
34.122.147.229 - - [16/Apr/2026:17:38:54 +0300] "GET /images/medical-app.png HTTP/1.1" 200 2419 "http://madtomlab.com/" "Mozilla/5.0 (X11; Linux x86_64) AppleWebKit/537.36 (KHTML, like Gecko) Chrome/125.0.0.0 Safari/537.36"
34.123.170.104 - - [16/Apr/2026:17:38:56 +0300] "GET /images/how-we-work-icon.png HTTP/1.1" 200 6187 "http://madtomlab.com/" "Mozilla/5.0 (X11; Linux x86_64) AppleWebKit/537.36 (KHTML, like Gecko) Chrome/125.0.0.0 Safari/537.36"
34.122.147.229 - - [16/Apr/2026:17:38:56 +0300] "GET /images/menu-bg.png HTTP/1.1" 404 196 "http://madtomlab.com/megamenu/styles.css" "Mozilla/5.0 (X11; Linux x86_64) AppleWebKit/537.36 (KHTML, like Gecko) Chrome/125.0.0.0 Safari/537.36"
34.123.170.104 - - [16/Apr/2026:17:38:56 +0300] "GET /images/media.png HTTP/1.1" 200 1852 "http://madtomlab.com/" "Mozilla/5.0 (X11; Linux x86_64) AppleWebKit/537.36 (KHTML, like Gecko) Chrome/125.0.0.0 Safari/537.36"
34.123.170.104 - - [16/Apr/2026:17:38:56 +0300] "GET /images/agriculture.png HTTP/1.1" 200 5307 "http://madtomlab.com/" "Mozilla/5.0 (X11; Linux x86_64) AppleWebKit/537.36 (KHTML, like Gecko) Chrome/125.0.0.0 Safari/537.36"
34.122.147.229 - - [16/Apr/2026:17:38:57 +0300] "GET /images/automative-icon.png HTTP/1.1" 200 5367 "http://madtomlab.com/" "Mozilla/5.0 (X11; Linux x86_64) AppleWebKit/537.36 (KHTML, like Gecko) Chrome/125.0.0.0 Safari/537.36"
34.122.147.229 - - [16/Apr/2026:17:38:57 +0300] "GET /images/heart.png HTTP/1.1" 200 5169 "http://madtomlab.com/" "Mozilla/5.0 (X11; Linux x86_64) AppleWebKit/537.36 (KHTML, like Gecko) Chrome/125.0.0.0 Safari/537.36"
34.122.147.229 - - [16/Apr/2026:17:38:57 +0300] "GET /images/real-estate.png HTTP/1.1" 200 1463 "http://madtomlab.com/" "Mozilla/5.0 (X11; Linux x86_64) AppleWebKit/537.36 (KHTML, like Gecko) Chrome/125.0.0.0 Safari/537.36"
34.122.147.229 - - [16/Apr/2026:17:38:58 +0300] "GET /images/who-we-are-icon.png HTTP/1.1" 200 4388 "http://madtomlab.com/" "Mozilla/5.0 (X11; Linux x86_64) AppleWebKit/537.36 (KHTML, like Gecko) Chrome/125.0.0.0 Safari/537.36"
34.122.147.229 - - [16/Apr/2026:17:38:59 +0300] "GET /images/contact-us-icon.png HTTP/1.1" 200 4121 "http://madtomlab.com/" "Mozilla/5.0 (X11; Linux x86_64) AppleWebKit/537.36 (KHTML, like Gecko) Chrome/125.0.0.0 Safari/537.36"
34.123.170.104 - - [16/Apr/2026:17:38:59 +0300] "GET /images/transportation.png HTTP/1.1" 200 3898 "http://madtomlab.com/" "Mozilla/5.0 (X11; Linux x86_64) AppleWebKit/537.36 (KHTML, like Gecko) Chrome/125.0.0.0 Safari/537.36"
34.123.170.104 - - [16/Apr/2026:17:38:59 +0300] "GET /images/education-icon.png HTTP/1.1" 200 3334 "http://madtomlab.com/" "Mozilla/5.0 (X11; Linux x86_64) AppleWebKit/537.36 (KHTML, like Gecko) Chrome/125.0.0.0 Safari/537.36"
34.122.147.229 - - [16/Apr/2026:17:38:59 +0300] "GET /images/mobile-icon.png HTTP/1.1" 200 1394 "http://madtomlab.com/" "Mozilla/5.0 (X11; Linux x86_64) AppleWebKit/537.36 (KHTML, like Gecko) Chrome/125.0.0.0 Safari/537.36"
34.123.170.104 - - [16/Apr/2026:17:38:59 +0300] "GET /images/backend-icon.png HTTP/1.1" 200 1574 "http://madtomlab.com/" "Mozilla/5.0 (X11; Linux x86_64) AppleWebKit/537.36 (KHTML, like Gecko) Chrome/125.0.0.0 Safari/537.36"
34.122.147.229 - - [16/Apr/2026:17:38:59 +0300] "GET /images/developer-icon.png HTTP/1.1" 200 986 "http://madtomlab.com/" "Mozilla/5.0 (X11; Linux x86_64) AppleWebKit/537.36 (KHTML, like Gecko) Chrome/125.0.0.0 Safari/537.36"
34.123.170.104 - - [16/Apr/2026:17:38:59 +0300] "GET /js/aos.js HTTP/1.1" 200 4506 "http://madtomlab.com/" "Mozilla/5.0 (X11; Linux x86_64) AppleWebKit/537.36 (KHTML, like Gecko) Chrome/125.0.0.0 Safari/537.36"
34.122.147.229 - - [16/Apr/2026:17:38:59 +0300] "GET /js/script3.js HTTP/1.1" 200 31 "http://madtomlab.com/" "Mozilla/5.0 (X11; Linux x86_64) AppleWebKit/537.36 (KHTML, like Gecko) Chrome/125.0.0.0 Safari/537.36"
34.123.170.104 - - [16/Apr/2026:17:38:59 +0300] "GET /megamenu/jquery.appear.min.js HTTP/1.1" 200 1360 "http://madtomlab.com/" "Mozilla/5.0 (X11; Linux x86_64) AppleWebKit/537.36 (KHTML, like Gecko) Chrome/125.0.0.0 Safari/537.36"
34.123.170.104 - - [16/Apr/2026:17:38:59 +0300] "GET /megamenu/easyResponsiveTabs.js? HTTP/1.1" 200 1319 "http://madtomlab.com/" "Mozilla/5.0 (X11; Linux x86_64) AppleWebKit/537.36 (KHTML, like Gecko) Chrome/125.0.0.0 Safari/537.36"
34.123.170.104 - - [16/Apr/2026:17:39:00 +0300] "GET /megamenu/custom1.js HTTP/1.1" 200 2176 "http://madtomlab.com/" "Mozilla/5.0 (X11; Linux x86_64) AppleWebKit/537.36 (KHTML, like Gecko) Chrome/125.0.0.0 Safari/537.36"
34.123.170.104 - - [16/Apr/2026:17:39:00 +0300] "GET /js/owl.carousel.js HTTP/1.1" 200 17543 "http://madtomlab.com/" "Mozilla/5.0 (X11; Linux x86_64) AppleWebKit/537.36 (KHTML, like Gecko) Chrome/125.0.0.0 Safari/537.36"
34.123.170.104 - - [16/Apr/2026:17:39:00 +0300] "GET /js/selectordie.js HTTP/1.1" 200 6265 "http://madtomlab.com/" "Mozilla/5.0 (X11; Linux x86_64) AppleWebKit/537.36 (KHTML, like Gecko) Chrome/125.0.0.0 Safari/537.36"
34.123.170.104 - - [16/Apr/2026:17:39:00 +0300] "GET /js/custom.js HTTP/1.1" 200 2229 "http://madtomlab.com/" "Mozilla/5.0 (X11; Linux x86_64) AppleWebKit/537.36 (KHTML, like Gecko) Chrome/125.0.0.0 Safari/537.36"
34.123.170.104 - - [16/Apr/2026:17:39:00 +0300] "GET /images/bank.png HTTP/1.1" 200 2440 "http://madtomlab.com/" "Mozilla/5.0 (X11; Linux x86_64) AppleWebKit/537.36 (KHTML, like Gecko) Chrome/125.0.0.0 Safari/537.36"
34.123.170.104 - - [16/Apr/2026:17:39:00 +0300] "GET /images/ecommerce.png HTTP/1.1" 200 2529 "http://madtomlab.com/" "Mozilla/5.0 (X11; Linux x86_64) AppleWebKit/537.36 (KHTML, like Gecko) Chrome/125.0.0.0 Safari/537.36"
34.123.170.104 - - [16/Apr/2026:17:39:01 +0300] "GET /images/growth.png HTTP/1.1" 200 1784 "http://madtomlab.com/" "Mozilla/5.0 (X11; Linux x86_64) AppleWebKit/537.36 (KHTML, like Gecko) Chrome/125.0.0.0 Safari/537.36"
34.123.170.104 - - [16/Apr/2026:17:39:00 +0300] "GET /images/mtl.jpg HTTP/1.1" 200 111235 "http://madtomlab.com/" "Mozilla/5.0 (X11; Linux x86_64) AppleWebKit/537.36 (KHTML, like Gecko) Chrome/125.0.0.0 Safari/537.36"
34.122.147.229 - - [16/Apr/2026:17:39:02 +0300] "GET /images/app-development-icon.png HTTP/1.1" 200 1627 "http://madtomlab.com/" "Mozilla/5.0 (X11; Linux x86_64) AppleWebKit/537.36 (KHTML, like Gecko) Chrome/125.0.0.0 Safari/537.36"
34.122.147.229 - - [16/Apr/2026:17:39:02 +0300] "GET /images/web-dev-icon.png HTTP/1.1" 200 1525 "http://madtomlab.com/" "Mozilla/5.0 (X11; Linux x86_64) AppleWebKit/537.36 (KHTML, like Gecko) Chrome/125.0.0.0 Safari/537.36"
34.123.170.104 - - [16/Apr/2026:17:39:01 +0300] "GET /images/app-development-img.jpg HTTP/1.1" 200 83223 "http://madtomlab.com/" "Mozilla/5.0 (X11; Linux x86_64) AppleWebKit/537.36 (KHTML, like Gecko) Chrome/125.0.0.0 Safari/537.36"
34.123.170.104 - - [16/Apr/2026:17:39:03 +0300] "GET /images/csd-icon.png HTTP/1.1" 200 2278 "http://madtomlab.com/" "Mozilla/5.0 (X11; Linux x86_64) AppleWebKit/537.36 (KHTML, like Gecko) Chrome/125.0.0.0 Safari/537.36"
34.123.170.104 - - [16/Apr/2026:17:39:03 +0300] "GET /images/AI-ML-Project-Development.jpg HTTP/1.1" 200 49179 "http://madtomlab.com/" "Mozilla/5.0 (X11; Linux x86_64) AppleWebKit/537.36 (KHTML, like Gecko) Chrome/125.0.0.0 Safari/537.36"
34.123.170.104 - - [16/Apr/2026:17:39:03 +0300] "GET /images/ai-home-icon.png HTTP/1.1" 200 3309 "http://madtomlab.com/" "Mozilla/5.0 (X11; Linux x86_64) AppleWebKit/537.36 (KHTML, like Gecko) Chrome/125.0.0.0 Safari/537.36"
34.123.170.104 - - [16/Apr/2026:17:39:03 +0300] "GET /images/achievement-1.png HTTP/1.1" 200 92443 "http://madtomlab.com/" "Mozilla/5.0 (X11; Linux x86_64) AppleWebKit/537.36 (KHTML, like Gecko) Chrome/125.0.0.0 Safari/537.36"
34.123.170.104 - - [16/Apr/2026:17:39:04 +0300] "GET /images/achievement-2.png HTTP/1.1" 200 97428 "http://madtomlab.com/" "Mozilla/5.0 (X11; Linux x86_64) AppleWebKit/537.36 (KHTML, like Gecko) Chrome/125.0.0.0 Safari/537.36"
34.122.147.229 - - [16/Apr/2026:17:39:04 +0300] "GET /images/achievement-4.png HTTP/1.1" 200 57482 "http://madtomlab.com/" "Mozilla/5.0 (X11; Linux x86_64) AppleWebKit/537.36 (KHTML, like Gecko) Chrome/125.0.0.0 Safari/537.36"
34.123.170.104 - - [16/Apr/2026:17:38:59 +0300] "GET /images/herobannderimg.png HTTP/1.1" 200 382192 "http://madtomlab.com/" "Mozilla/5.0 (X11; Linux x86_64) AppleWebKit/537.36 (KHTML, like Gecko) Chrome/125.0.0.0 Safari/537.36"
34.123.170.104 - - [16/Apr/2026:17:39:05 +0300] "GET /images/cs1.jpg HTTP/1.1" 200 210718 "http://madtomlab.com/" "Mozilla/5.0 (X11; Linux x86_64) AppleWebKit/537.36 (KHTML, like Gecko) Chrome/125.0.0.0 Safari/537.36"
34.123.170.104 - - [16/Apr/2026:17:39:07 +0300] "GET /images/cs2.jpg HTTP/1.1" 200 214717 "http://madtomlab.com/" "Mozilla/5.0 (X11; Linux x86_64) AppleWebKit/537.36 (KHTML, like Gecko) Chrome/125.0.0.0 Safari/537.36"
205.169.39.4 - - [16/Apr/2026:17:39:09 +0300] "GET /css/aos.css HTTP/1.1" 200 2236 "-" "Mozilla/5.0 (Windows NT 10.0) AppleWebKit/537.36 (KHTML, like Gecko) Chrome/106.0.0.0 Safari/537.36"
34.123.170.104 - - [16/Apr/2026:17:39:09 +0300] "GET /images/cs3.jpg HTTP/1.1" 200 170644 "http://madtomlab.com/" "Mozilla/5.0 (X11; Linux x86_64) AppleWebKit/537.36 (KHTML, like Gecko) Chrome/125.0.0.0 Safari/537.36"
