110.249.201.138 - - [16/Apr/2026:19:44:59 +0300] "GET /images/increaseed-autumation.png HTTP/1.1" 206 500 "https://www.madtomlab.com/devops-consulting.html" "Mozilla/5.0 (Linux; Android 5.0) AppleWebKit/537.36 (KHTML, like Gecko) Mobile Safari/537.36 (compatible; Bytespider; https://zhanzhang.toutiao.com/)"
110.249.201.108 - - [16/Apr/2026:19:44:59 +0300] "GET /images/us.svg HTTP/1.1" 206 500 "https://www.madtomlab.com/devops-consulting.html" "Mozilla/5.0 (Linux; Android 5.0) AppleWebKit/537.36 (KHTML, like Gecko) Mobile Safari/537.36 (compatible; Bytespider; https://zhanzhang.toutiao.com/)"
110.249.201.107 - - [16/Apr/2026:19:44:59 +0300] "GET /images/twitter-icon.png HTTP/1.1" 206 500 "https://www.madtomlab.com/devops-consulting.html" "Mozilla/5.0 (Linux; Android 5.0) AppleWebKit/537.36 (KHTML, like Gecko) Mobile Safari/537.36 (compatible; Bytespider; https://zhanzhang.toutiao.com/)"
110.249.201.59 - - [16/Apr/2026:19:44:59 +0300] "GET /images/tick3.png HTTP/1.1" 206 500 "https://www.madtomlab.com/css/custom.css" "Mozilla/5.0 (Linux; Android 5.0) AppleWebKit/537.36 (KHTML, like Gecko) Mobile Safari/537.36 (compatible; Bytespider; https://zhanzhang.toutiao.com/)"
110.249.201.105 - - [16/Apr/2026:19:44:59 +0300] "GET /images/linkedin-icon.png HTTP/1.1" 206 500 "https://www.madtomlab.com/devops-consulting.html" "Mozilla/5.0 (Linux; Android 5.0) AppleWebKit/537.36 (KHTML, like Gecko) Mobile Safari/537.36 (compatible; Bytespider; https://zhanzhang.toutiao.com/)"
110.249.201.108 - - [16/Apr/2026:19:45:00 +0300] "GET /images/us.svg HTTP/1.1" 304 - "https://www.madtomlab.com/devops-consulting.html" "Mozilla/5.0 (Linux; Android 5.0) AppleWebKit/537.36 (KHTML, like Gecko) Mobile Safari/537.36 (compatible; Bytespider; https://zhanzhang.toutiao.com/)"
110.249.201.108 - - [16/Apr/2026:19:45:00 +0300] "GET /images/us.svg HTTP/1.1" 200 9615 "https://www.madtomlab.com/devops-consulting.html" "Mozilla/5.0 (Linux; Android 5.0) AppleWebKit/537.36 (KHTML, like Gecko) Mobile Safari/537.36 (compatible; Bytespider; https://zhanzhang.toutiao.com/)"
110.249.202.90 - - [16/Apr/2026:19:45:22 +0300] "GET /agriculture-manufacturing.html HTTP/1.1" 200 13846 "-" "Mozilla/5.0 (Linux; Android 5.0) AppleWebKit/537.36 (KHTML, like Gecko) Mobile Safari/537.36 (compatible; Bytespider; https://zhanzhang.toutiao.com/)"
110.249.202.90 - - [16/Apr/2026:19:45:22 +0300] "GET /css/bootstrap.min.css HTTP/1.1" 200 20560 "https://www.madtomlab.com/agriculture-manufacturing.html" "Mozilla/5.0 (Linux; Android 5.0) AppleWebKit/537.36 (KHTML, like Gecko) Mobile Safari/537.36 (compatible; Bytespider; https://zhanzhang.toutiao.com/)"
110.249.202.90 - - [16/Apr/2026:19:45:23 +0300] "GET /megamenu/easy-responsive-tabs.css HTTP/1.1" 200 707 "https://www.madtomlab.com/agriculture-manufacturing.html" "Mozilla/5.0 (Linux; Android 5.0) AppleWebKit/537.36 (KHTML, like Gecko) Mobile Safari/537.36 (compatible; Bytespider; https://zhanzhang.toutiao.com/)"
110.249.202.95 - - [16/Apr/2026:19:45:23 +0300] "GET /css/responsive.css HTTP/1.1" 200 7823 "https://www.madtomlab.com/agriculture-manufacturing.html" "Mozilla/5.0 (Linux; Android 5.0) AppleWebKit/537.36 (KHTML, like Gecko) Mobile Safari/537.36 (compatible; Bytespider; https://zhanzhang.toutiao.com/)"
110.249.202.95 - - [16/Apr/2026:19:45:24 +0300] "GET /js/aos.js HTTP/1.1" 200 4506 "https://www.madtomlab.com/agriculture-manufacturing.html" "Mozilla/5.0 (Linux; Android 5.0) AppleWebKit/537.36 (KHTML, like Gecko) Mobile Safari/537.36 (compatible; Bytespider; https://zhanzhang.toutiao.com/)"
110.249.202.192 - - [16/Apr/2026:19:45:24 +0300] "GET /images/automative-icon.png HTTP/1.1" 206 500 "https://www.madtomlab.com/agriculture-manufacturing.html" "Mozilla/5.0 (Linux; Android 5.0) AppleWebKit/537.36 (KHTML, like Gecko) Mobile Safari/537.36 (compatible; Bytespider; https://zhanzhang.toutiao.com/)"
110.249.202.90 - - [16/Apr/2026:19:45:24 +0300] "GET /images/education-icon.png HTTP/1.1" 206 500 "https://www.madtomlab.com/agriculture-manufacturing.html" "Mozilla/5.0 (Linux; Android 5.0) AppleWebKit/537.36 (KHTML, like Gecko) Mobile Safari/537.36 (compatible; Bytespider; https://zhanzhang.toutiao.com/)"
110.249.202.95 - - [16/Apr/2026:19:45:24 +0300] "GET /images/how-we-work-icon.png HTTP/1.1" 206 500 "https://www.madtomlab.com/agriculture-manufacturing.html" "Mozilla/5.0 (Linux; Android 5.0) AppleWebKit/537.36 (KHTML, like Gecko) Mobile Safari/537.36 (compatible; Bytespider; https://zhanzhang.toutiao.com/)"
110.249.202.225 - - [16/Apr/2026:19:45:24 +0300] "GET /images/who-we-are-icon.png HTTP/1.1" 206 500 "https://www.madtomlab.com/agriculture-manufacturing.html" "Mozilla/5.0 (Linux; Android 5.0) AppleWebKit/537.36 (KHTML, like Gecko) Mobile Safari/537.36 (compatible; Bytespider; https://zhanzhang.toutiao.com/)"
110.249.202.95 - - [16/Apr/2026:19:45:24 +0300] "GET /images/agro.png HTTP/1.1" 206 500 "https://www.madtomlab.com/agriculture-manufacturing.html" "Mozilla/5.0 (Linux; Android 5.0) AppleWebKit/537.36 (KHTML, like Gecko) Mobile Safari/537.36 (compatible; Bytespider; https://zhanzhang.toutiao.com/)"
110.249.202.225 - - [16/Apr/2026:19:45:24 +0300] "GET /images/contact-us-icon.png HTTP/1.1" 206 500 "https://www.madtomlab.com/agriculture-manufacturing.html" "Mozilla/5.0 (Linux; Android 5.0) AppleWebKit/537.36 (KHTML, like Gecko) Mobile Safari/537.36 (compatible; Bytespider; https://zhanzhang.toutiao.com/)"
110.249.202.95 - - [16/Apr/2026:19:45:25 +0300] "GET /images/india-icon.png HTTP/1.1" 206 500 "https://www.madtomlab.com/agriculture-manufacturing.html" "Mozilla/5.0 (Linux; Android 5.0) AppleWebKit/537.36 (KHTML, like Gecko) Mobile Safari/537.36 (compatible; Bytespider; https://zhanzhang.toutiao.com/)"
110.249.202.90 - - [16/Apr/2026:19:45:25 +0300] "GET /images/canada.png HTTP/1.1" 206 500 "https://www.madtomlab.com/agriculture-manufacturing.html" "Mozilla/5.0 (Linux; Android 5.0) AppleWebKit/537.36 (KHTML, like Gecko) Mobile Safari/537.36 (compatible; Bytespider; https://zhanzhang.toutiao.com/)"
110.249.202.192 - - [16/Apr/2026:19:45:25 +0300] "GET /images/us.svg HTTP/1.1" 206 500 "https://www.madtomlab.com/agriculture-manufacturing.html" "Mozilla/5.0 (Linux; Android 5.0) AppleWebKit/537.36 (KHTML, like Gecko) Mobile Safari/537.36 (compatible; Bytespider; https://zhanzhang.toutiao.com/)"
110.249.202.225 - - [16/Apr/2026:19:45:25 +0300] "GET /images/callicon2.png HTTP/1.1" 206 448 "https://www.madtomlab.com/agriculture-manufacturing.html" "Mozilla/5.0 (Linux; Android 5.0) AppleWebKit/537.36 (KHTML, like Gecko) Mobile Safari/537.36 (compatible; Bytespider; https://zhanzhang.toutiao.com/)"
110.249.202.95 - - [16/Apr/2026:19:45:25 +0300] "GET /images/instagram-icon.png HTTP/1.1" 206 500 "https://www.madtomlab.com/agriculture-manufacturing.html" "Mozilla/5.0 (Linux; Android 5.0) AppleWebKit/537.36 (KHTML, like Gecko) Mobile Safari/537.36 (compatible; Bytespider; https://zhanzhang.toutiao.com/)"
110.249.202.192 - - [16/Apr/2026:19:45:25 +0300] "GET /images/us.svg HTTP/1.1" 304 - "https://www.madtomlab.com/agriculture-manufacturing.html" "Mozilla/5.0 (Linux; Android 5.0) AppleWebKit/537.36 (KHTML, like Gecko) Mobile Safari/537.36 (compatible; Bytespider; https://zhanzhang.toutiao.com/)"
110.249.202.192 - - [16/Apr/2026:19:45:25 +0300] "GET /images/us.svg HTTP/1.1" 200 9615 "https://www.madtomlab.com/agriculture-manufacturing.html" "Mozilla/5.0 (Linux; Android 5.0) AppleWebKit/537.36 (KHTML, like Gecko) Mobile Safari/537.36 (compatible; Bytespider; https://zhanzhang.toutiao.com/)"
110.249.202.183 - - [16/Apr/2026:19:45:47 +0300] "GET / HTTP/1.1" 200 22448 "-" "Mozilla/5.0 (Linux; Android 5.0) AppleWebKit/537.36 (KHTML, like Gecko) Mobile Safari/537.36 (compatible; Bytespider; https://zhanzhang.toutiao.com/)"
110.249.202.183 - - [16/Apr/2026:19:45:48 +0300] "GET /css/bootstrap.min.css HTTP/1.1" 200 20560 "https://madtomlab.com/" "Mozilla/5.0 (Linux; Android 5.0) AppleWebKit/537.36 (KHTML, like Gecko) Mobile Safari/537.36 (compatible; Bytespider; https://zhanzhang.toutiao.com/)"
110.249.202.183 - - [16/Apr/2026:19:45:48 +0300] "GET /css2/utilities.css HTTP/1.1" 200 803 "https://madtomlab.com/" "Mozilla/5.0 (Linux; Android 5.0) AppleWebKit/537.36 (KHTML, like Gecko) Mobile Safari/537.36 (compatible; Bytespider; https://zhanzhang.toutiao.com/)"
110.249.202.57 - - [16/Apr/2026:19:45:48 +0300] "GET /css2/resources-block.css HTTP/1.1" 200 2762 "https://madtomlab.com/" "Mozilla/5.0 (Linux; Android 5.0) AppleWebKit/537.36 (KHTML, like Gecko) Mobile Safari/537.36 (compatible; Bytespider; https://zhanzhang.toutiao.com/)"
110.249.202.186 - - [16/Apr/2026:19:45:48 +0300] "GET /css2/typography.css HTTP/1.1" 200 887 "https://madtomlab.com/" "Mozilla/5.0 (Linux; Android 5.0) AppleWebKit/537.36 (KHTML, like Gecko) Mobile Safari/537.36 (compatible; Bytespider; https://zhanzhang.toutiao.com/)"
110.249.202.37 - - [16/Apr/2026:19:45:48 +0300] "GET /css/owl.carousel.css HTTP/1.1" 200 1642 "https://madtomlab.com/" "Mozilla/5.0 (Linux; Android 5.0) AppleWebKit/537.36 (KHTML, like Gecko) Mobile Safari/537.36 (compatible; Bytespider; https://zhanzhang.toutiao.com/)"
110.249.202.134 - - [16/Apr/2026:19:45:48 +0300] "GET /images/iot-icon.png HTTP/1.1" 206 500 "https://madtomlab.com/" "Mozilla/5.0 (Linux; Android 5.0) AppleWebKit/537.36 (KHTML, like Gecko) Mobile Safari/537.36 (compatible; Bytespider; https://zhanzhang.toutiao.com/)"
110.249.202.153 - - [16/Apr/2026:19:45:48 +0300] "GET /css/responsive.css HTTP/1.1" 200 7823 "https://madtomlab.com/" "Mozilla/5.0 (Linux; Android 5.0) AppleWebKit/537.36 (KHTML, like Gecko) Mobile Safari/537.36 (compatible; Bytespider; https://zhanzhang.toutiao.com/)"
110.249.202.153 - - [16/Apr/2026:19:45:48 +0300] "GET /megamenu/easyResponsiveTabs.js? HTTP/1.1" 200 1319 "https://madtomlab.com/" "Mozilla/5.0 (Linux; Android 5.0) AppleWebKit/537.36 (KHTML, like Gecko) Mobile Safari/537.36 (compatible; Bytespider; https://zhanzhang.toutiao.com/)"
110.249.202.134 - - [16/Apr/2026:19:45:49 +0300] "GET /js/selectordie.js HTTP/1.1" 200 6265 "https://madtomlab.com/" "Mozilla/5.0 (Linux; Android 5.0) AppleWebKit/537.36 (KHTML, like Gecko) Mobile Safari/537.36 (compatible; Bytespider; https://zhanzhang.toutiao.com/)"
110.249.202.134 - - [16/Apr/2026:19:45:49 +0300] "GET /images/transportation.png HTTP/1.1" 206 500 "https://madtomlab.com/" "Mozilla/5.0 (Linux; Android 5.0) AppleWebKit/537.36 (KHTML, like Gecko) Mobile Safari/537.36 (compatible; Bytespider; https://zhanzhang.toutiao.com/)"
110.249.202.153 - - [16/Apr/2026:19:45:49 +0300] "GET /images/ecommerce.png HTTP/1.1" 206 500 "https://madtomlab.com/" "Mozilla/5.0 (Linux; Android 5.0) AppleWebKit/537.36 (KHTML, like Gecko) Mobile Safari/537.36 (compatible; Bytespider; https://zhanzhang.toutiao.com/)"
110.249.202.186 - - [16/Apr/2026:19:45:49 +0300] "GET /images/mtl.jpg HTTP/1.1" 206 500 "https://madtomlab.com/" "Mozilla/5.0 (Linux; Android 5.0) AppleWebKit/537.36 (KHTML, like Gecko) Mobile Safari/537.36 (compatible; Bytespider; https://zhanzhang.toutiao.com/)"
110.249.202.186 - - [16/Apr/2026:19:45:50 +0300] "GET /images/mtl.jpg HTTP/1.1" 304 - "https://madtomlab.com/" "Mozilla/5.0 (Linux; Android 5.0) AppleWebKit/537.36 (KHTML, like Gecko) Mobile Safari/537.36 (compatible; Bytespider; https://zhanzhang.toutiao.com/)"
110.249.202.153 - - [16/Apr/2026:19:45:50 +0300] "GET /images/web-dev-icon.png HTTP/1.1" 206 500 "https://madtomlab.com/" "Mozilla/5.0 (Linux; Android 5.0) AppleWebKit/537.36 (KHTML, like Gecko) Mobile Safari/537.36 (compatible; Bytespider; https://zhanzhang.toutiao.com/)"
110.249.202.186 - - [16/Apr/2026:19:45:50 +0300] "GET /images/mtl.jpg HTTP/1.1" 206 110735 "https://madtomlab.com/" "Mozilla/5.0 (Linux; Android 5.0) AppleWebKit/537.36 (KHTML, like Gecko) Mobile Safari/537.36 (compatible; Bytespider; https://zhanzhang.toutiao.com/)"
110.249.202.134 - - [16/Apr/2026:19:45:50 +0300] "GET /images/achievement-2.png HTTP/1.1" 206 500 "https://madtomlab.com/" "Mozilla/5.0 (Linux; Android 5.0) AppleWebKit/537.36 (KHTML, like Gecko) Mobile Safari/537.36 (compatible; Bytespider; https://zhanzhang.toutiao.com/)"
110.249.202.37 - - [16/Apr/2026:19:45:50 +0300] "GET /images/cs1.jpg HTTP/1.1" 206 500 "https://madtomlab.com/" "Mozilla/5.0 (Linux; Android 5.0) AppleWebKit/537.36 (KHTML, like Gecko) Mobile Safari/537.36 (compatible; Bytespider; https://zhanzhang.toutiao.com/)"
110.249.202.57 - - [16/Apr/2026:19:45:50 +0300] "GET /images/cs3.jpg HTTP/1.1" 206 500 "https://madtomlab.com/" "Mozilla/5.0 (Linux; Android 5.0) AppleWebKit/537.36 (KHTML, like Gecko) Mobile Safari/537.36 (compatible; Bytespider; https://zhanzhang.toutiao.com/)"
110.249.202.153 - - [16/Apr/2026:19:45:50 +0300] "GET /images/cs6.jpg HTTP/1.1" 206 500 "https://madtomlab.com/" "Mozilla/5.0 (Linux; Android 5.0) AppleWebKit/537.36 (KHTML, like Gecko) Mobile Safari/537.36 (compatible; Bytespider; https://zhanzhang.toutiao.com/)"
110.249.202.183 - - [16/Apr/2026:19:45:50 +0300] "GET /images/client3.png HTTP/1.1" 206 500 "https://madtomlab.com/" "Mozilla/5.0 (Linux; Android 5.0) AppleWebKit/537.36 (KHTML, like Gecko) Mobile Safari/537.36 (compatible; Bytespider; https://zhanzhang.toutiao.com/)"
110.249.202.134 - - [16/Apr/2026:19:45:51 +0300] "GET /images/iifl-logo.png HTTP/1.1" 206 500 "https://madtomlab.com/" "Mozilla/5.0 (Linux; Android 5.0) AppleWebKit/537.36 (KHTML, like Gecko) Mobile Safari/537.36 (compatible; Bytespider; https://zhanzhang.toutiao.com/)"
110.249.202.57 - - [16/Apr/2026:19:45:51 +0300] "GET /images/client7.png HTTP/1.1" 206 500 "https://madtomlab.com/" "Mozilla/5.0 (Linux; Android 5.0) AppleWebKit/537.36 (KHTML, like Gecko) Mobile Safari/537.36 (compatible; Bytespider; https://zhanzhang.toutiao.com/)"
110.249.202.153 - - [16/Apr/2026:19:45:51 +0300] "GET /images/cs6.jpg HTTP/1.1" 304 - "https://madtomlab.com/" "Mozilla/5.0 (Linux; Android 5.0) AppleWebKit/537.36 (KHTML, like Gecko) Mobile Safari/537.36 (compatible; Bytespider; https://zhanzhang.toutiao.com/)"
110.249.202.183 - - [16/Apr/2026:19:45:51 +0300] "GET /images/client10.png HTTP/1.1" 206 500 "https://madtomlab.com/" "Mozilla/5.0 (Linux; Android 5.0) AppleWebKit/537.36 (KHTML, like Gecko) Mobile Safari/537.36 (compatible; Bytespider; https://zhanzhang.toutiao.com/)"
110.249.202.37 - - [16/Apr/2026:19:45:51 +0300] "GET /images/client9.png HTTP/1.1" 206 500 "https://madtomlab.com/" "Mozilla/5.0 (Linux; Android 5.0) AppleWebKit/537.36 (KHTML, like Gecko) Mobile Safari/537.36 (compatible; Bytespider; https://zhanzhang.toutiao.com/)"
110.249.202.134 - - [16/Apr/2026:19:45:51 +0300] "GET /images/client11.png HTTP/1.1" 206 500 "https://madtomlab.com/" "Mozilla/5.0 (Linux; Android 5.0) AppleWebKit/537.36 (KHTML, like Gecko) Mobile Safari/537.36 (compatible; Bytespider; https://zhanzhang.toutiao.com/)"
110.249.202.57 - - [16/Apr/2026:19:45:51 +0300] "GET /images/client12.png HTTP/1.1" 206 500 "https://madtomlab.com/" "Mozilla/5.0 (Linux; Android 5.0) AppleWebKit/537.36 (KHTML, like Gecko) Mobile Safari/537.36 (compatible; Bytespider; https://zhanzhang.toutiao.com/)"
110.249.202.57 - - [16/Apr/2026:19:45:51 +0300] "GET /images/typescript-icon.png HTTP/1.1" 206 500 "https://madtomlab.com/" "Mozilla/5.0 (Linux; Android 5.0) AppleWebKit/537.36 (KHTML, like Gecko) Mobile Safari/537.36 (compatible; Bytespider; https://zhanzhang.toutiao.com/)"
110.249.202.183 - - [16/Apr/2026:19:45:51 +0300] "GET /images/flutter-icon.svg HTTP/1.1" 206 500 "https://madtomlab.com/" "Mozilla/5.0 (Linux; Android 5.0) AppleWebKit/537.36 (KHTML, like Gecko) Mobile Safari/537.36 (compatible; Bytespider; https://zhanzhang.toutiao.com/)"
110.249.202.37 - - [16/Apr/2026:19:45:51 +0300] "GET /images/client18.png HTTP/1.1" 206 500 "https://madtomlab.com/" "Mozilla/5.0 (Linux; Android 5.0) AppleWebKit/537.36 (KHTML, like Gecko) Mobile Safari/537.36 (compatible; Bytespider; https://zhanzhang.toutiao.com/)"
110.249.202.134 - - [16/Apr/2026:19:45:51 +0300] "GET /images/react-icon.svg HTTP/1.1" 206 500 "https://madtomlab.com/" "Mozilla/5.0 (Linux; Android 5.0) AppleWebKit/537.36 (KHTML, like Gecko) Mobile Safari/537.36 (compatible; Bytespider; https://zhanzhang.toutiao.com/)"
110.249.202.57 - - [16/Apr/2026:19:45:51 +0300] "GET /images/python-icon.svg HTTP/1.1" 206 500 "https://madtomlab.com/" "Mozilla/5.0 (Linux; Android 5.0) AppleWebKit/537.36 (KHTML, like Gecko) Mobile Safari/537.36 (compatible; Bytespider; https://zhanzhang.toutiao.com/)"
110.249.202.37 - - [16/Apr/2026:19:45:51 +0300] "GET /images/nodejs-icon.svg HTTP/1.1" 206 500 "https://madtomlab.com/" "Mozilla/5.0 (Linux; Android 5.0) AppleWebKit/537.36 (KHTML, like Gecko) Mobile Safari/537.36 (compatible; Bytespider; https://zhanzhang.toutiao.com/)"
110.249.202.183 - - [16/Apr/2026:19:45:51 +0300] "GET /images/java-icon.svg HTTP/1.1" 206 500 "https://madtomlab.com/" "Mozilla/5.0 (Linux; Android 5.0) AppleWebKit/537.36 (KHTML, like Gecko) Mobile Safari/537.36 (compatible; Bytespider; https://zhanzhang.toutiao.com/)"
110.249.202.134 - - [16/Apr/2026:19:45:51 +0300] "GET /images/php-icon.svg HTTP/1.1" 206 500 "https://madtomlab.com/" "Mozilla/5.0 (Linux; Android 5.0) AppleWebKit/537.36 (KHTML, like Gecko) Mobile Safari/537.36 (compatible; Bytespider; https://zhanzhang.toutiao.com/)"
110.249.202.207 - - [16/Apr/2026:19:45:51 +0300] "GET /images/angular-icon.svg HTTP/1.1" 206 500 "https://madtomlab.com/" "Mozilla/5.0 (Linux; Android 5.0) AppleWebKit/537.36 (KHTML, like Gecko) Mobile Safari/537.36 (compatible; Bytespider; https://zhanzhang.toutiao.com/)"
110.249.202.57 - - [16/Apr/2026:19:45:51 +0300] "GET /images/go-lang-icon.svg HTTP/1.1" 206 500 "https://madtomlab.com/" "Mozilla/5.0 (Linux; Android 5.0) AppleWebKit/537.36 (KHTML, like Gecko) Mobile Safari/537.36 (compatible; Bytespider; https://zhanzhang.toutiao.com/)"
110.249.202.153 - - [16/Apr/2026:19:45:51 +0300] "GET /images/cs6.jpg HTTP/1.1" 206 173965 "https://madtomlab.com/" "Mozilla/5.0 (Linux; Android 5.0) AppleWebKit/537.36 (KHTML, like Gecko) Mobile Safari/537.36 (compatible; Bytespider; https://zhanzhang.toutiao.com/)"
110.249.202.207 - - [16/Apr/2026:19:45:51 +0300] "GET /images/xamarin-icon.svg HTTP/1.1" 206 500 "https://madtomlab.com/" "Mozilla/5.0 (Linux; Android 5.0) AppleWebKit/537.36 (KHTML, like Gecko) Mobile Safari/537.36 (compatible; Bytespider; https://zhanzhang.toutiao.com/)"
110.249.202.37 - - [16/Apr/2026:19:45:51 +0300] "GET /images/dot-net-icon.svg HTTP/1.1" 206 500 "https://madtomlab.com/" "Mozilla/5.0 (Linux; Android 5.0) AppleWebKit/537.36 (KHTML, like Gecko) Mobile Safari/537.36 (compatible; Bytespider; https://zhanzhang.toutiao.com/)"
110.249.202.183 - - [16/Apr/2026:19:45:51 +0300] "GET /images/spark-streaming-tech-icon.svg HTTP/1.1" 206 500 "https://madtomlab.com/" "Mozilla/5.0 (Linux; Android 5.0) AppleWebKit/537.36 (KHTML, like Gecko) Mobile Safari/537.36 (compatible; Bytespider; https://zhanzhang.toutiao.com/)"
110.249.202.134 - - [16/Apr/2026:19:45:51 +0300] "GET /images/react-native-icon.svg HTTP/1.1" 206 500 "https://madtomlab.com/" "Mozilla/5.0 (Linux; Android 5.0) AppleWebKit/537.36 (KHTML, like Gecko) Mobile Safari/537.36 (compatible; Bytespider; https://zhanzhang.toutiao.com/)"
110.249.202.57 - - [16/Apr/2026:19:45:51 +0300] "GET /images/postgre-sql-tech-icon.svg HTTP/1.1" 206 500 "https://madtomlab.com/" "Mozilla/5.0 (Linux; Android 5.0) AppleWebKit/537.36 (KHTML, like Gecko) Mobile Safari/537.36 (compatible; Bytespider; https://zhanzhang.toutiao.com/)"
110.249.202.30 - - [16/Apr/2026:19:45:51 +0300] "GET /images/ruby-icon.png HTTP/1.1" 206 500 "https://madtomlab.com/" "Mozilla/5.0 (Linux; Android 5.0) AppleWebKit/537.36 (KHTML, like Gecko) Mobile Safari/537.36 (compatible; Bytespider; https://zhanzhang.toutiao.com/)"
110.249.202.207 - - [16/Apr/2026:19:45:51 +0300] "GET /images/kafka-streams-tech-icon.svg HTTP/1.1" 206 500 "https://madtomlab.com/" "Mozilla/5.0 (Linux; Android 5.0) AppleWebKit/537.36 (KHTML, like Gecko) Mobile Safari/537.36 (compatible; Bytespider; https://zhanzhang.toutiao.com/)"
110.249.202.37 - - [16/Apr/2026:19:45:52 +0300] "GET /images/mysql-tech-icon.png HTTP/1.1" 206 500 "https://madtomlab.com/" "Mozilla/5.0 (Linux; Android 5.0) AppleWebKit/537.36 (KHTML, like Gecko) Mobile Safari/537.36 (compatible; Bytespider; https://zhanzhang.toutiao.com/)"
110.249.202.57 - - [16/Apr/2026:19:45:52 +0300] "GET /images/firebase-database-firestore-icon.png HTTP/1.1" 206 500 "https://madtomlab.com/" "Mozilla/5.0 (Linux; Android 5.0) AppleWebKit/537.36 (KHTML, like Gecko) Mobile Safari/537.36 (compatible; Bytespider; https://zhanzhang.toutiao.com/)"
110.249.202.183 - - [16/Apr/2026:19:45:52 +0300] "GET /images/ms-sql-server-tech-icon.svg HTTP/1.1" 206 500 "https://madtomlab.com/" "Mozilla/5.0 (Linux; Android 5.0) AppleWebKit/537.36 (KHTML, like Gecko) Mobile Safari/537.36 (compatible; Bytespider; https://zhanzhang.toutiao.com/)"
110.249.202.134 - - [16/Apr/2026:19:45:52 +0300] "GET /images/oracle-tech-icon.svg HTTP/1.1" 206 500 "https://madtomlab.com/" "Mozilla/5.0 (Linux; Android 5.0) AppleWebKit/537.36 (KHTML, like Gecko) Mobile Safari/537.36 (compatible; Bytespider; https://zhanzhang.toutiao.com/)"
110.249.202.30 - - [16/Apr/2026:19:45:52 +0300] "GET /images/mongodb-tech-icon.svg HTTP/1.1" 206 500 "https://madtomlab.com/" "Mozilla/5.0 (Linux; Android 5.0) AppleWebKit/537.36 (KHTML, like Gecko) Mobile Safari/537.36 (compatible; Bytespider; https://zhanzhang.toutiao.com/)"
110.249.202.207 - - [16/Apr/2026:19:45:52 +0300] "GET /images/react-icon.svg HTTP/1.1" 304 - "https://madtomlab.com/" "Mozilla/5.0 (Linux; Android 5.0) AppleWebKit/537.36 (KHTML, like Gecko) Mobile Safari/537.36 (compatible; Bytespider; https://zhanzhang.toutiao.com/)"
110.249.202.57 - - [16/Apr/2026:19:45:52 +0300] "GET /images/flutter-icon.svg HTTP/1.1" 304 - "https://madtomlab.com/" "Mozilla/5.0 (Linux; Android 5.0) AppleWebKit/537.36 (KHTML, like Gecko) Mobile Safari/537.36 (compatible; Bytespider; https://zhanzhang.toutiao.com/)"
110.249.202.37 - - [16/Apr/2026:19:45:52 +0300] "GET /images/cassandra-tech-icon.svg HTTP/1.1" 206 500 "https://madtomlab.com/" "Mozilla/5.0 (Linux; Android 5.0) AppleWebKit/537.36 (KHTML, like Gecko) Mobile Safari/537.36 (compatible; Bytespider; https://zhanzhang.toutiao.com/)"
110.249.202.134 - - [16/Apr/2026:19:45:52 +0300] "GET /images/amazon-rds.svg HTTP/1.1" 206 500 "https://madtomlab.com/" "Mozilla/5.0 (Linux; Android 5.0) AppleWebKit/537.36 (KHTML, like Gecko) Mobile Safari/537.36 (compatible; Bytespider; https://zhanzhang.toutiao.com/)"
110.249.202.30 - - [16/Apr/2026:19:45:52 +0300] "GET /images/azure-sql-database.svg HTTP/1.1" 206 500 "https://madtomlab.com/" "Mozilla/5.0 (Linux; Android 5.0) AppleWebKit/537.36 (KHTML, like Gecko) Mobile Safari/537.36 (compatible; Bytespider; https://zhanzhang.toutiao.com/)"
110.249.202.183 - - [16/Apr/2026:19:45:52 +0300] "GET /images/docker-logo.svg HTTP/1.1" 206 500 "https://madtomlab.com/" "Mozilla/5.0 (Linux; Android 5.0) AppleWebKit/537.36 (KHTML, like Gecko) Mobile Safari/537.36 (compatible; Bytespider; https://zhanzhang.toutiao.com/)"
110.249.202.57 - - [16/Apr/2026:19:45:52 +0300] "GET /images/react-icon.svg HTTP/1.1" 200 1788 "https://madtomlab.com/" "Mozilla/5.0 (Linux; Android 5.0) AppleWebKit/537.36 (KHTML, like Gecko) Mobile Safari/537.36 (compatible; Bytespider; https://zhanzhang.toutiao.com/)"
110.249.202.207 - - [16/Apr/2026:19:45:52 +0300] "GET /images/flutter-icon.svg HTTP/1.1" 200 1367 "https://madtomlab.com/" "Mozilla/5.0 (Linux; Android 5.0) AppleWebKit/537.36 (KHTML, like Gecko) Mobile Safari/537.36 (compatible; Bytespider; https://zhanzhang.toutiao.com/)"
110.249.202.37 - - [16/Apr/2026:19:45:52 +0300] "GET /images/kubernetes.svg HTTP/1.1" 206 500 "https://madtomlab.com/" "Mozilla/5.0 (Linux; Android 5.0) AppleWebKit/537.36 (KHTML, like Gecko) Mobile Safari/537.36 (compatible; Bytespider; https://zhanzhang.toutiao.com/)"
110.249.202.30 - - [16/Apr/2026:19:45:52 +0300] "GET /images/nodejs-icon.svg HTTP/1.1" 304 - "https://madtomlab.com/" "Mozilla/5.0 (Linux; Android 5.0) AppleWebKit/537.36 (KHTML, like Gecko) Mobile Safari/537.36 (compatible; Bytespider; https://zhanzhang.toutiao.com/)"
110.249.202.183 - - [16/Apr/2026:19:45:52 +0300] "GET /images/php-icon.svg HTTP/1.1" 304 - "https://madtomlab.com/" "Mozilla/5.0 (Linux; Android 5.0) AppleWebKit/537.36 (KHTML, like Gecko) Mobile Safari/537.36 (compatible; Bytespider; https://zhanzhang.toutiao.com/)"
110.249.202.57 - - [16/Apr/2026:19:45:52 +0300] "GET /images/terraform-tech-icon.svg HTTP/1.1" 206 500 "https://madtomlab.com/" "Mozilla/5.0 (Linux; Android 5.0) AppleWebKit/537.36 (KHTML, like Gecko) Mobile Safari/537.36 (compatible; Bytespider; https://zhanzhang.toutiao.com/)"
110.249.202.134 - - [16/Apr/2026:19:45:52 +0300] "GET /images/python-icon.svg HTTP/1.1" 304 - "https://madtomlab.com/" "Mozilla/5.0 (Linux; Android 5.0) AppleWebKit/537.36 (KHTML, like Gecko) Mobile Safari/537.36 (compatible; Bytespider; https://zhanzhang.toutiao.com/)"
110.249.202.207 - - [16/Apr/2026:19:45:52 +0300] "GET /images/gitlab.svg HTTP/1.1" 206 500 "https://madtomlab.com/" "Mozilla/5.0 (Linux; Android 5.0) AppleWebKit/537.36 (KHTML, like Gecko) Mobile Safari/537.36 (compatible; Bytespider; https://zhanzhang.toutiao.com/)"
110.249.202.30 - - [16/Apr/2026:19:45:52 +0300] "GET /images/nodejs-icon.svg HTTP/1.1" 200 2352 "https://madtomlab.com/" "Mozilla/5.0 (Linux; Android 5.0) AppleWebKit/537.36 (KHTML, like Gecko) Mobile Safari/537.36 (compatible; Bytespider; https://zhanzhang.toutiao.com/)"
110.249.202.37 - - [16/Apr/2026:19:45:52 +0300] "GET /images/angular-icon.svg HTTP/1.1" 304 - "https://madtomlab.com/" "Mozilla/5.0 (Linux; Android 5.0) AppleWebKit/537.36 (KHTML, like Gecko) Mobile Safari/537.36 (compatible; Bytespider; https://zhanzhang.toutiao.com/)"
110.249.202.57 - - [16/Apr/2026:19:45:52 +0300] "GET /images/java-icon.svg HTTP/1.1" 304 - "https://madtomlab.com/" "Mozilla/5.0 (Linux; Android 5.0) AppleWebKit/537.36 (KHTML, like Gecko) Mobile Safari/537.36 (compatible; Bytespider; https://zhanzhang.toutiao.com/)"
110.249.202.207 - - [16/Apr/2026:19:45:52 +0300] "GET /images/grokx-ai.png HTTP/1.1" 206 500 "https://madtomlab.com/" "Mozilla/5.0 (Linux; Android 5.0) AppleWebKit/537.36 (KHTML, like Gecko) Mobile Safari/537.36 (compatible; Bytespider; https://zhanzhang.toutiao.com/)"
110.249.202.183 - - [16/Apr/2026:19:45:52 +0300] "GET /images/php-icon.svg HTTP/1.1" 200 519 "https://madtomlab.com/" "Mozilla/5.0 (Linux; Android 5.0) AppleWebKit/537.36 (KHTML, like Gecko) Mobile Safari/537.36 (compatible; Bytespider; https://zhanzhang.toutiao.com/)"
110.249.202.30 - - [16/Apr/2026:19:45:52 +0300] "GET /images/meta-ai-icon.png HTTP/1.1" 206 500 "https://madtomlab.com/" "Mozilla/5.0 (Linux; Android 5.0) AppleWebKit/537.36 (KHTML, like Gecko) Mobile Safari/537.36 (compatible; Bytespider; https://zhanzhang.toutiao.com/)"
110.249.202.37 - - [16/Apr/2026:19:45:52 +0300] "GET /images/angular-icon.svg HTTP/1.1" 200 815 "https://madtomlab.com/" "Mozilla/5.0 (Linux; Android 5.0) AppleWebKit/537.36 (KHTML, like Gecko) Mobile Safari/537.36 (compatible; Bytespider; https://zhanzhang.toutiao.com/)"
110.249.202.207 - - [16/Apr/2026:19:45:52 +0300] "GET /images/go-lang-icon.svg HTTP/1.1" 304 - "https://madtomlab.com/" "Mozilla/5.0 (Linux; Android 5.0) AppleWebKit/537.36 (KHTML, like Gecko) Mobile Safari/537.36 (compatible; Bytespider; https://zhanzhang.toutiao.com/)"
110.249.202.30 - - [16/Apr/2026:19:45:52 +0300] "GET /images/companylogo2.png HTTP/1.1" 404 196 "https://madtomlab.com/" "Mozilla/5.0 (Linux; Android 5.0) AppleWebKit/537.36 (KHTML, like Gecko) Mobile Safari/537.36 (compatible; Bytespider; https://zhanzhang.toutiao.com/)"
110.249.202.183 - - [16/Apr/2026:19:45:52 +0300] "GET /images/companylogo1.png HTTP/1.1" 404 196 "https://madtomlab.com/" "Mozilla/5.0 (Linux; Android 5.0) AppleWebKit/537.36 (KHTML, like Gecko) Mobile Safari/537.36 (compatible; Bytespider; https://zhanzhang.toutiao.com/)"
110.249.202.207 - - [16/Apr/2026:19:45:53 +0300] "GET /images/xamarin-icon.svg HTTP/1.1" 304 - "https://madtomlab.com/" "Mozilla/5.0 (Linux; Android 5.0) AppleWebKit/537.36 (KHTML, like Gecko) Mobile Safari/537.36 (compatible; Bytespider; https://zhanzhang.toutiao.com/)"
110.249.202.30 - - [16/Apr/2026:19:45:53 +0300] "GET /images/india-icon.png HTTP/1.1" 206 500 "https://madtomlab.com/" "Mozilla/5.0 (Linux; Android 5.0) AppleWebKit/537.36 (KHTML, like Gecko) Mobile Safari/537.36 (compatible; Bytespider; https://zhanzhang.toutiao.com/)"
110.249.202.37 - - [16/Apr/2026:19:45:53 +0300] "GET /images/dot-net-icon.svg HTTP/1.1" 304 - "https://madtomlab.com/" "Mozilla/5.0 (Linux; Android 5.0) AppleWebKit/537.36 (KHTML, like Gecko) Mobile Safari/537.36 (compatible; Bytespider; https://zhanzhang.toutiao.com/)"
110.249.202.57 - - [16/Apr/2026:19:45:52 +0300] "GET /images/java-icon.svg HTTP/1.1" 200 105622 "https://madtomlab.com/" "Mozilla/5.0 (Linux; Android 5.0) AppleWebKit/537.36 (KHTML, like Gecko) Mobile Safari/537.36 (compatible; Bytespider; https://zhanzhang.toutiao.com/)"
110.249.202.134 - - [16/Apr/2026:19:45:52 +0300] "GET /images/python-icon.svg HTTP/1.1" 200 179053 "https://madtomlab.com/" "Mozilla/5.0 (Linux; Android 5.0) AppleWebKit/537.36 (KHTML, like Gecko) Mobile Safari/537.36 (compatible; Bytespider; https://zhanzhang.toutiao.com/)"
110.249.202.183 - - [16/Apr/2026:19:45:53 +0300] "GET /images/go-lang-icon.svg HTTP/1.1" 200 887 "https://madtomlab.com/" "Mozilla/5.0 (Linux; Android 5.0) AppleWebKit/537.36 (KHTML, like Gecko) Mobile Safari/537.36 (compatible; Bytespider; https://zhanzhang.toutiao.com/)"
110.249.202.30 - - [16/Apr/2026:19:45:53 +0300] "GET /images/react-native-icon.svg HTTP/1.1" 304 - "https://madtomlab.com/" "Mozilla/5.0 (Linux; Android 5.0) AppleWebKit/537.36 (KHTML, like Gecko) Mobile Safari/537.36 (compatible; Bytespider; https://zhanzhang.toutiao.com/)"
110.249.202.207 - - [16/Apr/2026:19:45:53 +0300] "GET /images/us.svg HTTP/1.1" 206 500 "https://madtomlab.com/" "Mozilla/5.0 (Linux; Android 5.0) AppleWebKit/537.36 (KHTML, like Gecko) Mobile Safari/537.36 (compatible; Bytespider; https://zhanzhang.toutiao.com/)"
110.249.202.37 - - [16/Apr/2026:19:45:53 +0300] "GET /images/xamarin-icon.svg HTTP/1.1" 200 1283 "https://madtomlab.com/" "Mozilla/5.0 (Linux; Android 5.0) AppleWebKit/537.36 (KHTML, like Gecko) Mobile Safari/537.36 (compatible; Bytespider; https://zhanzhang.toutiao.com/)"
110.249.202.30 - - [16/Apr/2026:19:45:53 +0300] "GET /images/postgre-sql-tech-icon.svg HTTP/1.1" 304 - "https://madtomlab.com/" "Mozilla/5.0 (Linux; Android 5.0) AppleWebKit/537.36 (KHTML, like Gecko) Mobile Safari/537.36 (compatible; Bytespider; https://zhanzhang.toutiao.com/)"
110.249.202.207 - - [16/Apr/2026:19:45:53 +0300] "GET /images/dot-net-icon.svg HTTP/1.1" 200 7001 "https://madtomlab.com/" "Mozilla/5.0 (Linux; Android 5.0) AppleWebKit/537.36 (KHTML, like Gecko) Mobile Safari/537.36 (compatible; Bytespider; https://zhanzhang.toutiao.com/)"
110.249.202.183 - - [16/Apr/2026:19:45:53 +0300] "GET /images/react-native-icon.svg HTTP/1.1" 200 5131 "https://madtomlab.com/" "Mozilla/5.0 (Linux; Android 5.0) AppleWebKit/537.36 (KHTML, like Gecko) Mobile Safari/537.36 (compatible; Bytespider; https://zhanzhang.toutiao.com/)"
110.249.202.30 - - [16/Apr/2026:19:45:53 +0300] "GET /images/dmca.png HTTP/1.1" 206 500 "https://madtomlab.com/" "Mozilla/5.0 (Linux; Android 5.0) AppleWebKit/537.36 (KHTML, like Gecko) Mobile Safari/537.36 (compatible; Bytespider; https://zhanzhang.toutiao.com/)"
110.249.202.207 - - [16/Apr/2026:19:45:53 +0300] "GET /images/postgre-sql-tech-icon.svg HTTP/1.1" 200 2092 "https://madtomlab.com/" "Mozilla/5.0 (Linux; Android 5.0) AppleWebKit/537.36 (KHTML, like Gecko) Mobile Safari/537.36 (compatible; Bytespider; https://zhanzhang.toutiao.com/)"
110.249.202.37 - - [16/Apr/2026:19:45:53 +0300] "GET /images/kafka-streams-tech-icon.svg HTTP/1.1" 304 - "https://madtomlab.com/" "Mozilla/5.0 (Linux; Android 5.0) AppleWebKit/537.36 (KHTML, like Gecko) Mobile Safari/537.36 (compatible; Bytespider; https://zhanzhang.toutiao.com/)"
110.249.202.80 - - [16/Apr/2026:19:45:53 +0300] "GET /images/spark-streaming-tech-icon.svg HTTP/1.1" 304 - "https://madtomlab.com/" "Mozilla/5.0 (Linux; Android 5.0) AppleWebKit/537.36 (KHTML, like Gecko) Mobile Safari/537.36 (compatible; Bytespider; https://zhanzhang.toutiao.com/)"
110.249.202.30 - - [16/Apr/2026:19:45:53 +0300] "GET /images/star.svg HTTP/1.1" 206 500 "https://madtomlab.com/css/custom.css" "Mozilla/5.0 (Linux; Android 5.0) AppleWebKit/537.36 (KHTML, like Gecko) Mobile Safari/537.36 (compatible; Bytespider; https://zhanzhang.toutiao.com/)"
110.249.202.183 - - [16/Apr/2026:19:45:53 +0300] "GET /images/twitter-icon.png HTTP/1.1" 206 500 "https://madtomlab.com/" "Mozilla/5.0 (Linux; Android 5.0) AppleWebKit/537.36 (KHTML, like Gecko) Mobile Safari/537.36 (compatible; Bytespider; https://zhanzhang.toutiao.com/)"
110.249.202.207 - - [16/Apr/2026:19:45:53 +0300] "GET /images/mongodb-tech-icon.svg HTTP/1.1" 304 - "https://madtomlab.com/" "Mozilla/5.0 (Linux; Android 5.0) AppleWebKit/537.36 (KHTML, like Gecko) Mobile Safari/537.36 (compatible; Bytespider; https://zhanzhang.toutiao.com/)"
110.249.202.37 - - [16/Apr/2026:19:45:53 +0300] "GET /images/kafka-streams-tech-icon.svg HTTP/1.1" 200 3407 "https://madtomlab.com/" "Mozilla/5.0 (Linux; Android 5.0) AppleWebKit/537.36 (KHTML, like Gecko) Mobile Safari/537.36 (compatible; Bytespider; https://zhanzhang.toutiao.com/)"
110.249.202.80 - - [16/Apr/2026:19:45:53 +0300] "GET /images/spark-streaming-tech-icon.svg HTTP/1.1" 200 4077 "https://madtomlab.com/" "Mozilla/5.0 (Linux; Android 5.0) AppleWebKit/537.36 (KHTML, like Gecko) Mobile Safari/537.36 (compatible; Bytespider; https://zhanzhang.toutiao.com/)"
110.249.202.30 - - [16/Apr/2026:19:45:53 +0300] "GET /images/ms-sql-server-tech-icon.svg HTTP/1.1" 304 - "https://madtomlab.com/" "Mozilla/5.0 (Linux; Android 5.0) AppleWebKit/537.36 (KHTML, like Gecko) Mobile Safari/537.36 (compatible; Bytespider; https://zhanzhang.toutiao.com/)"
110.249.202.47 - - [16/Apr/2026:19:45:53 +0300] "GET /images/oracle-tech-icon.svg HTTP/1.1" 304 - "https://madtomlab.com/" "Mozilla/5.0 (Linux; Android 5.0) AppleWebKit/537.36 (KHTML, like Gecko) Mobile Safari/537.36 (compatible; Bytespider; https://zhanzhang.toutiao.com/)"
110.249.202.207 - - [16/Apr/2026:19:45:53 +0300] "GET /images/mongodb-tech-icon.svg HTTP/1.1" 200 7920 "https://madtomlab.com/" "Mozilla/5.0 (Linux; Android 5.0) AppleWebKit/537.36 (KHTML, like Gecko) Mobile Safari/537.36 (compatible; Bytespider; https://zhanzhang.toutiao.com/)"
110.249.202.183 - - [16/Apr/2026:19:45:53 +0300] "GET /images/cassandra-tech-icon.svg HTTP/1.1" 304 - "https://madtomlab.com/" "Mozilla/5.0 (Linux; Android 5.0) AppleWebKit/537.36 (KHTML, like Gecko) Mobile Safari/537.36 (compatible; Bytespider; https://zhanzhang.toutiao.com/)"
110.249.202.30 - - [16/Apr/2026:19:45:53 +0300] "GET /images/amazon-rds.svg HTTP/1.1" 304 - "https://madtomlab.com/" "Mozilla/5.0 (Linux; Android 5.0) AppleWebKit/537.36 (KHTML, like Gecko) Mobile Safari/537.36 (compatible; Bytespider; https://zhanzhang.toutiao.com/)"
110.249.202.80 - - [16/Apr/2026:19:45:53 +0300] "GET /images/ms-sql-server-tech-icon.svg HTTP/1.1" 200 7072 "https://madtomlab.com/" "Mozilla/5.0 (Linux; Android 5.0) AppleWebKit/537.36 (KHTML, like Gecko) Mobile Safari/537.36 (compatible; Bytespider; https://zhanzhang.toutiao.com/)"
110.249.202.37 - - [16/Apr/2026:19:45:53 +0300] "GET /images/azure-sql-database.svg HTTP/1.1" 304 - "https://madtomlab.com/" "Mozilla/5.0 (Linux; Android 5.0) AppleWebKit/537.36 (KHTML, like Gecko) Mobile Safari/537.36 (compatible; Bytespider; https://zhanzhang.toutiao.com/)"
110.249.202.207 - - [16/Apr/2026:19:45:53 +0300] "GET /images/docker-logo.svg HTTP/1.1" 304 - "https://madtomlab.com/" "Mozilla/5.0 (Linux; Android 5.0) AppleWebKit/537.36 (KHTML, like Gecko) Mobile Safari/537.36 (compatible; Bytespider; https://zhanzhang.toutiao.com/)"
110.249.202.47 - - [16/Apr/2026:19:45:53 +0300] "GET /images/oracle-tech-icon.svg HTTP/1.1" 200 2601 "https://madtomlab.com/" "Mozilla/5.0 (Linux; Android 5.0) AppleWebKit/537.36 (KHTML, like Gecko) Mobile Safari/537.36 (compatible; Bytespider; https://zhanzhang.toutiao.com/)"
110.249.202.183 - - [16/Apr/2026:19:45:54 +0300] "GET /images/cassandra-tech-icon.svg HTTP/1.1" 200 7048 "https://madtomlab.com/" "Mozilla/5.0 (Linux; Android 5.0) AppleWebKit/537.36 (KHTML, like Gecko) Mobile Safari/537.36 (compatible; Bytespider; https://zhanzhang.toutiao.com/)"
110.249.202.30 - - [16/Apr/2026:19:45:54 +0300] "GET /images/amazon-rds.svg HTTP/1.1" 200 2761 "https://madtomlab.com/" "Mozilla/5.0 (Linux; Android 5.0) AppleWebKit/537.36 (KHTML, like Gecko) Mobile Safari/537.36 (compatible; Bytespider; https://zhanzhang.toutiao.com/)"
110.249.202.80 - - [16/Apr/2026:19:45:54 +0300] "GET /images/kubernetes.svg HTTP/1.1" 304 - "https://madtomlab.com/" "Mozilla/5.0 (Linux; Android 5.0) AppleWebKit/537.36 (KHTML, like Gecko) Mobile Safari/537.36 (compatible; Bytespider; https://zhanzhang.toutiao.com/)"
110.249.202.37 - - [16/Apr/2026:19:45:54 +0300] "GET /images/azure-sql-database.svg HTTP/1.1" 200 3826 "https://madtomlab.com/" "Mozilla/5.0 (Linux; Android 5.0) AppleWebKit/537.36 (KHTML, like Gecko) Mobile Safari/537.36 (compatible; Bytespider; https://zhanzhang.toutiao.com/)"
110.249.202.207 - - [16/Apr/2026:19:45:54 +0300] "GET /images/docker-logo.svg HTTP/1.1" 200 2942 "https://madtomlab.com/" "Mozilla/5.0 (Linux; Android 5.0) AppleWebKit/537.36 (KHTML, like Gecko) Mobile Safari/537.36 (compatible; Bytespider; https://zhanzhang.toutiao.com/)"
110.249.202.30 - - [16/Apr/2026:19:45:54 +0300] "GET /images/gitlab.svg HTTP/1.1" 304 - "https://madtomlab.com/" "Mozilla/5.0 (Linux; Android 5.0) AppleWebKit/537.36 (KHTML, like Gecko) Mobile Safari/537.36 (compatible; Bytespider; https://zhanzhang.toutiao.com/)"
110.249.202.47 - - [16/Apr/2026:19:45:54 +0300] "GET /images/terraform-tech-icon.svg HTTP/1.1" 304 - "https://madtomlab.com/" "Mozilla/5.0 (Linux; Android 5.0) AppleWebKit/537.36 (KHTML, like Gecko) Mobile Safari/537.36 (compatible; Bytespider; https://zhanzhang.toutiao.com/)"
110.249.202.80 - - [16/Apr/2026:19:45:54 +0300] "GET /images/kubernetes.svg HTTP/1.1" 200 2405 "https://madtomlab.com/" "Mozilla/5.0 (Linux; Android 5.0) AppleWebKit/537.36 (KHTML, like Gecko) Mobile Safari/537.36 (compatible; Bytespider; https://zhanzhang.toutiao.com/)"
110.249.202.183 - - [16/Apr/2026:19:45:54 +0300] "GET /images/us.svg HTTP/1.1" 304 - "https://madtomlab.com/" "Mozilla/5.0 (Linux; Android 5.0) AppleWebKit/537.36 (KHTML, like Gecko) Mobile Safari/537.36 (compatible; Bytespider; https://zhanzhang.toutiao.com/)"
110.249.202.30 - - [16/Apr/2026:19:45:54 +0300] "GET /images/gitlab.svg HTTP/1.1" 200 8517 "https://madtomlab.com/" "Mozilla/5.0 (Linux; Android 5.0) AppleWebKit/537.36 (KHTML, like Gecko) Mobile Safari/537.36 (compatible; Bytespider; https://zhanzhang.toutiao.com/)"
110.249.202.37 - - [16/Apr/2026:19:45:54 +0300] "GET /images/star.svg HTTP/1.1" 304 - "https://madtomlab.com/css/custom.css" "Mozilla/5.0 (Linux; Android 5.0) AppleWebKit/537.36 (KHTML, like Gecko) Mobile Safari/537.36 (compatible; Bytespider; https://zhanzhang.toutiao.com/)"
110.249.202.47 - - [16/Apr/2026:19:45:54 +0300] "GET /images/terraform-tech-icon.svg HTTP/1.1" 200 18308 "https://madtomlab.com/" "Mozilla/5.0 (Linux; Android 5.0) AppleWebKit/537.36 (KHTML, like Gecko) Mobile Safari/537.36 (compatible; Bytespider; https://zhanzhang.toutiao.com/)"
110.249.202.183 - - [16/Apr/2026:19:45:54 +0300] "GET /images/us.svg HTTP/1.1" 200 9615 "https://madtomlab.com/" "Mozilla/5.0 (Linux; Android 5.0) AppleWebKit/537.36 (KHTML, like Gecko) Mobile Safari/537.36 (compatible; Bytespider; https://zhanzhang.toutiao.com/)"
110.249.202.37 - - [16/Apr/2026:19:45:54 +0300] "GET /images/star.svg HTTP/1.1" 200 330 "https://madtomlab.com/css/custom.css" "Mozilla/5.0 (Linux; Android 5.0) AppleWebKit/537.36 (KHTML, like Gecko) Mobile Safari/537.36 (compatible; Bytespider; https://zhanzhang.toutiao.com/)"
110.249.201.163 - - [16/Apr/2026:19:46:11 +0300] "GET /cloud-engineering.html HTTP/1.1" 200 14798 "-" "Mozilla/5.0 (Linux; Android 5.0) AppleWebKit/537.36 (KHTML, like Gecko) Mobile Safari/537.36 (compatible; Bytespider; https://zhanzhang.toutiao.com/)"
110.249.201.163 - - [16/Apr/2026:19:46:11 +0300] "GET /css/bootstrap.min.css HTTP/1.1" 200 20560 "https://www.madtomlab.com/cloud-engineering.html" "Mozilla/5.0 (Linux; Android 5.0) AppleWebKit/537.36 (KHTML, like Gecko) Mobile Safari/537.36 (compatible; Bytespider; https://zhanzhang.toutiao.com/)"
110.249.201.163 - - [16/Apr/2026:19:46:12 +0300] "GET /images/cloud-icon.png HTTP/1.1" 206 500 "https://www.madtomlab.com/cloud-engineering.html" "Mozilla/5.0 (Linux; Android 5.0) AppleWebKit/537.36 (KHTML, like Gecko) Mobile Safari/537.36 (compatible; Bytespider; https://zhanzhang.toutiao.com/)"
110.249.201.163 - - [16/Apr/2026:19:46:12 +0300] "GET /images/iot-icon.png HTTP/1.1" 206 500 "https://www.madtomlab.com/cloud-engineering.html" "Mozilla/5.0 (Linux; Android 5.0) AppleWebKit/537.36 (KHTML, like Gecko) Mobile Safari/537.36 (compatible; Bytespider; https://zhanzhang.toutiao.com/)"
110.249.201.163 - - [16/Apr/2026:19:46:12 +0300] "GET /js/jquery-3.1.1.slim.min.js HTTP/1.1" 200 23767 "https://www.madtomlab.com/cloud-engineering.html" "Mozilla/5.0 (Linux; Android 5.0) AppleWebKit/537.36 (KHTML, like Gecko) Mobile Safari/537.36 (compatible; Bytespider; https://zhanzhang.toutiao.com/)"
110.249.201.163 - - [16/Apr/2026:19:46:12 +0300] "GET /js/script3.js HTTP/1.1" 200 31 "https://www.madtomlab.com/cloud-engineering.html" "Mozilla/5.0 (Linux; Android 5.0) AppleWebKit/537.36 (KHTML, like Gecko) Mobile Safari/537.36 (compatible; Bytespider; https://zhanzhang.toutiao.com/)"
110.249.201.163 - - [16/Apr/2026:19:46:12 +0300] "GET /images/agility-icon.png HTTP/1.1" 206 500 "https://www.madtomlab.com/cloud-engineering.html" "Mozilla/5.0 (Linux; Android 5.0) AppleWebKit/537.36 (KHTML, like Gecko) Mobile Safari/537.36 (compatible; Bytespider; https://zhanzhang.toutiao.com/)"
110.249.201.161 - - [16/Apr/2026:19:46:12 +0300] "GET /images/cloud-engineering-banner.png HTTP/1.1" 206 500 "https://www.madtomlab.com/cloud-engineering.html" "Mozilla/5.0 (Linux; Android 5.0) AppleWebKit/537.36 (KHTML, like Gecko) Mobile Safari/537.36 (compatible; Bytespider; https://zhanzhang.toutiao.com/)"
110.249.201.163 - - [16/Apr/2026:19:46:12 +0300] "GET /images/rapid-development.png HTTP/1.1" 206 500 "https://www.madtomlab.com/cloud-engineering.html" "Mozilla/5.0 (Linux; Android 5.0) AppleWebKit/537.36 (KHTML, like Gecko) Mobile Safari/537.36 (compatible; Bytespider; https://zhanzhang.toutiao.com/)"
110.249.201.121 - - [16/Apr/2026:19:46:12 +0300] "GET /images/who-we-are-icon.png HTTP/1.1" 206 500 "https://www.madtomlab.com/cloud-engineering.html" "Mozilla/5.0 (Linux; Android 5.0) AppleWebKit/537.36 (KHTML, like Gecko) Mobile Safari/537.36 (compatible; Bytespider; https://zhanzhang.toutiao.com/)"
110.249.201.66 - - [16/Apr/2026:19:46:12 +0300] "GET /images/transportation.png HTTP/1.1" 206 500 "https://www.madtomlab.com/cloud-engineering.html" "Mozilla/5.0 (Linux; Android 5.0) AppleWebKit/537.36 (KHTML, like Gecko) Mobile Safari/537.36 (compatible; Bytespider; https://zhanzhang.toutiao.com/)"
110.249.201.230 - - [16/Apr/2026:19:46:13 +0300] "GET /images/cloud-engineering3.png HTTP/1.1" 206 500 "https://www.madtomlab.com/cloud-engineering.html" "Mozilla/5.0 (Linux; Android 5.0) AppleWebKit/537.36 (KHTML, like Gecko) Mobile Safari/537.36 (compatible; Bytespider; https://zhanzhang.toutiao.com/)"
110.249.201.161 - - [16/Apr/2026:19:46:13 +0300] "GET /images/callicon2.png HTTP/1.1" 206 448 "https://www.madtomlab.com/cloud-engineering.html" "Mozilla/5.0 (Linux; Android 5.0) AppleWebKit/537.36 (KHTML, like Gecko) Mobile Safari/537.36 (compatible; Bytespider; https://zhanzhang.toutiao.com/)"
110.249.201.163 - - [16/Apr/2026:19:46:13 +0300] "GET /images/us.svg HTTP/1.1" 206 500 "https://www.madtomlab.com/cloud-engineering.html" "Mozilla/5.0 (Linux; Android 5.0) AppleWebKit/537.36 (KHTML, like Gecko) Mobile Safari/537.36 (compatible; Bytespider; https://zhanzhang.toutiao.com/)"
110.249.201.121 - - [16/Apr/2026:19:46:13 +0300] "GET /images/canada.png HTTP/1.1" 206 500 "https://www.madtomlab.com/cloud-engineering.html" "Mozilla/5.0 (Linux; Android 5.0) AppleWebKit/537.36 (KHTML, like Gecko) Mobile Safari/537.36 (compatible; Bytespider; https://zhanzhang.toutiao.com/)"
110.249.201.66 - - [16/Apr/2026:19:46:13 +0300] "GET /images/me-icon.png HTTP/1.1" 206 500 "https://www.madtomlab.com/cloud-engineering.html" "Mozilla/5.0 (Linux; Android 5.0) AppleWebKit/537.36 (KHTML, like Gecko) Mobile Safari/537.36 (compatible; Bytespider; https://zhanzhang.toutiao.com/)"
110.249.201.230 - - [16/Apr/2026:19:46:13 +0300] "GET /images/linkedin-icon.png HTTP/1.1" 206 500 "https://www.madtomlab.com/cloud-engineering.html" "Mozilla/5.0 (Linux; Android 5.0) AppleWebKit/537.36 (KHTML, like Gecko) Mobile Safari/537.36 (compatible; Bytespider; https://zhanzhang.toutiao.com/)"
110.249.201.163 - - [16/Apr/2026:19:46:13 +0300] "GET /images/twitter-icon.png HTTP/1.1" 206 500 "https://www.madtomlab.com/cloud-engineering.html" "Mozilla/5.0 (Linux; Android 5.0) AppleWebKit/537.36 (KHTML, like Gecko) Mobile Safari/537.36 (compatible; Bytespider; https://zhanzhang.toutiao.com/)"
110.249.201.121 - - [16/Apr/2026:19:46:13 +0300] "GET /images/us.svg HTTP/1.1" 304 - "https://www.madtomlab.com/cloud-engineering.html" "Mozilla/5.0 (Linux; Android 5.0) AppleWebKit/537.36 (KHTML, like Gecko) Mobile Safari/537.36 (compatible; Bytespider; https://zhanzhang.toutiao.com/)"
110.249.201.121 - - [16/Apr/2026:19:46:13 +0300] "GET /images/us.svg HTTP/1.1" 200 9615 "https://www.madtomlab.com/cloud-engineering.html" "Mozilla/5.0 (Linux; Android 5.0) AppleWebKit/537.36 (KHTML, like Gecko) Mobile Safari/537.36 (compatible; Bytespider; https://zhanzhang.toutiao.com/)"
66.249.77.137 - - [16/Apr/2026:19:46:22 +0300] "GET /wearable-app-development.html HTTP/1.1" 200 14806 "-" "Mozilla/5.0 AppleWebKit/537.36 (KHTML, like Gecko; compatible; GoogleOther) Chrome/146.0.7680.177 Safari/537.36"
43.156.204.134 - - [16/Apr/2026:19:53:48 +0300] "GET /banking-finance.html HTTP/1.1" 200 15606 "-" "Mozilla/5.0 (iPhone; CPU iPhone OS 13_2_3 like Mac OS X) AppleWebKit/605.1.15 (KHTML, like Gecko) Version/13.0.3 Mobile/15E148 Safari/604.1"
49.207.225.57 - - [16/Apr/2026:19:54:33 +0300] "GET / HTTP/1.1" 200 22448 "-" "Mozilla/5.0 (Windows NT 10.0; Win64; x64) AppleWebKit/537.36 (KHTML, like Gecko) Chrome/147.0.0.0 Safari/537.36"
49.207.225.57 - - [16/Apr/2026:19:54:34 +0300] "GET /css/bootstrap.min.css HTTP/1.1" 200 20560 "https://www.madtomlab.com/" "Mozilla/5.0 (Windows NT 10.0; Win64; x64) AppleWebKit/537.36 (KHTML, like Gecko) Chrome/147.0.0.0 Safari/537.36"
49.207.225.57 - - [16/Apr/2026:19:54:34 +0300] "GET /css/aos.css HTTP/1.1" 200 2236 "https://www.madtomlab.com/" "Mozilla/5.0 (Windows NT 10.0; Win64; x64) AppleWebKit/537.36 (KHTML, like Gecko) Chrome/147.0.0.0 Safari/537.36"
49.207.225.57 - - [16/Apr/2026:19:54:34 +0300] "GET /css2/typography.css HTTP/1.1" 200 887 "https://www.madtomlab.com/" "Mozilla/5.0 (Windows NT 10.0; Win64; x64) AppleWebKit/537.36 (KHTML, like Gecko) Chrome/147.0.0.0 Safari/537.36"
49.207.225.57 - - [16/Apr/2026:19:54:34 +0300] "GET /css/owl.carousel.css HTTP/1.1" 200 1642 "https://www.madtomlab.com/" "Mozilla/5.0 (Windows NT 10.0; Win64; x64) AppleWebKit/537.36 (KHTML, like Gecko) Chrome/147.0.0.0 Safari/537.36"
49.207.225.57 - - [16/Apr/2026:19:54:34 +0300] "GET /css2/resources-block.css HTTP/1.1" 200 2762 "https://www.madtomlab.com/" "Mozilla/5.0 (Windows NT 10.0; Win64; x64) AppleWebKit/537.36 (KHTML, like Gecko) Chrome/147.0.0.0 Safari/537.36"
49.207.225.57 - - [16/Apr/2026:19:54:34 +0300] "GET /css2/utilities.css HTTP/1.1" 200 803 "https://www.madtomlab.com/" "Mozilla/5.0 (Windows NT 10.0; Win64; x64) AppleWebKit/537.36 (KHTML, like Gecko) Chrome/147.0.0.0 Safari/537.36"
49.207.225.57 - - [16/Apr/2026:19:54:34 +0300] "GET /megamenu/easy-responsive-tabs.css HTTP/1.1" 200 707 "https://www.madtomlab.com/" "Mozilla/5.0 (Windows NT 10.0; Win64; x64) AppleWebKit/537.36 (KHTML, like Gecko) Chrome/147.0.0.0 Safari/537.36"
49.207.225.57 - - [16/Apr/2026:19:54:34 +0300] "GET /megamenu/styles.css HTTP/1.1" 200 4979 "https://www.madtomlab.com/" "Mozilla/5.0 (Windows NT 10.0; Win64; x64) AppleWebKit/537.36 (KHTML, like Gecko) Chrome/147.0.0.0 Safari/537.36"
49.207.225.57 - - [16/Apr/2026:19:54:34 +0300] "GET /images/logo.png HTTP/1.1" 200 15088 "https://www.madtomlab.com/" "Mozilla/5.0 (Windows NT 10.0; Win64; x64) AppleWebKit/537.36 (KHTML, like Gecko) Chrome/147.0.0.0 Safari/537.36"
49.207.225.57 - - [16/Apr/2026:19:54:34 +0300] "GET /css/responsive.css HTTP/1.1" 200 7823 "https://www.madtomlab.com/" "Mozilla/5.0 (Windows NT 10.0; Win64; x64) AppleWebKit/537.36 (KHTML, like Gecko) Chrome/147.0.0.0 Safari/537.36"
49.207.225.57 - - [16/Apr/2026:19:54:34 +0300] "GET /css/custom.css HTTP/1.1" 200 20818 "https://www.madtomlab.com/" "Mozilla/5.0 (Windows NT 10.0; Win64; x64) AppleWebKit/537.36 (KHTML, like Gecko) Chrome/147.0.0.0 Safari/537.36"
49.207.225.57 - - [16/Apr/2026:19:54:34 +0300] "GET /images/ai-icon.png HTTP/1.1" 200 3528 "https://www.madtomlab.com/" "Mozilla/5.0 (Windows NT 10.0; Win64; x64) AppleWebKit/537.36 (KHTML, like Gecko) Chrome/147.0.0.0 Safari/537.36"
49.207.225.57 - - [16/Apr/2026:19:54:34 +0300] "GET /images/cloud-icon.png HTTP/1.1" 200 2203 "https://www.madtomlab.com/" "Mozilla/5.0 (Windows NT 10.0; Win64; x64) AppleWebKit/537.36 (KHTML, like Gecko) Chrome/147.0.0.0 Safari/537.36"
49.207.225.57 - - [16/Apr/2026:19:54:35 +0300] "GET /images/iot-icon.png HTTP/1.1" 200 2000 "https://www.madtomlab.com/" "Mozilla/5.0 (Windows NT 10.0; Win64; x64) AppleWebKit/537.36 (KHTML, like Gecko) Chrome/147.0.0.0 Safari/537.36"
